{"id":2453,"date":"2024-07-07T22:05:19","date_gmt":"2024-07-07T20:05:19","guid":{"rendered":"https:\/\/lemelville.fr\/?post_type=tribe_events&#038;p=2453"},"modified":"2024-09-02T18:04:05","modified_gmt":"2024-09-02T16:04:05","slug":"inner-space-trio-hommage-bill-evans","status":"publish","type":"tribe_events","link":"https:\/\/lemelville.fr\/accueil\/evenements\/inner-space-trio-hommage-bill-evans\/","title":{"rendered":"Inner Space Trio Hommage Bill Evans"},"content":{"rendered":"<p>L&#8217;Inner Space Trio revient au Melville pour la plus grande joie de l&#8217;auditoire. Une merveilleuse promenade dans les grands standards !<\/p>\n<p>Cl\u00e9ment Thirion, Fady Farah et Patrick Chenais nous offrent une ballade entre les m\u00e9lodies de Bill Evans, du Duke et des plus grands. Comment mieux d\u00e9buter la semaine qu&#8217;avec ce trio en se plongeant dans les grands standards interpr\u00e9t\u00e9s avec \u00e9l\u00e9gance et sensibilit\u00e9 ?<\/p>\n<p>&nbsp;<\/p>\n<p><span data-contrast=\"none\">Fady Farah : piano, arrangements<\/span><span data-ccp-props=\"{&quot;134233117&quot;:false,&quot;134233118&quot;:false,&quot;201341983&quot;:0,&quot;335559738&quot;:0,&quot;335559739&quot;:0,&quot;335559740&quot;:259}\">\u00a0<\/span><\/p>\n<p><span data-contrast=\"none\">Cl\u00e9ment Thirion : contrebasse<\/span><span data-ccp-props=\"{&quot;134233117&quot;:false,&quot;134233118&quot;:false,&quot;201341983&quot;:0,&quot;335559738&quot;:0,&quot;335559739&quot;:0,&quot;335559740&quot;:259}\">\u00a0<\/span><\/p>\n<p><span data-contrast=\"none\">Patrick Chenais : batterie<\/span><span data-ccp-props=\"{&quot;134233117&quot;:false,&quot;134233118&quot;:false,&quot;201341983&quot;:0,&quot;335559738&quot;:0,&quot;335559739&quot;:0,&quot;335559740&quot;:259}\">\u00a0<\/span><\/p>\n","protected":false},"excerpt":{"rendered":"<p>L&#8217;Inner Space Trio revient au Melville pour la plus grande joie de l&#8217;auditoire. Une merveilleuse promenade dans les grands standards ! Cl\u00e9ment Thirion, Fady Farah et Patrick Chenais nous offrent&hellip; <a class=\"more-link\" href=\"https:\/\/lemelville.fr\/accueil\/evenements\/inner-space-trio-hommage-bill-evans\/\">Poursuivre la lecture <span class=\"screen-reader-text\">Inner Space Trio Hommage Bill Evans<\/span><\/a><\/p>\n","protected":false},"author":1,"featured_media":2454,"template":"","meta":{"_tribe_events_status":"","_tribe_events_status_reason":"","_tribe_events_is_hybrid":"","_tribe_events_is_virtual":"","_tribe_events_virtual_video_source":"","_tribe_events_virtual_embed_video":"","_tribe_events_virtual_linked_button_text":"","_tribe_events_virtual_linked_button":"","_tribe_events_virtual_show_embed_at":"","_tribe_events_virtual_show_embed_to":[],"_tribe_events_virtual_show_on_event":"","_tribe_events_virtual_show_on_views":"","_tribe_events_virtual_url":"","footnotes":""},"tags":[21],"tribe_events_cat":[88],"class_list":["post-2453","tribe_events","type-tribe_events","status-publish","has-post-thumbnail","hentry","tag-jazz-standard","tribe_events_cat-jazz-standard","cat_jazz-standard","entry"],"yoast_head":"<!-- This site is optimized with the Yoast SEO Premium plugin v24.3 (Yoast SEO v27.1.1) - https:\/\/yoast.com\/product\/yoast-seo-premium-wordpress\/ -->\n<title>Inner Space Trio Hommage Bill Evans - Le Melville<\/title>\n<meta name=\"robots\" content=\"index, follow, max-snippet:-1, max-image-preview:large, max-video-preview:-1\" \/>\n<link rel=\"canonical\" href=\"https:\/\/lemelville.fr\/accueil\/evenements\/inner-space-trio-hommage-bill-evans\/\" \/>\n<meta property=\"og:locale\" content=\"fr_FR\" \/>\n<meta property=\"og:type\" content=\"article\" \/>\n<meta property=\"og:title\" content=\"Inner Space Trio Hommage Bill Evans\" \/>\n<meta property=\"og:description\" content=\"L&#8217;Inner Space Trio revient au Melville pour la plus grande joie de l&#8217;auditoire. Une merveilleuse promenade dans les grands standards ! Cl\u00e9ment Thirion, Fady Farah et Patrick Chenais nous offrent&hellip; Poursuivre la lecture Inner Space Trio Hommage Bill Evans\" \/>\n<meta property=\"og:url\" content=\"https:\/\/lemelville.fr\/accueil\/evenements\/inner-space-trio-hommage-bill-evans\/\" \/>\n<meta property=\"og:site_name\" content=\"Le Melville\" \/>\n<meta property=\"article:publisher\" content=\"https:\/\/www.facebook.com\/people\/Le-Melville\/100085390055277\/\" \/>\n<meta property=\"article:modified_time\" content=\"2024-09-02T16:04:05+00:00\" \/>\n<meta property=\"og:image\" content=\"https:\/\/lemelville.fr\/wp-content\/uploads\/2024\/07\/Inner-Space-Trio-Affiche-NF.png\" \/>\n\t<meta property=\"og:image:width\" content=\"1280\" \/>\n\t<meta property=\"og:image:height\" content=\"800\" \/>\n\t<meta property=\"og:image:type\" content=\"image\/png\" \/>\n<meta name=\"twitter:card\" content=\"summary_large_image\" \/>\n<script type=\"application\/ld+json\" class=\"yoast-schema-graph\">{\"@context\":\"https:\/\/schema.org\",\"@graph\":[{\"@type\":\"WebPage\",\"@id\":\"https:\/\/lemelville.fr\/accueil\/evenements\/inner-space-trio-hommage-bill-evans\/\",\"url\":\"https:\/\/lemelville.fr\/accueil\/evenements\/inner-space-trio-hommage-bill-evans\/\",\"name\":\"Inner Space Trio Hommage Bill Evans - Le Melville\",\"isPartOf\":{\"@id\":\"https:\/\/lemelville.fr\/accueil\/#website\"},\"primaryImageOfPage\":{\"@id\":\"https:\/\/lemelville.fr\/accueil\/evenements\/inner-space-trio-hommage-bill-evans\/#primaryimage\"},\"image\":{\"@id\":\"https:\/\/lemelville.fr\/accueil\/evenements\/inner-space-trio-hommage-bill-evans\/#primaryimage\"},\"thumbnailUrl\":\"https:\/\/lemelville.fr\/wp-content\/uploads\/2024\/07\/Inner-Space-Trio-Affiche-NF.png\",\"datePublished\":\"2024-07-07T20:05:19+00:00\",\"dateModified\":\"2024-09-02T16:04:05+00:00\",\"breadcrumb\":{\"@id\":\"https:\/\/lemelville.fr\/accueil\/evenements\/inner-space-trio-hommage-bill-evans\/#breadcrumb\"},\"inLanguage\":\"fr-FR\",\"potentialAction\":[{\"@type\":\"ReadAction\",\"target\":[\"https:\/\/lemelville.fr\/accueil\/evenements\/inner-space-trio-hommage-bill-evans\/\"]}]},{\"@type\":\"ImageObject\",\"inLanguage\":\"fr-FR\",\"@id\":\"https:\/\/lemelville.fr\/accueil\/evenements\/inner-space-trio-hommage-bill-evans\/#primaryimage\",\"url\":\"https:\/\/lemelville.fr\/wp-content\/uploads\/2024\/07\/Inner-Space-Trio-Affiche-NF.png\",\"contentUrl\":\"https:\/\/lemelville.fr\/wp-content\/uploads\/2024\/07\/Inner-Space-Trio-Affiche-NF.png\",\"width\":1280,\"height\":800},{\"@type\":\"BreadcrumbList\",\"@id\":\"https:\/\/lemelville.fr\/accueil\/evenements\/inner-space-trio-hommage-bill-evans\/#breadcrumb\",\"itemListElement\":[{\"@type\":\"ListItem\",\"position\":1,\"name\":\"Accueil\",\"item\":\"https:\/\/lemelville.fr\/accueil\/\"},{\"@type\":\"ListItem\",\"position\":2,\"name\":\"\u00c9v\u00e8nements\",\"item\":\"https:\/\/lemelville.fr\/accueil\/evenements\/\"},{\"@type\":\"ListItem\",\"position\":3,\"name\":\"Inner Space Trio Hommage Bill Evans\"}]},{\"@type\":\"WebSite\",\"@id\":\"https:\/\/lemelville.fr\/accueil\/#website\",\"url\":\"https:\/\/lemelville.fr\/accueil\/\",\"name\":\"Le Melville\",\"description\":\"Le Melville c\u2019est l\u2019\u00e9clectisme dans les verres, les assiettes et dans les oreilles. Du Jazz, de la world Music, souvent en live, une carte \u00e9l\u00e9gante de mets \u00e0 picorer et des cocktails sur mesure, le tout dans un \u00e9crin de bois et de velours.\",\"publisher\":{\"@id\":\"https:\/\/lemelville.fr\/accueil\/#organization\"},\"potentialAction\":[{\"@type\":\"SearchAction\",\"target\":{\"@type\":\"EntryPoint\",\"urlTemplate\":\"https:\/\/lemelville.fr\/accueil\/?s={search_term_string}\"},\"query-input\":{\"@type\":\"PropertyValueSpecification\",\"valueRequired\":true,\"valueName\":\"search_term_string\"}}],\"inLanguage\":\"fr-FR\"},{\"@type\":\"Organization\",\"@id\":\"https:\/\/lemelville.fr\/accueil\/#organization\",\"name\":\"Le Melville\",\"url\":\"https:\/\/lemelville.fr\/accueil\/\",\"logo\":{\"@type\":\"ImageObject\",\"inLanguage\":\"fr-FR\",\"@id\":\"https:\/\/lemelville.fr\/accueil\/#\/schema\/logo\/image\/\",\"url\":\"https:\/\/lemelville.fr\/wp-content\/uploads\/2023\/09\/Logo-transparent-1-e1720022580951.png\",\"contentUrl\":\"https:\/\/lemelville.fr\/wp-content\/uploads\/2023\/09\/Logo-transparent-1-e1720022580951.png\",\"width\":2000,\"height\":656,\"caption\":\"Le Melville\"},\"image\":{\"@id\":\"https:\/\/lemelville.fr\/accueil\/#\/schema\/logo\/image\/\"},\"sameAs\":[\"https:\/\/www.facebook.com\/people\/Le-Melville\/100085390055277\/\",\"https:\/\/www.instagram.com\/lemelville_paris\/\"]}]}<\/script>\n<!-- \/ Yoast SEO Premium plugin. -->","yoast_head_json":{"title":"Inner Space Trio Hommage Bill Evans - Le Melville","robots":{"index":"index","follow":"follow","max-snippet":"max-snippet:-1","max-image-preview":"max-image-preview:large","max-video-preview":"max-video-preview:-1"},"canonical":"https:\/\/lemelville.fr\/accueil\/evenements\/inner-space-trio-hommage-bill-evans\/","og_locale":"fr_FR","og_type":"article","og_title":"Inner Space Trio Hommage Bill Evans","og_description":"L&#8217;Inner Space Trio revient au Melville pour la plus grande joie de l&#8217;auditoire. Une merveilleuse promenade dans les grands standards ! Cl\u00e9ment Thirion, Fady Farah et Patrick Chenais nous offrent&hellip; Poursuivre la lecture Inner Space Trio Hommage Bill Evans","og_url":"https:\/\/lemelville.fr\/accueil\/evenements\/inner-space-trio-hommage-bill-evans\/","og_site_name":"Le Melville","article_publisher":"https:\/\/www.facebook.com\/people\/Le-Melville\/100085390055277\/","article_modified_time":"2024-09-02T16:04:05+00:00","og_image":[{"width":1280,"height":800,"url":"https:\/\/lemelville.fr\/wp-content\/uploads\/2024\/07\/Inner-Space-Trio-Affiche-NF.png","type":"image\/png"}],"twitter_card":"summary_large_image","schema":{"@context":"https:\/\/schema.org","@graph":[{"@type":"WebPage","@id":"https:\/\/lemelville.fr\/accueil\/evenements\/inner-space-trio-hommage-bill-evans\/","url":"https:\/\/lemelville.fr\/accueil\/evenements\/inner-space-trio-hommage-bill-evans\/","name":"Inner Space Trio Hommage Bill Evans - Le Melville","isPartOf":{"@id":"https:\/\/lemelville.fr\/accueil\/#website"},"primaryImageOfPage":{"@id":"https:\/\/lemelville.fr\/accueil\/evenements\/inner-space-trio-hommage-bill-evans\/#primaryimage"},"image":{"@id":"https:\/\/lemelville.fr\/accueil\/evenements\/inner-space-trio-hommage-bill-evans\/#primaryimage"},"thumbnailUrl":"https:\/\/lemelville.fr\/wp-content\/uploads\/2024\/07\/Inner-Space-Trio-Affiche-NF.png","datePublished":"2024-07-07T20:05:19+00:00","dateModified":"2024-09-02T16:04:05+00:00","breadcrumb":{"@id":"https:\/\/lemelville.fr\/accueil\/evenements\/inner-space-trio-hommage-bill-evans\/#breadcrumb"},"inLanguage":"fr-FR","potentialAction":[{"@type":"ReadAction","target":["https:\/\/lemelville.fr\/accueil\/evenements\/inner-space-trio-hommage-bill-evans\/"]}]},{"@type":"ImageObject","inLanguage":"fr-FR","@id":"https:\/\/lemelville.fr\/accueil\/evenements\/inner-space-trio-hommage-bill-evans\/#primaryimage","url":"https:\/\/lemelville.fr\/wp-content\/uploads\/2024\/07\/Inner-Space-Trio-Affiche-NF.png","contentUrl":"https:\/\/lemelville.fr\/wp-content\/uploads\/2024\/07\/Inner-Space-Trio-Affiche-NF.png","width":1280,"height":800},{"@type":"BreadcrumbList","@id":"https:\/\/lemelville.fr\/accueil\/evenements\/inner-space-trio-hommage-bill-evans\/#breadcrumb","itemListElement":[{"@type":"ListItem","position":1,"name":"Accueil","item":"https:\/\/lemelville.fr\/accueil\/"},{"@type":"ListItem","position":2,"name":"\u00c9v\u00e8nements","item":"https:\/\/lemelville.fr\/accueil\/evenements\/"},{"@type":"ListItem","position":3,"name":"Inner Space Trio Hommage Bill Evans"}]},{"@type":"WebSite","@id":"https:\/\/lemelville.fr\/accueil\/#website","url":"https:\/\/lemelville.fr\/accueil\/","name":"Le Melville","description":"Le Melville c\u2019est l\u2019\u00e9clectisme dans les verres, les assiettes et dans les oreilles. Du Jazz, de la world Music, souvent en live, une carte \u00e9l\u00e9gante de mets \u00e0 picorer et des cocktails sur mesure, le tout dans un \u00e9crin de bois et de velours.","publisher":{"@id":"https:\/\/lemelville.fr\/accueil\/#organization"},"potentialAction":[{"@type":"SearchAction","target":{"@type":"EntryPoint","urlTemplate":"https:\/\/lemelville.fr\/accueil\/?s={search_term_string}"},"query-input":{"@type":"PropertyValueSpecification","valueRequired":true,"valueName":"search_term_string"}}],"inLanguage":"fr-FR"},{"@type":"Organization","@id":"https:\/\/lemelville.fr\/accueil\/#organization","name":"Le Melville","url":"https:\/\/lemelville.fr\/accueil\/","logo":{"@type":"ImageObject","inLanguage":"fr-FR","@id":"https:\/\/lemelville.fr\/accueil\/#\/schema\/logo\/image\/","url":"https:\/\/lemelville.fr\/wp-content\/uploads\/2023\/09\/Logo-transparent-1-e1720022580951.png","contentUrl":"https:\/\/lemelville.fr\/wp-content\/uploads\/2023\/09\/Logo-transparent-1-e1720022580951.png","width":2000,"height":656,"caption":"Le Melville"},"image":{"@id":"https:\/\/lemelville.fr\/accueil\/#\/schema\/logo\/image\/"},"sameAs":["https:\/\/www.facebook.com\/people\/Le-Melville\/100085390055277\/","https:\/\/www.instagram.com\/lemelville_paris\/"]}]}},"_links":{"self":[{"href":"https:\/\/lemelville.fr\/accueil\/wp-json\/wp\/v2\/tribe_events\/2453","targetHints":{"allow":["GET"]}}],"collection":[{"href":"https:\/\/lemelville.fr\/accueil\/wp-json\/wp\/v2\/tribe_events"}],"about":[{"href":"https:\/\/lemelville.fr\/accueil\/wp-json\/wp\/v2\/types\/tribe_events"}],"author":[{"embeddable":true,"href":"https:\/\/lemelville.fr\/accueil\/wp-json\/wp\/v2\/users\/1"}],"version-history":[{"count":4,"href":"https:\/\/lemelville.fr\/accueil\/wp-json\/wp\/v2\/tribe_events\/2453\/revisions"}],"predecessor-version":[{"id":3194,"href":"https:\/\/lemelville.fr\/accueil\/wp-json\/wp\/v2\/tribe_events\/2453\/revisions\/3194"}],"wp:featuredmedia":[{"embeddable":true,"href":"https:\/\/lemelville.fr\/accueil\/wp-json\/wp\/v2\/media\/2454"}],"wp:attachment":[{"href":"https:\/\/lemelville.fr\/accueil\/wp-json\/wp\/v2\/media?parent=2453"}],"wp:term":[{"taxonomy":"post_tag","embeddable":true,"href":"https:\/\/lemelville.fr\/accueil\/wp-json\/wp\/v2\/tags?post=2453"},{"taxonomy":"tribe_events_cat","embeddable":true,"href":"https:\/\/lemelville.fr\/accueil\/wp-json\/wp\/v2\/tribe_events_cat?post=2453"}],"curies":[{"name":"wp","href":"https:\/\/api.w.org\/{rel}","templated":true}]}}

<p>L&#8217;Inner Space Trio revient au Melville pour la plus grande joie de l&#8217;auditoire. Une merveilleuse promenade dans les grands standards !</p>
<p>Clément Thirion, Fady Farah et Patrick Chenais nous offrent une ballade entre les mélodies de Bill Evans, du Duke et des plus grands. Comment mieux débuter la semaine qu&#8217;avec ce trio en se plongeant dans les grands standards interprétés avec élégance et sensibilité ?</p>
<p>&nbsp;</p>
<p><span data-contrast="none">Fady Farah : piano, arrangements</span><span data-ccp-props="{&quot;134233117&quot;:false,&quot;134233118&quot;:false,&quot;201341983&quot;:0,&quot;335559738&quot;:0,&quot;335559739&quot;:0,&quot;335559740&quot;:259}"> </span></p>
<p><span data-contrast="none">Clément Thirion : contrebasse</span><span data-ccp-props="{&quot;134233117&quot;:false,&quot;134233118&quot;:false,&quot;201341983&quot;:0,&quot;335559738&quot;:0,&quot;335559739&quot;:0,&quot;335559740&quot;:259}"> </span></p>
<p><span data-contrast="none">Patrick Chenais : batterie</span><span data-ccp-props="{&quot;134233117&quot;:false,&quot;134233118&quot;:false,&quot;201341983&quot;:0,&quot;335559738&quot;:0,&quot;335559739&quot;:0,&quot;335559740&quot;:259}"> </span></p>

<p>L&#8217;Inner Space Trio revient au Melville pour la plus grande joie de l&#8217;auditoire. Une merveilleuse promenade dans les grands standards ! Clément Thirion, Fady Farah et Patrick Chenais nous offrent&hellip; <a class="more-link" href="https://lemelville.fr/accueil/evenements/inner-space-trio-hommage-bill-evans/">Poursuivre la lecture <span class="screen-reader-text">Inner Space Trio Hommage Bill Evans</span></a></p>

<!-- This site is optimized with the Yoast SEO Premium plugin v24.3 (Yoast SEO v27.1.1) - https://yoast.com/product/yoast-seo-premium-wordpress/ -->
<title>Inner Space Trio Hommage Bill Evans - Le Melville</title>
<meta name="robots" content="index, follow, max-snippet:-1, max-image-preview:large, max-video-preview:-1" />
<link rel="canonical" href="https://lemelville.fr/accueil/evenements/inner-space-trio-hommage-bill-evans/" />
<meta property="og:locale" content="fr_FR" />
<meta property="og:type" content="article" />
<meta property="og:title" content="Inner Space Trio Hommage Bill Evans" />
<meta property="og:description" content="L&#8217;Inner Space Trio revient au Melville pour la plus grande joie de l&#8217;auditoire. Une merveilleuse promenade dans les grands standards ! Clément Thirion, Fady Farah et Patrick Chenais nous offrent&hellip; Poursuivre la lecture Inner Space Trio Hommage Bill Evans" />
<meta property="og:url" content="https://lemelville.fr/accueil/evenements/inner-space-trio-hommage-bill-evans/" />
<meta property="og:site_name" content="Le Melville" />
<meta property="article:publisher" content="https://www.facebook.com/people/Le-Melville/100085390055277/" />
<meta property="article:modified_time" content="2024-09-02T16:04:05+00:00" />
<meta property="og:image" content="https://lemelville.fr/wp-content/uploads/2024/07/Inner-Space-Trio-Affiche-NF.png" />
	<meta property="og:image:width" content="1280" />
	<meta property="og:image:height" content="800" />
	<meta property="og:image:type" content="image/png" />
<meta name="twitter:card" content="summary_large_image" />
<script type="application/ld+json" class="yoast-schema-graph">{"@context":"https://schema.org","@graph":[{"@type":"WebPage","@id":"https://lemelville.fr/accueil/evenements/inner-space-trio-hommage-bill-evans/","url":"https://lemelville.fr/accueil/evenements/inner-space-trio-hommage-bill-evans/","name":"Inner Space Trio Hommage Bill Evans - Le Melville","isPartOf":{"@id":"https://lemelville.fr/accueil/#website"},"primaryImageOfPage":{"@id":"https://lemelville.fr/accueil/evenements/inner-space-trio-hommage-bill-evans/#primaryimage"},"image":{"@id":"https://lemelville.fr/accueil/evenements/inner-space-trio-hommage-bill-evans/#primaryimage"},"thumbnailUrl":"https://lemelville.fr/wp-content/uploads/2024/07/Inner-Space-Trio-Affiche-NF.png","datePublished":"2024-07-07T20:05:19+00:00","dateModified":"2024-09-02T16:04:05+00:00","breadcrumb":{"@id":"https://lemelville.fr/accueil/evenements/inner-space-trio-hommage-bill-evans/#breadcrumb"},"inLanguage":"fr-FR","potentialAction":[{"@type":"ReadAction","target":["https://lemelville.fr/accueil/evenements/inner-space-trio-hommage-bill-evans/"]}]},{"@type":"ImageObject","inLanguage":"fr-FR","@id":"https://lemelville.fr/accueil/evenements/inner-space-trio-hommage-bill-evans/#primaryimage","url":"https://lemelville.fr/wp-content/uploads/2024/07/Inner-Space-Trio-Affiche-NF.png","contentUrl":"https://lemelville.fr/wp-content/uploads/2024/07/Inner-Space-Trio-Affiche-NF.png","width":1280,"height":800},{"@type":"BreadcrumbList","@id":"https://lemelville.fr/accueil/evenements/inner-space-trio-hommage-bill-evans/#breadcrumb","itemListElement":[{"@type":"ListItem","position":1,"name":"Accueil","item":"https://lemelville.fr/accueil/"},{"@type":"ListItem","position":2,"name":"Évènements","item":"https://lemelville.fr/accueil/evenements/"},{"@type":"ListItem","position":3,"name":"Inner Space Trio Hommage Bill Evans"}]},{"@type":"WebSite","@id":"https://lemelville.fr/accueil/#website","url":"https://lemelville.fr/accueil/","name":"Le Melville","description":"Le Melville c’est l’éclectisme dans les verres, les assiettes et dans les oreilles. Du Jazz, de la world Music, souvent en live, une carte élégante de mets à picorer et des cocktails sur mesure, le tout dans un écrin de bois et de velours.","publisher":{"@id":"https://lemelville.fr/accueil/#organization"},"potentialAction":[{"@type":"SearchAction","target":{"@type":"EntryPoint","urlTemplate":"https://lemelville.fr/accueil/?s={search_term_string}"},"query-input":{"@type":"PropertyValueSpecification","valueRequired":true,"valueName":"search_term_string"}}],"inLanguage":"fr-FR"},{"@type":"Organization","@id":"https://lemelville.fr/accueil/#organization","name":"Le Melville","url":"https://lemelville.fr/accueil/","logo":{"@type":"ImageObject","inLanguage":"fr-FR","@id":"https://lemelville.fr/accueil/#/schema/logo/image/","url":"https://lemelville.fr/wp-content/uploads/2023/09/Logo-transparent-1-e1720022580951.png","contentUrl":"https://lemelville.fr/wp-content/uploads/2023/09/Logo-transparent-1-e1720022580951.png","width":2000,"height":656,"caption":"Le Melville"},"image":{"@id":"https://lemelville.fr/accueil/#/schema/logo/image/"},"sameAs":["https://www.facebook.com/people/Le-Melville/100085390055277/","https://www.instagram.com/lemelville_paris/"]}]}</script>
<!-- / Yoast SEO Premium plugin. -->

L&#8217;Inner Space Trio revient au Melville pour la plus grande joie de l&#8217;auditoire. Une merveilleuse promenade dans les grands standards ! Clément Thirion, Fady Farah et Patrick Chenais nous offrent&hellip; Poursuivre la lecture Inner Space Trio Hommage Bill Evans

Évènements

Le Melville c’est l’éclectisme dans les verres, les assiettes et dans les oreilles. Du Jazz, de la world Music, souvent en live, une carte élégante de mets à picorer et des cocktails sur mesure, le tout dans un écrin de bois et de velours.
