{"id":3085,"date":"2024-07-24T10:46:00","date_gmt":"2024-07-24T08:46:00","guid":{"rendered":"https:\/\/lemelville.fr\/?post_type=tribe_events&#038;p=3085"},"modified":"2024-10-27T17:56:40","modified_gmt":"2024-10-27T16:56:40","slug":"germain-cornet-quintet-3","status":"publish","type":"tribe_events","link":"https:\/\/lemelville.fr\/accueil\/evenements\/germain-cornet-quintet-3\/","title":{"rendered":"Joan Minor Quartet"},"content":{"rendered":"<p><span data-contrast=\"auto\">Influenc\u00e9e par de grandes voix am\u00e9ricaines comme Dinah Washington, Nancy Wilson, Sarah Vaughan, Carmen McRae, Jimmy Scott, Joan Minor est accompagn\u00e9e de trois musiciens fran\u00e7ais, dans une r\u00e9elle osmose \u00e0 l&#8217;issue de plus de dix ans de concerts et de voyages.\u00a0<\/span><span data-ccp-props=\"{}\">\u00a0<\/span><\/p>\n<p><span data-contrast=\"auto\">Le quartet interpr\u00e8te un r\u00e9pertoire o\u00f9 la soul, le blues, le jazz se rejoignent et se compl\u00e8tent dans la plus grande g\u00e9n\u00e9rosit\u00e9, la plus grande ferveur.<\/span><span data-ccp-props=\"{}\">\u00a0<\/span><\/p>\n<p><span data-contrast=\"auto\">\u2026 A ne pas louper au Melville\u202f!<\/span><span data-ccp-props=\"{}\">\u00a0<\/span><\/p>\n<p>&nbsp;<\/p>\n<div>\n<p class=\"p1\">Joan Minor : chant<\/p>\n<p class=\"p1\">Christian Duperray : contrebasse,<\/p>\n<p class=\"p1\">\u00c9tienne Brachet : batterie<\/p>\n<p class=\"p1\">Michael Dravigny : Piano<\/p>\n<\/div>\n","protected":false},"excerpt":{"rendered":"<p>Influenc\u00e9e par de grandes voix am\u00e9ricaines comme Dinah Washington, Nancy Wilson, Sarah Vaughan, Carmen McRae, Jimmy Scott, Joan Minor est accompagn\u00e9e de trois musiciens fran\u00e7ais, dans une r\u00e9elle osmose \u00e0&hellip; <a class=\"more-link\" href=\"https:\/\/lemelville.fr\/accueil\/evenements\/germain-cornet-quintet-3\/\">Poursuivre la lecture <span class=\"screen-reader-text\">Joan Minor Quartet<\/span><\/a><\/p>\n","protected":false},"author":1,"featured_media":3327,"template":"","meta":{"_tribe_events_status":"","_tribe_events_status_reason":"","_tribe_events_is_hybrid":"","_tribe_events_is_virtual":"","_tribe_events_virtual_video_source":"","_tribe_events_virtual_embed_video":"","_tribe_events_virtual_linked_button_text":"","_tribe_events_virtual_linked_button":"","_tribe_events_virtual_show_embed_at":"","_tribe_events_virtual_show_embed_to":[],"_tribe_events_virtual_show_on_event":"","_tribe_events_virtual_show_on_views":"","_tribe_events_virtual_url":"","footnotes":""},"tags":[],"tribe_events_cat":[88,89],"class_list":["post-3085","tribe_events","type-tribe_events","status-publish","has-post-thumbnail","hentry","tribe_events_cat-jazz-standard","tribe_events_cat-vocal-standard-jazz","cat_jazz-standard","cat_vocal-standard-jazz","entry"],"yoast_head":"<!-- This site is optimized with the Yoast SEO Premium plugin v24.3 (Yoast SEO v27.1.1) - https:\/\/yoast.com\/product\/yoast-seo-premium-wordpress\/ -->\n<title>Joan Minor Quartet - Le Melville<\/title>\n<meta name=\"robots\" content=\"index, follow, max-snippet:-1, max-image-preview:large, max-video-preview:-1\" \/>\n<link rel=\"canonical\" href=\"https:\/\/lemelville.fr\/accueil\/evenements\/germain-cornet-quintet-3\/\" \/>\n<meta property=\"og:locale\" content=\"fr_FR\" \/>\n<meta property=\"og:type\" content=\"article\" \/>\n<meta property=\"og:title\" content=\"Joan Minor Quartet\" \/>\n<meta property=\"og:description\" content=\"Influenc\u00e9e par de grandes voix am\u00e9ricaines comme Dinah Washington, Nancy Wilson, Sarah Vaughan, Carmen McRae, Jimmy Scott, Joan Minor est accompagn\u00e9e de trois musiciens fran\u00e7ais, dans une r\u00e9elle osmose \u00e0&hellip; Poursuivre la lecture Joan Minor Quartet\" \/>\n<meta property=\"og:url\" content=\"https:\/\/lemelville.fr\/accueil\/evenements\/germain-cornet-quintet-3\/\" \/>\n<meta property=\"og:site_name\" content=\"Le Melville\" \/>\n<meta property=\"article:publisher\" content=\"https:\/\/www.facebook.com\/people\/Le-Melville\/100085390055277\/\" \/>\n<meta property=\"article:modified_time\" content=\"2024-10-27T16:56:40+00:00\" \/>\n<meta property=\"og:image\" content=\"https:\/\/lemelville.fr\/wp-content\/uploads\/2024\/07\/Joan-Minor-Quartet-Affiche-241122.png\" \/>\n\t<meta property=\"og:image:width\" content=\"1280\" \/>\n\t<meta property=\"og:image:height\" content=\"800\" \/>\n\t<meta property=\"og:image:type\" content=\"image\/png\" \/>\n<meta name=\"twitter:card\" content=\"summary_large_image\" \/>\n<meta name=\"twitter:label1\" content=\"Dur\u00e9e de lecture estim\u00e9e\" \/>\n\t<meta name=\"twitter:data1\" content=\"1 minute\" \/>\n<script type=\"application\/ld+json\" class=\"yoast-schema-graph\">{\"@context\":\"https:\/\/schema.org\",\"@graph\":[{\"@type\":\"WebPage\",\"@id\":\"https:\/\/lemelville.fr\/accueil\/evenements\/germain-cornet-quintet-3\/\",\"url\":\"https:\/\/lemelville.fr\/accueil\/evenements\/germain-cornet-quintet-3\/\",\"name\":\"Joan Minor Quartet - Le Melville\",\"isPartOf\":{\"@id\":\"https:\/\/lemelville.fr\/accueil\/#website\"},\"primaryImageOfPage\":{\"@id\":\"https:\/\/lemelville.fr\/accueil\/evenements\/germain-cornet-quintet-3\/#primaryimage\"},\"image\":{\"@id\":\"https:\/\/lemelville.fr\/accueil\/evenements\/germain-cornet-quintet-3\/#primaryimage\"},\"thumbnailUrl\":\"https:\/\/lemelville.fr\/wp-content\/uploads\/2024\/07\/Joan-Minor-Quartet-Affiche-241122.png\",\"datePublished\":\"2024-07-24T08:46:00+00:00\",\"dateModified\":\"2024-10-27T16:56:40+00:00\",\"breadcrumb\":{\"@id\":\"https:\/\/lemelville.fr\/accueil\/evenements\/germain-cornet-quintet-3\/#breadcrumb\"},\"inLanguage\":\"fr-FR\",\"potentialAction\":[{\"@type\":\"ReadAction\",\"target\":[\"https:\/\/lemelville.fr\/accueil\/evenements\/germain-cornet-quintet-3\/\"]}]},{\"@type\":\"ImageObject\",\"inLanguage\":\"fr-FR\",\"@id\":\"https:\/\/lemelville.fr\/accueil\/evenements\/germain-cornet-quintet-3\/#primaryimage\",\"url\":\"https:\/\/lemelville.fr\/wp-content\/uploads\/2024\/07\/Joan-Minor-Quartet-Affiche-241122.png\",\"contentUrl\":\"https:\/\/lemelville.fr\/wp-content\/uploads\/2024\/07\/Joan-Minor-Quartet-Affiche-241122.png\",\"width\":1280,\"height\":800},{\"@type\":\"BreadcrumbList\",\"@id\":\"https:\/\/lemelville.fr\/accueil\/evenements\/germain-cornet-quintet-3\/#breadcrumb\",\"itemListElement\":[{\"@type\":\"ListItem\",\"position\":1,\"name\":\"Accueil\",\"item\":\"https:\/\/lemelville.fr\/accueil\/\"},{\"@type\":\"ListItem\",\"position\":2,\"name\":\"\u00c9v\u00e8nements\",\"item\":\"https:\/\/lemelville.fr\/accueil\/evenements\/\"},{\"@type\":\"ListItem\",\"position\":3,\"name\":\"Joan Minor Quartet\"}]},{\"@type\":\"WebSite\",\"@id\":\"https:\/\/lemelville.fr\/accueil\/#website\",\"url\":\"https:\/\/lemelville.fr\/accueil\/\",\"name\":\"Le Melville\",\"description\":\"Le Melville c\u2019est l\u2019\u00e9clectisme dans les verres, les assiettes et dans les oreilles. Du Jazz, de la world Music, souvent en live, une carte \u00e9l\u00e9gante de mets \u00e0 picorer et des cocktails sur mesure, le tout dans un \u00e9crin de bois et de velours.\",\"publisher\":{\"@id\":\"https:\/\/lemelville.fr\/accueil\/#organization\"},\"potentialAction\":[{\"@type\":\"SearchAction\",\"target\":{\"@type\":\"EntryPoint\",\"urlTemplate\":\"https:\/\/lemelville.fr\/accueil\/?s={search_term_string}\"},\"query-input\":{\"@type\":\"PropertyValueSpecification\",\"valueRequired\":true,\"valueName\":\"search_term_string\"}}],\"inLanguage\":\"fr-FR\"},{\"@type\":\"Organization\",\"@id\":\"https:\/\/lemelville.fr\/accueil\/#organization\",\"name\":\"Le Melville\",\"url\":\"https:\/\/lemelville.fr\/accueil\/\",\"logo\":{\"@type\":\"ImageObject\",\"inLanguage\":\"fr-FR\",\"@id\":\"https:\/\/lemelville.fr\/accueil\/#\/schema\/logo\/image\/\",\"url\":\"https:\/\/lemelville.fr\/wp-content\/uploads\/2023\/09\/Logo-transparent-1-e1720022580951.png\",\"contentUrl\":\"https:\/\/lemelville.fr\/wp-content\/uploads\/2023\/09\/Logo-transparent-1-e1720022580951.png\",\"width\":2000,\"height\":656,\"caption\":\"Le Melville\"},\"image\":{\"@id\":\"https:\/\/lemelville.fr\/accueil\/#\/schema\/logo\/image\/\"},\"sameAs\":[\"https:\/\/www.facebook.com\/people\/Le-Melville\/100085390055277\/\",\"https:\/\/www.instagram.com\/lemelville_paris\/\"]}]}<\/script>\n<!-- \/ Yoast SEO Premium plugin. -->","yoast_head_json":{"title":"Joan Minor Quartet - Le Melville","robots":{"index":"index","follow":"follow","max-snippet":"max-snippet:-1","max-image-preview":"max-image-preview:large","max-video-preview":"max-video-preview:-1"},"canonical":"https:\/\/lemelville.fr\/accueil\/evenements\/germain-cornet-quintet-3\/","og_locale":"fr_FR","og_type":"article","og_title":"Joan Minor Quartet","og_description":"Influenc\u00e9e par de grandes voix am\u00e9ricaines comme Dinah Washington, Nancy Wilson, Sarah Vaughan, Carmen McRae, Jimmy Scott, Joan Minor est accompagn\u00e9e de trois musiciens fran\u00e7ais, dans une r\u00e9elle osmose \u00e0&hellip; Poursuivre la lecture Joan Minor Quartet","og_url":"https:\/\/lemelville.fr\/accueil\/evenements\/germain-cornet-quintet-3\/","og_site_name":"Le Melville","article_publisher":"https:\/\/www.facebook.com\/people\/Le-Melville\/100085390055277\/","article_modified_time":"2024-10-27T16:56:40+00:00","og_image":[{"width":1280,"height":800,"url":"https:\/\/lemelville.fr\/wp-content\/uploads\/2024\/07\/Joan-Minor-Quartet-Affiche-241122.png","type":"image\/png"}],"twitter_card":"summary_large_image","twitter_misc":{"Dur\u00e9e de lecture estim\u00e9e":"1 minute"},"schema":{"@context":"https:\/\/schema.org","@graph":[{"@type":"WebPage","@id":"https:\/\/lemelville.fr\/accueil\/evenements\/germain-cornet-quintet-3\/","url":"https:\/\/lemelville.fr\/accueil\/evenements\/germain-cornet-quintet-3\/","name":"Joan Minor Quartet - Le Melville","isPartOf":{"@id":"https:\/\/lemelville.fr\/accueil\/#website"},"primaryImageOfPage":{"@id":"https:\/\/lemelville.fr\/accueil\/evenements\/germain-cornet-quintet-3\/#primaryimage"},"image":{"@id":"https:\/\/lemelville.fr\/accueil\/evenements\/germain-cornet-quintet-3\/#primaryimage"},"thumbnailUrl":"https:\/\/lemelville.fr\/wp-content\/uploads\/2024\/07\/Joan-Minor-Quartet-Affiche-241122.png","datePublished":"2024-07-24T08:46:00+00:00","dateModified":"2024-10-27T16:56:40+00:00","breadcrumb":{"@id":"https:\/\/lemelville.fr\/accueil\/evenements\/germain-cornet-quintet-3\/#breadcrumb"},"inLanguage":"fr-FR","potentialAction":[{"@type":"ReadAction","target":["https:\/\/lemelville.fr\/accueil\/evenements\/germain-cornet-quintet-3\/"]}]},{"@type":"ImageObject","inLanguage":"fr-FR","@id":"https:\/\/lemelville.fr\/accueil\/evenements\/germain-cornet-quintet-3\/#primaryimage","url":"https:\/\/lemelville.fr\/wp-content\/uploads\/2024\/07\/Joan-Minor-Quartet-Affiche-241122.png","contentUrl":"https:\/\/lemelville.fr\/wp-content\/uploads\/2024\/07\/Joan-Minor-Quartet-Affiche-241122.png","width":1280,"height":800},{"@type":"BreadcrumbList","@id":"https:\/\/lemelville.fr\/accueil\/evenements\/germain-cornet-quintet-3\/#breadcrumb","itemListElement":[{"@type":"ListItem","position":1,"name":"Accueil","item":"https:\/\/lemelville.fr\/accueil\/"},{"@type":"ListItem","position":2,"name":"\u00c9v\u00e8nements","item":"https:\/\/lemelville.fr\/accueil\/evenements\/"},{"@type":"ListItem","position":3,"name":"Joan Minor Quartet"}]},{"@type":"WebSite","@id":"https:\/\/lemelville.fr\/accueil\/#website","url":"https:\/\/lemelville.fr\/accueil\/","name":"Le Melville","description":"Le Melville c\u2019est l\u2019\u00e9clectisme dans les verres, les assiettes et dans les oreilles. Du Jazz, de la world Music, souvent en live, une carte \u00e9l\u00e9gante de mets \u00e0 picorer et des cocktails sur mesure, le tout dans un \u00e9crin de bois et de velours.","publisher":{"@id":"https:\/\/lemelville.fr\/accueil\/#organization"},"potentialAction":[{"@type":"SearchAction","target":{"@type":"EntryPoint","urlTemplate":"https:\/\/lemelville.fr\/accueil\/?s={search_term_string}"},"query-input":{"@type":"PropertyValueSpecification","valueRequired":true,"valueName":"search_term_string"}}],"inLanguage":"fr-FR"},{"@type":"Organization","@id":"https:\/\/lemelville.fr\/accueil\/#organization","name":"Le Melville","url":"https:\/\/lemelville.fr\/accueil\/","logo":{"@type":"ImageObject","inLanguage":"fr-FR","@id":"https:\/\/lemelville.fr\/accueil\/#\/schema\/logo\/image\/","url":"https:\/\/lemelville.fr\/wp-content\/uploads\/2023\/09\/Logo-transparent-1-e1720022580951.png","contentUrl":"https:\/\/lemelville.fr\/wp-content\/uploads\/2023\/09\/Logo-transparent-1-e1720022580951.png","width":2000,"height":656,"caption":"Le Melville"},"image":{"@id":"https:\/\/lemelville.fr\/accueil\/#\/schema\/logo\/image\/"},"sameAs":["https:\/\/www.facebook.com\/people\/Le-Melville\/100085390055277\/","https:\/\/www.instagram.com\/lemelville_paris\/"]}]}},"_links":{"self":[{"href":"https:\/\/lemelville.fr\/accueil\/wp-json\/wp\/v2\/tribe_events\/3085","targetHints":{"allow":["GET"]}}],"collection":[{"href":"https:\/\/lemelville.fr\/accueil\/wp-json\/wp\/v2\/tribe_events"}],"about":[{"href":"https:\/\/lemelville.fr\/accueil\/wp-json\/wp\/v2\/types\/tribe_events"}],"author":[{"embeddable":true,"href":"https:\/\/lemelville.fr\/accueil\/wp-json\/wp\/v2\/users\/1"}],"version-history":[{"count":3,"href":"https:\/\/lemelville.fr\/accueil\/wp-json\/wp\/v2\/tribe_events\/3085\/revisions"}],"predecessor-version":[{"id":3328,"href":"https:\/\/lemelville.fr\/accueil\/wp-json\/wp\/v2\/tribe_events\/3085\/revisions\/3328"}],"wp:featuredmedia":[{"embeddable":true,"href":"https:\/\/lemelville.fr\/accueil\/wp-json\/wp\/v2\/media\/3327"}],"wp:attachment":[{"href":"https:\/\/lemelville.fr\/accueil\/wp-json\/wp\/v2\/media?parent=3085"}],"wp:term":[{"taxonomy":"post_tag","embeddable":true,"href":"https:\/\/lemelville.fr\/accueil\/wp-json\/wp\/v2\/tags?post=3085"},{"taxonomy":"tribe_events_cat","embeddable":true,"href":"https:\/\/lemelville.fr\/accueil\/wp-json\/wp\/v2\/tribe_events_cat?post=3085"}],"curies":[{"name":"wp","href":"https:\/\/api.w.org\/{rel}","templated":true}]}}

<p><span data-contrast="auto">Influencée par de grandes voix américaines comme Dinah Washington, Nancy Wilson, Sarah Vaughan, Carmen McRae, Jimmy Scott, Joan Minor est accompagnée de trois musiciens français, dans une réelle osmose à l&#8217;issue de plus de dix ans de concerts et de voyages. </span><span data-ccp-props="{}"> </span></p>
<p><span data-contrast="auto">Le quartet interprète un répertoire où la soul, le blues, le jazz se rejoignent et se complètent dans la plus grande générosité, la plus grande ferveur.</span><span data-ccp-props="{}"> </span></p>
<p><span data-contrast="auto">… A ne pas louper au Melville !</span><span data-ccp-props="{}"> </span></p>
<p>&nbsp;</p>
<div>
<p class="p1">Joan Minor : chant</p>
<p class="p1">Christian Duperray : contrebasse,</p>
<p class="p1">Étienne Brachet : batterie</p>
<p class="p1">Michael Dravigny : Piano</p>
</div>

<p>Influencée par de grandes voix américaines comme Dinah Washington, Nancy Wilson, Sarah Vaughan, Carmen McRae, Jimmy Scott, Joan Minor est accompagnée de trois musiciens français, dans une réelle osmose à&hellip; <a class="more-link" href="https://lemelville.fr/accueil/evenements/germain-cornet-quintet-3/">Poursuivre la lecture <span class="screen-reader-text">Joan Minor Quartet</span></a></p>

<!-- This site is optimized with the Yoast SEO Premium plugin v24.3 (Yoast SEO v27.1.1) - https://yoast.com/product/yoast-seo-premium-wordpress/ -->
<title>Joan Minor Quartet - Le Melville</title>
<meta name="robots" content="index, follow, max-snippet:-1, max-image-preview:large, max-video-preview:-1" />
<link rel="canonical" href="https://lemelville.fr/accueil/evenements/germain-cornet-quintet-3/" />
<meta property="og:locale" content="fr_FR" />
<meta property="og:type" content="article" />
<meta property="og:title" content="Joan Minor Quartet" />
<meta property="og:description" content="Influencée par de grandes voix américaines comme Dinah Washington, Nancy Wilson, Sarah Vaughan, Carmen McRae, Jimmy Scott, Joan Minor est accompagnée de trois musiciens français, dans une réelle osmose à&hellip; Poursuivre la lecture Joan Minor Quartet" />
<meta property="og:url" content="https://lemelville.fr/accueil/evenements/germain-cornet-quintet-3/" />
<meta property="og:site_name" content="Le Melville" />
<meta property="article:publisher" content="https://www.facebook.com/people/Le-Melville/100085390055277/" />
<meta property="article:modified_time" content="2024-10-27T16:56:40+00:00" />
<meta property="og:image" content="https://lemelville.fr/wp-content/uploads/2024/07/Joan-Minor-Quartet-Affiche-241122.png" />
	<meta property="og:image:width" content="1280" />
	<meta property="og:image:height" content="800" />
	<meta property="og:image:type" content="image/png" />
<meta name="twitter:card" content="summary_large_image" />
<meta name="twitter:label1" content="Durée de lecture estimée" />
	<meta name="twitter:data1" content="1 minute" />
<script type="application/ld+json" class="yoast-schema-graph">{"@context":"https://schema.org","@graph":[{"@type":"WebPage","@id":"https://lemelville.fr/accueil/evenements/germain-cornet-quintet-3/","url":"https://lemelville.fr/accueil/evenements/germain-cornet-quintet-3/","name":"Joan Minor Quartet - Le Melville","isPartOf":{"@id":"https://lemelville.fr/accueil/#website"},"primaryImageOfPage":{"@id":"https://lemelville.fr/accueil/evenements/germain-cornet-quintet-3/#primaryimage"},"image":{"@id":"https://lemelville.fr/accueil/evenements/germain-cornet-quintet-3/#primaryimage"},"thumbnailUrl":"https://lemelville.fr/wp-content/uploads/2024/07/Joan-Minor-Quartet-Affiche-241122.png","datePublished":"2024-07-24T08:46:00+00:00","dateModified":"2024-10-27T16:56:40+00:00","breadcrumb":{"@id":"https://lemelville.fr/accueil/evenements/germain-cornet-quintet-3/#breadcrumb"},"inLanguage":"fr-FR","potentialAction":[{"@type":"ReadAction","target":["https://lemelville.fr/accueil/evenements/germain-cornet-quintet-3/"]}]},{"@type":"ImageObject","inLanguage":"fr-FR","@id":"https://lemelville.fr/accueil/evenements/germain-cornet-quintet-3/#primaryimage","url":"https://lemelville.fr/wp-content/uploads/2024/07/Joan-Minor-Quartet-Affiche-241122.png","contentUrl":"https://lemelville.fr/wp-content/uploads/2024/07/Joan-Minor-Quartet-Affiche-241122.png","width":1280,"height":800},{"@type":"BreadcrumbList","@id":"https://lemelville.fr/accueil/evenements/germain-cornet-quintet-3/#breadcrumb","itemListElement":[{"@type":"ListItem","position":1,"name":"Accueil","item":"https://lemelville.fr/accueil/"},{"@type":"ListItem","position":2,"name":"Évènements","item":"https://lemelville.fr/accueil/evenements/"},{"@type":"ListItem","position":3,"name":"Joan Minor Quartet"}]},{"@type":"WebSite","@id":"https://lemelville.fr/accueil/#website","url":"https://lemelville.fr/accueil/","name":"Le Melville","description":"Le Melville c’est l’éclectisme dans les verres, les assiettes et dans les oreilles. Du Jazz, de la world Music, souvent en live, une carte élégante de mets à picorer et des cocktails sur mesure, le tout dans un écrin de bois et de velours.","publisher":{"@id":"https://lemelville.fr/accueil/#organization"},"potentialAction":[{"@type":"SearchAction","target":{"@type":"EntryPoint","urlTemplate":"https://lemelville.fr/accueil/?s={search_term_string}"},"query-input":{"@type":"PropertyValueSpecification","valueRequired":true,"valueName":"search_term_string"}}],"inLanguage":"fr-FR"},{"@type":"Organization","@id":"https://lemelville.fr/accueil/#organization","name":"Le Melville","url":"https://lemelville.fr/accueil/","logo":{"@type":"ImageObject","inLanguage":"fr-FR","@id":"https://lemelville.fr/accueil/#/schema/logo/image/","url":"https://lemelville.fr/wp-content/uploads/2023/09/Logo-transparent-1-e1720022580951.png","contentUrl":"https://lemelville.fr/wp-content/uploads/2023/09/Logo-transparent-1-e1720022580951.png","width":2000,"height":656,"caption":"Le Melville"},"image":{"@id":"https://lemelville.fr/accueil/#/schema/logo/image/"},"sameAs":["https://www.facebook.com/people/Le-Melville/100085390055277/","https://www.instagram.com/lemelville_paris/"]}]}</script>
<!-- / Yoast SEO Premium plugin. -->

Influencée par de grandes voix américaines comme Dinah Washington, Nancy Wilson, Sarah Vaughan, Carmen McRae, Jimmy Scott, Joan Minor est accompagnée de trois musiciens français, dans une réelle osmose à&hellip; Poursuivre la lecture Joan Minor Quartet

Évènements

Le Melville c’est l’éclectisme dans les verres, les assiettes et dans les oreilles. Du Jazz, de la world Music, souvent en live, une carte élégante de mets à picorer et des cocktails sur mesure, le tout dans un écrin de bois et de velours.
