{"id":3133,"date":"2024-07-25T17:08:15","date_gmt":"2024-07-25T15:08:15","guid":{"rendered":"https:\/\/lemelville.fr\/?post_type=tribe_events&#038;p=3133"},"modified":"2024-10-18T16:20:16","modified_gmt":"2024-10-18T14:20:16","slug":"made-in-scandinavia","status":"publish","type":"tribe_events","link":"https:\/\/lemelville.fr\/accueil\/evenements\/made-in-scandinavia\/","title":{"rendered":"Made in Scandinavia"},"content":{"rendered":"<p>Made in Scandinavia est un collectif de jazz bas\u00e9 \u00e0 Paris, compos\u00e9 de cinq musiciens scandinaves: le Norv\u00e9gien Petter Wettre, le Danois Malte Arndal et les Su\u00e9dois Joel Lyssarides, Bj\u00f6rn Ingelstam et Viktor Nyberg.<br \/>\nVous retrouverez Petter Wettre, saxophoniste \u00e0 l\u2019immense carri\u00e8re ayant re\u00e7u deux fois le prix Spellemannprisen, consid\u00e9r\u00e9 comme le Grammy Awards norv\u00e9gien.<br \/>\nLe pianiste Joel Lyssarides, l\u2019\u00e9toile montante su\u00e9doise, r\u00e9v\u00e9l\u00e9 par trois albums au succ\u00e8s international.<br \/>\nLe trompettiste Bj\u00f6rn Ingelstam, qui a jou\u00e9 avec quelques-uns des meilleurs musiciens notamment Wycliff Gordon, Bob Wilbur et Anat Cohen.<br \/>\nLe contrebassiste Viktor Nyberg, reconnu en Europe et outre-Atlantique, qui s\u2019impose rapidement comme l\u2019un des bassistes les plus sollicit\u00e9s en France.<br \/>\nAinsi que le batteur Malte Arndal, qui compte parmi les jeunes prodiges de la sc\u00e8ne jazz actuelle.<\/p>\n<p>Petter Wettre : sax<br \/>\nBj\u00f6rn Ingelstam : trompette<br \/>\nJoel Lyssarides : piano<br \/>\nViktor Nyberg : contrebasse<br \/>\nChris Montgomery : batterie<\/p>\n","protected":false},"excerpt":{"rendered":"<p>Made in Scandinavia est un collectif de jazz bas\u00e9 \u00e0 Paris, compos\u00e9 de cinq musiciens scandinaves: le Norv\u00e9gien Petter Wettre, le Danois Malte Arndal et les Su\u00e9dois Joel Lyssarides, Bj\u00f6rn&hellip; <a class=\"more-link\" href=\"https:\/\/lemelville.fr\/accueil\/evenements\/made-in-scandinavia\/\">Poursuivre la lecture <span class=\"screen-reader-text\">Made in Scandinavia<\/span><\/a><\/p>\n","protected":false},"author":1,"featured_media":3288,"template":"","meta":{"_tribe_events_status":"","_tribe_events_status_reason":"","_tribe_events_is_hybrid":"","_tribe_events_is_virtual":"","_tribe_events_virtual_video_source":"","_tribe_events_virtual_embed_video":"","_tribe_events_virtual_linked_button_text":"","_tribe_events_virtual_linked_button":"","_tribe_events_virtual_show_embed_at":"","_tribe_events_virtual_show_embed_to":[],"_tribe_events_virtual_show_on_event":"","_tribe_events_virtual_show_on_views":"","_tribe_events_virtual_url":"","footnotes":""},"tags":[],"tribe_events_cat":[88],"class_list":["post-3133","tribe_events","type-tribe_events","status-publish","has-post-thumbnail","hentry","tribe_events_cat-jazz-standard","cat_jazz-standard","entry"],"yoast_head":"<!-- This site is optimized with the Yoast SEO Premium plugin v24.3 (Yoast SEO v27.1.1) - https:\/\/yoast.com\/product\/yoast-seo-premium-wordpress\/ -->\n<title>Made in Scandinavia - Le Melville<\/title>\n<meta name=\"robots\" content=\"index, follow, max-snippet:-1, max-image-preview:large, max-video-preview:-1\" \/>\n<link rel=\"canonical\" href=\"https:\/\/lemelville.fr\/accueil\/evenements\/made-in-scandinavia\/\" \/>\n<meta property=\"og:locale\" content=\"fr_FR\" \/>\n<meta property=\"og:type\" content=\"article\" \/>\n<meta property=\"og:title\" content=\"Made in Scandinavia\" \/>\n<meta property=\"og:description\" content=\"Made in Scandinavia est un collectif de jazz bas\u00e9 \u00e0 Paris, compos\u00e9 de cinq musiciens scandinaves: le Norv\u00e9gien Petter Wettre, le Danois Malte Arndal et les Su\u00e9dois Joel Lyssarides, Bj\u00f6rn&hellip; Poursuivre la lecture Made in Scandinavia\" \/>\n<meta property=\"og:url\" content=\"https:\/\/lemelville.fr\/accueil\/evenements\/made-in-scandinavia\/\" \/>\n<meta property=\"og:site_name\" content=\"Le Melville\" \/>\n<meta property=\"article:publisher\" content=\"https:\/\/www.facebook.com\/people\/Le-Melville\/100085390055277\/\" \/>\n<meta property=\"article:modified_time\" content=\"2024-10-18T14:20:16+00:00\" \/>\n<meta property=\"og:image\" content=\"https:\/\/lemelville.fr\/wp-content\/uploads\/2024\/07\/Made-in-scandinavia-NF.png\" \/>\n\t<meta property=\"og:image:width\" content=\"1280\" \/>\n\t<meta property=\"og:image:height\" content=\"800\" \/>\n\t<meta property=\"og:image:type\" content=\"image\/png\" \/>\n<meta name=\"twitter:card\" content=\"summary_large_image\" \/>\n<meta name=\"twitter:label1\" content=\"Dur\u00e9e de lecture estim\u00e9e\" \/>\n\t<meta name=\"twitter:data1\" content=\"1 minute\" \/>\n<script type=\"application\/ld+json\" class=\"yoast-schema-graph\">{\"@context\":\"https:\/\/schema.org\",\"@graph\":[{\"@type\":\"WebPage\",\"@id\":\"https:\/\/lemelville.fr\/accueil\/evenements\/made-in-scandinavia\/\",\"url\":\"https:\/\/lemelville.fr\/accueil\/evenements\/made-in-scandinavia\/\",\"name\":\"Made in Scandinavia - Le Melville\",\"isPartOf\":{\"@id\":\"https:\/\/lemelville.fr\/accueil\/#website\"},\"primaryImageOfPage\":{\"@id\":\"https:\/\/lemelville.fr\/accueil\/evenements\/made-in-scandinavia\/#primaryimage\"},\"image\":{\"@id\":\"https:\/\/lemelville.fr\/accueil\/evenements\/made-in-scandinavia\/#primaryimage\"},\"thumbnailUrl\":\"https:\/\/lemelville.fr\/wp-content\/uploads\/2024\/07\/Made-in-scandinavia-NF.png\",\"datePublished\":\"2024-07-25T15:08:15+00:00\",\"dateModified\":\"2024-10-18T14:20:16+00:00\",\"breadcrumb\":{\"@id\":\"https:\/\/lemelville.fr\/accueil\/evenements\/made-in-scandinavia\/#breadcrumb\"},\"inLanguage\":\"fr-FR\",\"potentialAction\":[{\"@type\":\"ReadAction\",\"target\":[\"https:\/\/lemelville.fr\/accueil\/evenements\/made-in-scandinavia\/\"]}]},{\"@type\":\"ImageObject\",\"inLanguage\":\"fr-FR\",\"@id\":\"https:\/\/lemelville.fr\/accueil\/evenements\/made-in-scandinavia\/#primaryimage\",\"url\":\"https:\/\/lemelville.fr\/wp-content\/uploads\/2024\/07\/Made-in-scandinavia-NF.png\",\"contentUrl\":\"https:\/\/lemelville.fr\/wp-content\/uploads\/2024\/07\/Made-in-scandinavia-NF.png\",\"width\":1280,\"height\":800},{\"@type\":\"BreadcrumbList\",\"@id\":\"https:\/\/lemelville.fr\/accueil\/evenements\/made-in-scandinavia\/#breadcrumb\",\"itemListElement\":[{\"@type\":\"ListItem\",\"position\":1,\"name\":\"Accueil\",\"item\":\"https:\/\/lemelville.fr\/accueil\/\"},{\"@type\":\"ListItem\",\"position\":2,\"name\":\"\u00c9v\u00e8nements\",\"item\":\"https:\/\/lemelville.fr\/accueil\/evenements\/\"},{\"@type\":\"ListItem\",\"position\":3,\"name\":\"Made in Scandinavia\"}]},{\"@type\":\"WebSite\",\"@id\":\"https:\/\/lemelville.fr\/accueil\/#website\",\"url\":\"https:\/\/lemelville.fr\/accueil\/\",\"name\":\"Le Melville\",\"description\":\"Le Melville c\u2019est l\u2019\u00e9clectisme dans les verres, les assiettes et dans les oreilles. Du Jazz, de la world Music, souvent en live, une carte \u00e9l\u00e9gante de mets \u00e0 picorer et des cocktails sur mesure, le tout dans un \u00e9crin de bois et de velours.\",\"publisher\":{\"@id\":\"https:\/\/lemelville.fr\/accueil\/#organization\"},\"potentialAction\":[{\"@type\":\"SearchAction\",\"target\":{\"@type\":\"EntryPoint\",\"urlTemplate\":\"https:\/\/lemelville.fr\/accueil\/?s={search_term_string}\"},\"query-input\":{\"@type\":\"PropertyValueSpecification\",\"valueRequired\":true,\"valueName\":\"search_term_string\"}}],\"inLanguage\":\"fr-FR\"},{\"@type\":\"Organization\",\"@id\":\"https:\/\/lemelville.fr\/accueil\/#organization\",\"name\":\"Le Melville\",\"url\":\"https:\/\/lemelville.fr\/accueil\/\",\"logo\":{\"@type\":\"ImageObject\",\"inLanguage\":\"fr-FR\",\"@id\":\"https:\/\/lemelville.fr\/accueil\/#\/schema\/logo\/image\/\",\"url\":\"https:\/\/lemelville.fr\/wp-content\/uploads\/2023\/09\/Logo-transparent-1-e1720022580951.png\",\"contentUrl\":\"https:\/\/lemelville.fr\/wp-content\/uploads\/2023\/09\/Logo-transparent-1-e1720022580951.png\",\"width\":2000,\"height\":656,\"caption\":\"Le Melville\"},\"image\":{\"@id\":\"https:\/\/lemelville.fr\/accueil\/#\/schema\/logo\/image\/\"},\"sameAs\":[\"https:\/\/www.facebook.com\/people\/Le-Melville\/100085390055277\/\",\"https:\/\/www.instagram.com\/lemelville_paris\/\"]}]}<\/script>\n<!-- \/ Yoast SEO Premium plugin. -->","yoast_head_json":{"title":"Made in Scandinavia - Le Melville","robots":{"index":"index","follow":"follow","max-snippet":"max-snippet:-1","max-image-preview":"max-image-preview:large","max-video-preview":"max-video-preview:-1"},"canonical":"https:\/\/lemelville.fr\/accueil\/evenements\/made-in-scandinavia\/","og_locale":"fr_FR","og_type":"article","og_title":"Made in Scandinavia","og_description":"Made in Scandinavia est un collectif de jazz bas\u00e9 \u00e0 Paris, compos\u00e9 de cinq musiciens scandinaves: le Norv\u00e9gien Petter Wettre, le Danois Malte Arndal et les Su\u00e9dois Joel Lyssarides, Bj\u00f6rn&hellip; Poursuivre la lecture Made in Scandinavia","og_url":"https:\/\/lemelville.fr\/accueil\/evenements\/made-in-scandinavia\/","og_site_name":"Le Melville","article_publisher":"https:\/\/www.facebook.com\/people\/Le-Melville\/100085390055277\/","article_modified_time":"2024-10-18T14:20:16+00:00","og_image":[{"width":1280,"height":800,"url":"https:\/\/lemelville.fr\/wp-content\/uploads\/2024\/07\/Made-in-scandinavia-NF.png","type":"image\/png"}],"twitter_card":"summary_large_image","twitter_misc":{"Dur\u00e9e de lecture estim\u00e9e":"1 minute"},"schema":{"@context":"https:\/\/schema.org","@graph":[{"@type":"WebPage","@id":"https:\/\/lemelville.fr\/accueil\/evenements\/made-in-scandinavia\/","url":"https:\/\/lemelville.fr\/accueil\/evenements\/made-in-scandinavia\/","name":"Made in Scandinavia - Le Melville","isPartOf":{"@id":"https:\/\/lemelville.fr\/accueil\/#website"},"primaryImageOfPage":{"@id":"https:\/\/lemelville.fr\/accueil\/evenements\/made-in-scandinavia\/#primaryimage"},"image":{"@id":"https:\/\/lemelville.fr\/accueil\/evenements\/made-in-scandinavia\/#primaryimage"},"thumbnailUrl":"https:\/\/lemelville.fr\/wp-content\/uploads\/2024\/07\/Made-in-scandinavia-NF.png","datePublished":"2024-07-25T15:08:15+00:00","dateModified":"2024-10-18T14:20:16+00:00","breadcrumb":{"@id":"https:\/\/lemelville.fr\/accueil\/evenements\/made-in-scandinavia\/#breadcrumb"},"inLanguage":"fr-FR","potentialAction":[{"@type":"ReadAction","target":["https:\/\/lemelville.fr\/accueil\/evenements\/made-in-scandinavia\/"]}]},{"@type":"ImageObject","inLanguage":"fr-FR","@id":"https:\/\/lemelville.fr\/accueil\/evenements\/made-in-scandinavia\/#primaryimage","url":"https:\/\/lemelville.fr\/wp-content\/uploads\/2024\/07\/Made-in-scandinavia-NF.png","contentUrl":"https:\/\/lemelville.fr\/wp-content\/uploads\/2024\/07\/Made-in-scandinavia-NF.png","width":1280,"height":800},{"@type":"BreadcrumbList","@id":"https:\/\/lemelville.fr\/accueil\/evenements\/made-in-scandinavia\/#breadcrumb","itemListElement":[{"@type":"ListItem","position":1,"name":"Accueil","item":"https:\/\/lemelville.fr\/accueil\/"},{"@type":"ListItem","position":2,"name":"\u00c9v\u00e8nements","item":"https:\/\/lemelville.fr\/accueil\/evenements\/"},{"@type":"ListItem","position":3,"name":"Made in Scandinavia"}]},{"@type":"WebSite","@id":"https:\/\/lemelville.fr\/accueil\/#website","url":"https:\/\/lemelville.fr\/accueil\/","name":"Le Melville","description":"Le Melville c\u2019est l\u2019\u00e9clectisme dans les verres, les assiettes et dans les oreilles. Du Jazz, de la world Music, souvent en live, une carte \u00e9l\u00e9gante de mets \u00e0 picorer et des cocktails sur mesure, le tout dans un \u00e9crin de bois et de velours.","publisher":{"@id":"https:\/\/lemelville.fr\/accueil\/#organization"},"potentialAction":[{"@type":"SearchAction","target":{"@type":"EntryPoint","urlTemplate":"https:\/\/lemelville.fr\/accueil\/?s={search_term_string}"},"query-input":{"@type":"PropertyValueSpecification","valueRequired":true,"valueName":"search_term_string"}}],"inLanguage":"fr-FR"},{"@type":"Organization","@id":"https:\/\/lemelville.fr\/accueil\/#organization","name":"Le Melville","url":"https:\/\/lemelville.fr\/accueil\/","logo":{"@type":"ImageObject","inLanguage":"fr-FR","@id":"https:\/\/lemelville.fr\/accueil\/#\/schema\/logo\/image\/","url":"https:\/\/lemelville.fr\/wp-content\/uploads\/2023\/09\/Logo-transparent-1-e1720022580951.png","contentUrl":"https:\/\/lemelville.fr\/wp-content\/uploads\/2023\/09\/Logo-transparent-1-e1720022580951.png","width":2000,"height":656,"caption":"Le Melville"},"image":{"@id":"https:\/\/lemelville.fr\/accueil\/#\/schema\/logo\/image\/"},"sameAs":["https:\/\/www.facebook.com\/people\/Le-Melville\/100085390055277\/","https:\/\/www.instagram.com\/lemelville_paris\/"]}]}},"_links":{"self":[{"href":"https:\/\/lemelville.fr\/accueil\/wp-json\/wp\/v2\/tribe_events\/3133","targetHints":{"allow":["GET"]}}],"collection":[{"href":"https:\/\/lemelville.fr\/accueil\/wp-json\/wp\/v2\/tribe_events"}],"about":[{"href":"https:\/\/lemelville.fr\/accueil\/wp-json\/wp\/v2\/types\/tribe_events"}],"author":[{"embeddable":true,"href":"https:\/\/lemelville.fr\/accueil\/wp-json\/wp\/v2\/users\/1"}],"version-history":[{"count":2,"href":"https:\/\/lemelville.fr\/accueil\/wp-json\/wp\/v2\/tribe_events\/3133\/revisions"}],"predecessor-version":[{"id":3287,"href":"https:\/\/lemelville.fr\/accueil\/wp-json\/wp\/v2\/tribe_events\/3133\/revisions\/3287"}],"wp:featuredmedia":[{"embeddable":true,"href":"https:\/\/lemelville.fr\/accueil\/wp-json\/wp\/v2\/media\/3288"}],"wp:attachment":[{"href":"https:\/\/lemelville.fr\/accueil\/wp-json\/wp\/v2\/media?parent=3133"}],"wp:term":[{"taxonomy":"post_tag","embeddable":true,"href":"https:\/\/lemelville.fr\/accueil\/wp-json\/wp\/v2\/tags?post=3133"},{"taxonomy":"tribe_events_cat","embeddable":true,"href":"https:\/\/lemelville.fr\/accueil\/wp-json\/wp\/v2\/tribe_events_cat?post=3133"}],"curies":[{"name":"wp","href":"https:\/\/api.w.org\/{rel}","templated":true}]}}

<p>Made in Scandinavia est un collectif de jazz basé à Paris, composé de cinq musiciens scandinaves: le Norvégien Petter Wettre, le Danois Malte Arndal et les Suédois Joel Lyssarides, Björn Ingelstam et Viktor Nyberg.<br />
Vous retrouverez Petter Wettre, saxophoniste à l’immense carrière ayant reçu deux fois le prix Spellemannprisen, considéré comme le Grammy Awards norvégien.<br />
Le pianiste Joel Lyssarides, l’étoile montante suédoise, révélé par trois albums au succès international.<br />
Le trompettiste Björn Ingelstam, qui a joué avec quelques-uns des meilleurs musiciens notamment Wycliff Gordon, Bob Wilbur et Anat Cohen.<br />
Le contrebassiste Viktor Nyberg, reconnu en Europe et outre-Atlantique, qui s’impose rapidement comme l’un des bassistes les plus sollicités en France.<br />
Ainsi que le batteur Malte Arndal, qui compte parmi les jeunes prodiges de la scène jazz actuelle.</p>
<p>Petter Wettre : sax<br />
Björn Ingelstam : trompette<br />
Joel Lyssarides : piano<br />
Viktor Nyberg : contrebasse<br />
Chris Montgomery : batterie</p>

<p>Made in Scandinavia est un collectif de jazz basé à Paris, composé de cinq musiciens scandinaves: le Norvégien Petter Wettre, le Danois Malte Arndal et les Suédois Joel Lyssarides, Björn&hellip; <a class="more-link" href="https://lemelville.fr/accueil/evenements/made-in-scandinavia/">Poursuivre la lecture <span class="screen-reader-text">Made in Scandinavia</span></a></p>

<!-- This site is optimized with the Yoast SEO Premium plugin v24.3 (Yoast SEO v27.1.1) - https://yoast.com/product/yoast-seo-premium-wordpress/ -->
<title>Made in Scandinavia - Le Melville</title>
<meta name="robots" content="index, follow, max-snippet:-1, max-image-preview:large, max-video-preview:-1" />
<link rel="canonical" href="https://lemelville.fr/accueil/evenements/made-in-scandinavia/" />
<meta property="og:locale" content="fr_FR" />
<meta property="og:type" content="article" />
<meta property="og:title" content="Made in Scandinavia" />
<meta property="og:description" content="Made in Scandinavia est un collectif de jazz basé à Paris, composé de cinq musiciens scandinaves: le Norvégien Petter Wettre, le Danois Malte Arndal et les Suédois Joel Lyssarides, Björn&hellip; Poursuivre la lecture Made in Scandinavia" />
<meta property="og:url" content="https://lemelville.fr/accueil/evenements/made-in-scandinavia/" />
<meta property="og:site_name" content="Le Melville" />
<meta property="article:publisher" content="https://www.facebook.com/people/Le-Melville/100085390055277/" />
<meta property="article:modified_time" content="2024-10-18T14:20:16+00:00" />
<meta property="og:image" content="https://lemelville.fr/wp-content/uploads/2024/07/Made-in-scandinavia-NF.png" />
	<meta property="og:image:width" content="1280" />
	<meta property="og:image:height" content="800" />
	<meta property="og:image:type" content="image/png" />
<meta name="twitter:card" content="summary_large_image" />
<meta name="twitter:label1" content="Durée de lecture estimée" />
	<meta name="twitter:data1" content="1 minute" />
<script type="application/ld+json" class="yoast-schema-graph">{"@context":"https://schema.org","@graph":[{"@type":"WebPage","@id":"https://lemelville.fr/accueil/evenements/made-in-scandinavia/","url":"https://lemelville.fr/accueil/evenements/made-in-scandinavia/","name":"Made in Scandinavia - Le Melville","isPartOf":{"@id":"https://lemelville.fr/accueil/#website"},"primaryImageOfPage":{"@id":"https://lemelville.fr/accueil/evenements/made-in-scandinavia/#primaryimage"},"image":{"@id":"https://lemelville.fr/accueil/evenements/made-in-scandinavia/#primaryimage"},"thumbnailUrl":"https://lemelville.fr/wp-content/uploads/2024/07/Made-in-scandinavia-NF.png","datePublished":"2024-07-25T15:08:15+00:00","dateModified":"2024-10-18T14:20:16+00:00","breadcrumb":{"@id":"https://lemelville.fr/accueil/evenements/made-in-scandinavia/#breadcrumb"},"inLanguage":"fr-FR","potentialAction":[{"@type":"ReadAction","target":["https://lemelville.fr/accueil/evenements/made-in-scandinavia/"]}]},{"@type":"ImageObject","inLanguage":"fr-FR","@id":"https://lemelville.fr/accueil/evenements/made-in-scandinavia/#primaryimage","url":"https://lemelville.fr/wp-content/uploads/2024/07/Made-in-scandinavia-NF.png","contentUrl":"https://lemelville.fr/wp-content/uploads/2024/07/Made-in-scandinavia-NF.png","width":1280,"height":800},{"@type":"BreadcrumbList","@id":"https://lemelville.fr/accueil/evenements/made-in-scandinavia/#breadcrumb","itemListElement":[{"@type":"ListItem","position":1,"name":"Accueil","item":"https://lemelville.fr/accueil/"},{"@type":"ListItem","position":2,"name":"Évènements","item":"https://lemelville.fr/accueil/evenements/"},{"@type":"ListItem","position":3,"name":"Made in Scandinavia"}]},{"@type":"WebSite","@id":"https://lemelville.fr/accueil/#website","url":"https://lemelville.fr/accueil/","name":"Le Melville","description":"Le Melville c’est l’éclectisme dans les verres, les assiettes et dans les oreilles. Du Jazz, de la world Music, souvent en live, une carte élégante de mets à picorer et des cocktails sur mesure, le tout dans un écrin de bois et de velours.","publisher":{"@id":"https://lemelville.fr/accueil/#organization"},"potentialAction":[{"@type":"SearchAction","target":{"@type":"EntryPoint","urlTemplate":"https://lemelville.fr/accueil/?s={search_term_string}"},"query-input":{"@type":"PropertyValueSpecification","valueRequired":true,"valueName":"search_term_string"}}],"inLanguage":"fr-FR"},{"@type":"Organization","@id":"https://lemelville.fr/accueil/#organization","name":"Le Melville","url":"https://lemelville.fr/accueil/","logo":{"@type":"ImageObject","inLanguage":"fr-FR","@id":"https://lemelville.fr/accueil/#/schema/logo/image/","url":"https://lemelville.fr/wp-content/uploads/2023/09/Logo-transparent-1-e1720022580951.png","contentUrl":"https://lemelville.fr/wp-content/uploads/2023/09/Logo-transparent-1-e1720022580951.png","width":2000,"height":656,"caption":"Le Melville"},"image":{"@id":"https://lemelville.fr/accueil/#/schema/logo/image/"},"sameAs":["https://www.facebook.com/people/Le-Melville/100085390055277/","https://www.instagram.com/lemelville_paris/"]}]}</script>
<!-- / Yoast SEO Premium plugin. -->

Made in Scandinavia est un collectif de jazz basé à Paris, composé de cinq musiciens scandinaves: le Norvégien Petter Wettre, le Danois Malte Arndal et les Suédois Joel Lyssarides, Björn&hellip; Poursuivre la lecture Made in Scandinavia

Évènements

Le Melville c’est l’éclectisme dans les verres, les assiettes et dans les oreilles. Du Jazz, de la world Music, souvent en live, une carte élégante de mets à picorer et des cocktails sur mesure, le tout dans un écrin de bois et de velours.
