{"id":3278,"date":"2024-10-17T17:09:43","date_gmt":"2024-10-17T15:09:43","guid":{"rendered":"https:\/\/lemelville.fr\/?post_type=tribe_events&#038;p=3278"},"modified":"2024-10-17T17:09:43","modified_gmt":"2024-10-17T15:09:43","slug":"irundi-4tet","status":"publish","type":"tribe_events","link":"https:\/\/lemelville.fr\/accueil\/evenements\/irundi-4tet\/","title":{"rendered":"Irundi 4tet"},"content":{"rendered":"<div dir=\"ltr\" data-olk-copy-source=\"MessageBody\">Compos\u00e9 par Caio Marcio Santos \u00e0 la guitare, Matheus Donato au Cavaquinho, Miguel Couto \u00e0 la batterie et Darcy Gomes \u00e0 la basse, notre quartet allie la richesse de la musique br\u00e9silienne \u00e0 une solide formation du choro, la musique classique du Br\u00e9sil. Nous m\u00ealons avec passion samba, bossa nova, bai\u00e3o et choro, tout en restant profond\u00e9ment ancr\u00e9s dans la tradition de la musique populaire, tr\u00e8s puissante et joyeuse.<\/div>\n<div><\/div>\n<div>\n<div dir=\"ltr\" data-olk-copy-source=\"MessageBody\">Caio Marcio Santos : guitare<\/div>\n<div dir=\"ltr\" data-olk-copy-source=\"MessageBody\">Matheus Donato : cavaquinho<\/div>\n<div dir=\"ltr\" data-olk-copy-source=\"MessageBody\">Miguel Couto : batterie<\/div>\n<div dir=\"ltr\" data-olk-copy-source=\"MessageBody\">Darcy Gomes : basse<\/div>\n<div id=\"x_ms-outlook-mobile-signature\">\n<div><\/div>\n<\/div>\n<\/div>\n","protected":false},"excerpt":{"rendered":"<p>Compos\u00e9 par Caio Marcio Santos \u00e0 la guitare, Matheus Donato au Cavaquinho, Miguel Couto \u00e0 la batterie et Darcy Gomes \u00e0 la basse, notre quartet allie la richesse de la&hellip; <a class=\"more-link\" href=\"https:\/\/lemelville.fr\/accueil\/evenements\/irundi-4tet\/\">Poursuivre la lecture <span class=\"screen-reader-text\">Irundi 4tet<\/span><\/a><\/p>\n","protected":false},"author":1,"featured_media":3279,"template":"","meta":{"_tribe_events_status":"","_tribe_events_status_reason":"","_tribe_events_is_hybrid":"","_tribe_events_is_virtual":"","_tribe_events_virtual_video_source":"","_tribe_events_virtual_embed_video":"","_tribe_events_virtual_linked_button_text":"","_tribe_events_virtual_linked_button":"","_tribe_events_virtual_show_embed_at":"","_tribe_events_virtual_show_embed_to":[],"_tribe_events_virtual_show_on_event":"","_tribe_events_virtual_show_on_views":"","_tribe_events_virtual_url":"","footnotes":""},"tags":[],"tribe_events_cat":[],"class_list":["post-3278","tribe_events","type-tribe_events","status-publish","has-post-thumbnail","hentry","entry"],"yoast_head":"<!-- This site is optimized with the Yoast SEO Premium plugin v24.3 (Yoast SEO v27.1.1) - https:\/\/yoast.com\/product\/yoast-seo-premium-wordpress\/ -->\n<title>Irundi 4tet - Le Melville<\/title>\n<meta name=\"robots\" content=\"index, follow, max-snippet:-1, max-image-preview:large, max-video-preview:-1\" \/>\n<link rel=\"canonical\" href=\"https:\/\/lemelville.fr\/accueil\/evenements\/irundi-4tet\/\" \/>\n<meta property=\"og:locale\" content=\"fr_FR\" \/>\n<meta property=\"og:type\" content=\"article\" \/>\n<meta property=\"og:title\" content=\"Irundi 4tet\" \/>\n<meta property=\"og:description\" content=\"Compos\u00e9 par Caio Marcio Santos \u00e0 la guitare, Matheus Donato au Cavaquinho, Miguel Couto \u00e0 la batterie et Darcy Gomes \u00e0 la basse, notre quartet allie la richesse de la&hellip; Poursuivre la lecture Irundi 4tet\" \/>\n<meta property=\"og:url\" content=\"https:\/\/lemelville.fr\/accueil\/evenements\/irundi-4tet\/\" \/>\n<meta property=\"og:site_name\" content=\"Le Melville\" \/>\n<meta property=\"article:publisher\" content=\"https:\/\/www.facebook.com\/people\/Le-Melville\/100085390055277\/\" \/>\n<meta property=\"og:image\" content=\"https:\/\/lemelville.fr\/wp-content\/uploads\/2024\/10\/MArcio-Donat-Affiche-NF-1.png\" \/>\n\t<meta property=\"og:image:width\" content=\"1280\" \/>\n\t<meta property=\"og:image:height\" content=\"800\" \/>\n\t<meta property=\"og:image:type\" content=\"image\/png\" \/>\n<meta name=\"twitter:card\" content=\"summary_large_image\" \/>\n<meta name=\"twitter:label1\" content=\"Dur\u00e9e de lecture estim\u00e9e\" \/>\n\t<meta name=\"twitter:data1\" content=\"1 minute\" \/>\n<script type=\"application\/ld+json\" class=\"yoast-schema-graph\">{\"@context\":\"https:\/\/schema.org\",\"@graph\":[{\"@type\":\"WebPage\",\"@id\":\"https:\/\/lemelville.fr\/accueil\/evenements\/irundi-4tet\/\",\"url\":\"https:\/\/lemelville.fr\/accueil\/evenements\/irundi-4tet\/\",\"name\":\"Irundi 4tet - Le Melville\",\"isPartOf\":{\"@id\":\"https:\/\/lemelville.fr\/accueil\/#website\"},\"primaryImageOfPage\":{\"@id\":\"https:\/\/lemelville.fr\/accueil\/evenements\/irundi-4tet\/#primaryimage\"},\"image\":{\"@id\":\"https:\/\/lemelville.fr\/accueil\/evenements\/irundi-4tet\/#primaryimage\"},\"thumbnailUrl\":\"https:\/\/lemelville.fr\/wp-content\/uploads\/2024\/10\/MArcio-Donat-Affiche-NF-1.png\",\"datePublished\":\"2024-10-17T15:09:43+00:00\",\"breadcrumb\":{\"@id\":\"https:\/\/lemelville.fr\/accueil\/evenements\/irundi-4tet\/#breadcrumb\"},\"inLanguage\":\"fr-FR\",\"potentialAction\":[{\"@type\":\"ReadAction\",\"target\":[\"https:\/\/lemelville.fr\/accueil\/evenements\/irundi-4tet\/\"]}]},{\"@type\":\"ImageObject\",\"inLanguage\":\"fr-FR\",\"@id\":\"https:\/\/lemelville.fr\/accueil\/evenements\/irundi-4tet\/#primaryimage\",\"url\":\"https:\/\/lemelville.fr\/wp-content\/uploads\/2024\/10\/MArcio-Donat-Affiche-NF-1.png\",\"contentUrl\":\"https:\/\/lemelville.fr\/wp-content\/uploads\/2024\/10\/MArcio-Donat-Affiche-NF-1.png\",\"width\":1280,\"height\":800},{\"@type\":\"BreadcrumbList\",\"@id\":\"https:\/\/lemelville.fr\/accueil\/evenements\/irundi-4tet\/#breadcrumb\",\"itemListElement\":[{\"@type\":\"ListItem\",\"position\":1,\"name\":\"Accueil\",\"item\":\"https:\/\/lemelville.fr\/accueil\/\"},{\"@type\":\"ListItem\",\"position\":2,\"name\":\"\u00c9v\u00e8nements\",\"item\":\"https:\/\/lemelville.fr\/accueil\/evenements\/\"},{\"@type\":\"ListItem\",\"position\":3,\"name\":\"Irundi 4tet\"}]},{\"@type\":\"WebSite\",\"@id\":\"https:\/\/lemelville.fr\/accueil\/#website\",\"url\":\"https:\/\/lemelville.fr\/accueil\/\",\"name\":\"Le Melville\",\"description\":\"Le Melville c\u2019est l\u2019\u00e9clectisme dans les verres, les assiettes et dans les oreilles. Du Jazz, de la world Music, souvent en live, une carte \u00e9l\u00e9gante de mets \u00e0 picorer et des cocktails sur mesure, le tout dans un \u00e9crin de bois et de velours.\",\"publisher\":{\"@id\":\"https:\/\/lemelville.fr\/accueil\/#organization\"},\"potentialAction\":[{\"@type\":\"SearchAction\",\"target\":{\"@type\":\"EntryPoint\",\"urlTemplate\":\"https:\/\/lemelville.fr\/accueil\/?s={search_term_string}\"},\"query-input\":{\"@type\":\"PropertyValueSpecification\",\"valueRequired\":true,\"valueName\":\"search_term_string\"}}],\"inLanguage\":\"fr-FR\"},{\"@type\":\"Organization\",\"@id\":\"https:\/\/lemelville.fr\/accueil\/#organization\",\"name\":\"Le Melville\",\"url\":\"https:\/\/lemelville.fr\/accueil\/\",\"logo\":{\"@type\":\"ImageObject\",\"inLanguage\":\"fr-FR\",\"@id\":\"https:\/\/lemelville.fr\/accueil\/#\/schema\/logo\/image\/\",\"url\":\"https:\/\/lemelville.fr\/wp-content\/uploads\/2023\/09\/Logo-transparent-1-e1720022580951.png\",\"contentUrl\":\"https:\/\/lemelville.fr\/wp-content\/uploads\/2023\/09\/Logo-transparent-1-e1720022580951.png\",\"width\":2000,\"height\":656,\"caption\":\"Le Melville\"},\"image\":{\"@id\":\"https:\/\/lemelville.fr\/accueil\/#\/schema\/logo\/image\/\"},\"sameAs\":[\"https:\/\/www.facebook.com\/people\/Le-Melville\/100085390055277\/\",\"https:\/\/www.instagram.com\/lemelville_paris\/\"]}]}<\/script>\n<!-- \/ Yoast SEO Premium plugin. -->","yoast_head_json":{"title":"Irundi 4tet - Le Melville","robots":{"index":"index","follow":"follow","max-snippet":"max-snippet:-1","max-image-preview":"max-image-preview:large","max-video-preview":"max-video-preview:-1"},"canonical":"https:\/\/lemelville.fr\/accueil\/evenements\/irundi-4tet\/","og_locale":"fr_FR","og_type":"article","og_title":"Irundi 4tet","og_description":"Compos\u00e9 par Caio Marcio Santos \u00e0 la guitare, Matheus Donato au Cavaquinho, Miguel Couto \u00e0 la batterie et Darcy Gomes \u00e0 la basse, notre quartet allie la richesse de la&hellip; Poursuivre la lecture Irundi 4tet","og_url":"https:\/\/lemelville.fr\/accueil\/evenements\/irundi-4tet\/","og_site_name":"Le Melville","article_publisher":"https:\/\/www.facebook.com\/people\/Le-Melville\/100085390055277\/","og_image":[{"width":1280,"height":800,"url":"https:\/\/lemelville.fr\/wp-content\/uploads\/2024\/10\/MArcio-Donat-Affiche-NF-1.png","type":"image\/png"}],"twitter_card":"summary_large_image","twitter_misc":{"Dur\u00e9e de lecture estim\u00e9e":"1 minute"},"schema":{"@context":"https:\/\/schema.org","@graph":[{"@type":"WebPage","@id":"https:\/\/lemelville.fr\/accueil\/evenements\/irundi-4tet\/","url":"https:\/\/lemelville.fr\/accueil\/evenements\/irundi-4tet\/","name":"Irundi 4tet - Le Melville","isPartOf":{"@id":"https:\/\/lemelville.fr\/accueil\/#website"},"primaryImageOfPage":{"@id":"https:\/\/lemelville.fr\/accueil\/evenements\/irundi-4tet\/#primaryimage"},"image":{"@id":"https:\/\/lemelville.fr\/accueil\/evenements\/irundi-4tet\/#primaryimage"},"thumbnailUrl":"https:\/\/lemelville.fr\/wp-content\/uploads\/2024\/10\/MArcio-Donat-Affiche-NF-1.png","datePublished":"2024-10-17T15:09:43+00:00","breadcrumb":{"@id":"https:\/\/lemelville.fr\/accueil\/evenements\/irundi-4tet\/#breadcrumb"},"inLanguage":"fr-FR","potentialAction":[{"@type":"ReadAction","target":["https:\/\/lemelville.fr\/accueil\/evenements\/irundi-4tet\/"]}]},{"@type":"ImageObject","inLanguage":"fr-FR","@id":"https:\/\/lemelville.fr\/accueil\/evenements\/irundi-4tet\/#primaryimage","url":"https:\/\/lemelville.fr\/wp-content\/uploads\/2024\/10\/MArcio-Donat-Affiche-NF-1.png","contentUrl":"https:\/\/lemelville.fr\/wp-content\/uploads\/2024\/10\/MArcio-Donat-Affiche-NF-1.png","width":1280,"height":800},{"@type":"BreadcrumbList","@id":"https:\/\/lemelville.fr\/accueil\/evenements\/irundi-4tet\/#breadcrumb","itemListElement":[{"@type":"ListItem","position":1,"name":"Accueil","item":"https:\/\/lemelville.fr\/accueil\/"},{"@type":"ListItem","position":2,"name":"\u00c9v\u00e8nements","item":"https:\/\/lemelville.fr\/accueil\/evenements\/"},{"@type":"ListItem","position":3,"name":"Irundi 4tet"}]},{"@type":"WebSite","@id":"https:\/\/lemelville.fr\/accueil\/#website","url":"https:\/\/lemelville.fr\/accueil\/","name":"Le Melville","description":"Le Melville c\u2019est l\u2019\u00e9clectisme dans les verres, les assiettes et dans les oreilles. Du Jazz, de la world Music, souvent en live, une carte \u00e9l\u00e9gante de mets \u00e0 picorer et des cocktails sur mesure, le tout dans un \u00e9crin de bois et de velours.","publisher":{"@id":"https:\/\/lemelville.fr\/accueil\/#organization"},"potentialAction":[{"@type":"SearchAction","target":{"@type":"EntryPoint","urlTemplate":"https:\/\/lemelville.fr\/accueil\/?s={search_term_string}"},"query-input":{"@type":"PropertyValueSpecification","valueRequired":true,"valueName":"search_term_string"}}],"inLanguage":"fr-FR"},{"@type":"Organization","@id":"https:\/\/lemelville.fr\/accueil\/#organization","name":"Le Melville","url":"https:\/\/lemelville.fr\/accueil\/","logo":{"@type":"ImageObject","inLanguage":"fr-FR","@id":"https:\/\/lemelville.fr\/accueil\/#\/schema\/logo\/image\/","url":"https:\/\/lemelville.fr\/wp-content\/uploads\/2023\/09\/Logo-transparent-1-e1720022580951.png","contentUrl":"https:\/\/lemelville.fr\/wp-content\/uploads\/2023\/09\/Logo-transparent-1-e1720022580951.png","width":2000,"height":656,"caption":"Le Melville"},"image":{"@id":"https:\/\/lemelville.fr\/accueil\/#\/schema\/logo\/image\/"},"sameAs":["https:\/\/www.facebook.com\/people\/Le-Melville\/100085390055277\/","https:\/\/www.instagram.com\/lemelville_paris\/"]}]}},"_links":{"self":[{"href":"https:\/\/lemelville.fr\/accueil\/wp-json\/wp\/v2\/tribe_events\/3278","targetHints":{"allow":["GET"]}}],"collection":[{"href":"https:\/\/lemelville.fr\/accueil\/wp-json\/wp\/v2\/tribe_events"}],"about":[{"href":"https:\/\/lemelville.fr\/accueil\/wp-json\/wp\/v2\/types\/tribe_events"}],"author":[{"embeddable":true,"href":"https:\/\/lemelville.fr\/accueil\/wp-json\/wp\/v2\/users\/1"}],"version-history":[{"count":1,"href":"https:\/\/lemelville.fr\/accueil\/wp-json\/wp\/v2\/tribe_events\/3278\/revisions"}],"predecessor-version":[{"id":3280,"href":"https:\/\/lemelville.fr\/accueil\/wp-json\/wp\/v2\/tribe_events\/3278\/revisions\/3280"}],"wp:featuredmedia":[{"embeddable":true,"href":"https:\/\/lemelville.fr\/accueil\/wp-json\/wp\/v2\/media\/3279"}],"wp:attachment":[{"href":"https:\/\/lemelville.fr\/accueil\/wp-json\/wp\/v2\/media?parent=3278"}],"wp:term":[{"taxonomy":"post_tag","embeddable":true,"href":"https:\/\/lemelville.fr\/accueil\/wp-json\/wp\/v2\/tags?post=3278"},{"taxonomy":"tribe_events_cat","embeddable":true,"href":"https:\/\/lemelville.fr\/accueil\/wp-json\/wp\/v2\/tribe_events_cat?post=3278"}],"curies":[{"name":"wp","href":"https:\/\/api.w.org\/{rel}","templated":true}]}}

<div dir="ltr" data-olk-copy-source="MessageBody">Composé par Caio Marcio Santos à la guitare, Matheus Donato au Cavaquinho, Miguel Couto à la batterie et Darcy Gomes à la basse, notre quartet allie la richesse de la musique brésilienne à une solide formation du choro, la musique classique du Brésil. Nous mêlons avec passion samba, bossa nova, baião et choro, tout en restant profondément ancrés dans la tradition de la musique populaire, très puissante et joyeuse.</div>
<div></div>
<div>
<div dir="ltr" data-olk-copy-source="MessageBody">Caio Marcio Santos : guitare</div>
<div dir="ltr" data-olk-copy-source="MessageBody">Matheus Donato : cavaquinho</div>
<div dir="ltr" data-olk-copy-source="MessageBody">Miguel Couto : batterie</div>
<div dir="ltr" data-olk-copy-source="MessageBody">Darcy Gomes : basse</div>
<div id="x_ms-outlook-mobile-signature">
<div></div>
</div>
</div>

<p>Composé par Caio Marcio Santos à la guitare, Matheus Donato au Cavaquinho, Miguel Couto à la batterie et Darcy Gomes à la basse, notre quartet allie la richesse de la&hellip; <a class="more-link" href="https://lemelville.fr/accueil/evenements/irundi-4tet/">Poursuivre la lecture <span class="screen-reader-text">Irundi 4tet</span></a></p>

<!-- This site is optimized with the Yoast SEO Premium plugin v24.3 (Yoast SEO v27.1.1) - https://yoast.com/product/yoast-seo-premium-wordpress/ -->
<title>Irundi 4tet - Le Melville</title>
<meta name="robots" content="index, follow, max-snippet:-1, max-image-preview:large, max-video-preview:-1" />
<link rel="canonical" href="https://lemelville.fr/accueil/evenements/irundi-4tet/" />
<meta property="og:locale" content="fr_FR" />
<meta property="og:type" content="article" />
<meta property="og:title" content="Irundi 4tet" />
<meta property="og:description" content="Composé par Caio Marcio Santos à la guitare, Matheus Donato au Cavaquinho, Miguel Couto à la batterie et Darcy Gomes à la basse, notre quartet allie la richesse de la&hellip; Poursuivre la lecture Irundi 4tet" />
<meta property="og:url" content="https://lemelville.fr/accueil/evenements/irundi-4tet/" />
<meta property="og:site_name" content="Le Melville" />
<meta property="article:publisher" content="https://www.facebook.com/people/Le-Melville/100085390055277/" />
<meta property="og:image" content="https://lemelville.fr/wp-content/uploads/2024/10/MArcio-Donat-Affiche-NF-1.png" />
	<meta property="og:image:width" content="1280" />
	<meta property="og:image:height" content="800" />
	<meta property="og:image:type" content="image/png" />
<meta name="twitter:card" content="summary_large_image" />
<meta name="twitter:label1" content="Durée de lecture estimée" />
	<meta name="twitter:data1" content="1 minute" />
<script type="application/ld+json" class="yoast-schema-graph">{"@context":"https://schema.org","@graph":[{"@type":"WebPage","@id":"https://lemelville.fr/accueil/evenements/irundi-4tet/","url":"https://lemelville.fr/accueil/evenements/irundi-4tet/","name":"Irundi 4tet - Le Melville","isPartOf":{"@id":"https://lemelville.fr/accueil/#website"},"primaryImageOfPage":{"@id":"https://lemelville.fr/accueil/evenements/irundi-4tet/#primaryimage"},"image":{"@id":"https://lemelville.fr/accueil/evenements/irundi-4tet/#primaryimage"},"thumbnailUrl":"https://lemelville.fr/wp-content/uploads/2024/10/MArcio-Donat-Affiche-NF-1.png","datePublished":"2024-10-17T15:09:43+00:00","breadcrumb":{"@id":"https://lemelville.fr/accueil/evenements/irundi-4tet/#breadcrumb"},"inLanguage":"fr-FR","potentialAction":[{"@type":"ReadAction","target":["https://lemelville.fr/accueil/evenements/irundi-4tet/"]}]},{"@type":"ImageObject","inLanguage":"fr-FR","@id":"https://lemelville.fr/accueil/evenements/irundi-4tet/#primaryimage","url":"https://lemelville.fr/wp-content/uploads/2024/10/MArcio-Donat-Affiche-NF-1.png","contentUrl":"https://lemelville.fr/wp-content/uploads/2024/10/MArcio-Donat-Affiche-NF-1.png","width":1280,"height":800},{"@type":"BreadcrumbList","@id":"https://lemelville.fr/accueil/evenements/irundi-4tet/#breadcrumb","itemListElement":[{"@type":"ListItem","position":1,"name":"Accueil","item":"https://lemelville.fr/accueil/"},{"@type":"ListItem","position":2,"name":"Évènements","item":"https://lemelville.fr/accueil/evenements/"},{"@type":"ListItem","position":3,"name":"Irundi 4tet"}]},{"@type":"WebSite","@id":"https://lemelville.fr/accueil/#website","url":"https://lemelville.fr/accueil/","name":"Le Melville","description":"Le Melville c’est l’éclectisme dans les verres, les assiettes et dans les oreilles. Du Jazz, de la world Music, souvent en live, une carte élégante de mets à picorer et des cocktails sur mesure, le tout dans un écrin de bois et de velours.","publisher":{"@id":"https://lemelville.fr/accueil/#organization"},"potentialAction":[{"@type":"SearchAction","target":{"@type":"EntryPoint","urlTemplate":"https://lemelville.fr/accueil/?s={search_term_string}"},"query-input":{"@type":"PropertyValueSpecification","valueRequired":true,"valueName":"search_term_string"}}],"inLanguage":"fr-FR"},{"@type":"Organization","@id":"https://lemelville.fr/accueil/#organization","name":"Le Melville","url":"https://lemelville.fr/accueil/","logo":{"@type":"ImageObject","inLanguage":"fr-FR","@id":"https://lemelville.fr/accueil/#/schema/logo/image/","url":"https://lemelville.fr/wp-content/uploads/2023/09/Logo-transparent-1-e1720022580951.png","contentUrl":"https://lemelville.fr/wp-content/uploads/2023/09/Logo-transparent-1-e1720022580951.png","width":2000,"height":656,"caption":"Le Melville"},"image":{"@id":"https://lemelville.fr/accueil/#/schema/logo/image/"},"sameAs":["https://www.facebook.com/people/Le-Melville/100085390055277/","https://www.instagram.com/lemelville_paris/"]}]}</script>
<!-- / Yoast SEO Premium plugin. -->

Composé par Caio Marcio Santos à la guitare, Matheus Donato au Cavaquinho, Miguel Couto à la batterie et Darcy Gomes à la basse, notre quartet allie la richesse de la&hellip; Poursuivre la lecture Irundi 4tet

Évènements

Le Melville c’est l’éclectisme dans les verres, les assiettes et dans les oreilles. Du Jazz, de la world Music, souvent en live, une carte élégante de mets à picorer et des cocktails sur mesure, le tout dans un écrin de bois et de velours.
