{"id":3411,"date":"2024-11-10T23:57:19","date_gmt":"2024-11-10T22:57:19","guid":{"rendered":"https:\/\/lemelville.fr\/?post_type=tribe_events&#038;p=3411"},"modified":"2024-12-11T02:12:46","modified_gmt":"2024-12-11T01:12:46","slug":"irene-amata-4tet","status":"publish","type":"tribe_events","link":"https:\/\/lemelville.fr\/accueil\/evenements\/irene-amata-4tet\/","title":{"rendered":"Ir\u00e8ne Amata 4tet"},"content":{"rendered":"<p>Le premier amour musical d&#8217;Ir\u00e8ne est le piano, et c&#8217;est au clavier qu&#8217;elle compose des morceaux qui ne se conforment ni \u00e0 un genre musical, ni aux recettes commerciales. Apr\u00e8s des ann\u00e9es de sc\u00e8ne, c&#8217;est un nouveau d\u00e9part pour Irene ; chanter ses propres compositions la pousse \u00e0 renouveler son jeu vocal et son interpr\u00e9tation dans sa langue maternelle, l&#8217;italien.<\/p>\n<p>Pour la pr\u00e9paration de son premier opus comme auteur, elle choisit de d\u00e9cliner ses chansons dans des arrangements jazz, entour\u00e9e de musiciens de haute vol\u00e9e reconnus sur la sc\u00e8ne jazz fran\u00e7aise, qui r\u00e9ussissent l&#8217;exercice d\u00e9licat d&#8217;embrasser son univers sonore, et de le faire r\u00e9sonner aussi intens\u00e9ment que possible.<\/p>\n<p>Irene Amata : compositions, voix<br \/>\nFady Farah : piano<br \/>\nJean-Baptiste Perraudin : batterie<br \/>\nMaurizio Congiu : contrebasse<\/p>\n<p><iframe title=\"&quot;Lasciami Andare&quot;- Irene Amata\" width=\"750\" height=\"422\" src=\"https:\/\/www.youtube.com\/embed\/TgFeFhR5bAo?feature=oembed\" frameborder=\"0\" allow=\"accelerometer; autoplay; clipboard-write; encrypted-media; gyroscope; picture-in-picture; web-share\" referrerpolicy=\"strict-origin-when-cross-origin\" allowfullscreen><\/iframe><\/p>\n","protected":false},"excerpt":{"rendered":"<p>Le premier amour musical d&#8217;Ir\u00e8ne est le piano, et c&#8217;est au clavier qu&#8217;elle compose des morceaux qui ne se conforment ni \u00e0 un genre musical, ni aux recettes commerciales. Apr\u00e8s&hellip; <a class=\"more-link\" href=\"https:\/\/lemelville.fr\/accueil\/evenements\/irene-amata-4tet\/\">Poursuivre la lecture <span class=\"screen-reader-text\">Ir\u00e8ne Amata 4tet<\/span><\/a><\/p>\n","protected":false},"author":1,"featured_media":3414,"template":"","meta":{"_tribe_events_status":"","_tribe_events_status_reason":"","_tribe_events_is_hybrid":"","_tribe_events_is_virtual":"","_tribe_events_virtual_video_source":"","_tribe_events_virtual_embed_video":"","_tribe_events_virtual_linked_button_text":"","_tribe_events_virtual_linked_button":"","_tribe_events_virtual_show_embed_at":"","_tribe_events_virtual_show_embed_to":[],"_tribe_events_virtual_show_on_event":"","_tribe_events_virtual_show_on_views":"","_tribe_events_virtual_url":"","footnotes":""},"tags":[],"tribe_events_cat":[88],"class_list":["post-3411","tribe_events","type-tribe_events","status-publish","has-post-thumbnail","hentry","tribe_events_cat-jazz-standard","cat_jazz-standard","entry"],"yoast_head":"<!-- This site is optimized with the Yoast SEO Premium plugin v24.3 (Yoast SEO v27.1.1) - https:\/\/yoast.com\/product\/yoast-seo-premium-wordpress\/ -->\n<title>Ir\u00e8ne Amata 4tet - Le Melville<\/title>\n<meta name=\"robots\" content=\"index, follow, max-snippet:-1, max-image-preview:large, max-video-preview:-1\" \/>\n<link rel=\"canonical\" href=\"https:\/\/lemelville.fr\/accueil\/evenements\/irene-amata-4tet\/\" \/>\n<meta property=\"og:locale\" content=\"fr_FR\" \/>\n<meta property=\"og:type\" content=\"article\" \/>\n<meta property=\"og:title\" content=\"Ir\u00e8ne Amata 4tet\" \/>\n<meta property=\"og:description\" content=\"Le premier amour musical d&#8217;Ir\u00e8ne est le piano, et c&#8217;est au clavier qu&#8217;elle compose des morceaux qui ne se conforment ni \u00e0 un genre musical, ni aux recettes commerciales. Apr\u00e8s&hellip; Poursuivre la lecture Ir\u00e8ne Amata 4tet\" \/>\n<meta property=\"og:url\" content=\"https:\/\/lemelville.fr\/accueil\/evenements\/irene-amata-4tet\/\" \/>\n<meta property=\"og:site_name\" content=\"Le Melville\" \/>\n<meta property=\"article:publisher\" content=\"https:\/\/www.facebook.com\/people\/Le-Melville\/100085390055277\/\" \/>\n<meta property=\"article:modified_time\" content=\"2024-12-11T01:12:46+00:00\" \/>\n<meta property=\"og:image\" content=\"http:\/\/lemelville.fr\/wp-content\/uploads\/2024\/11\/Irene-Amata-4tet-Affiche-NF.png\" \/>\n\t<meta property=\"og:image:width\" content=\"1280\" \/>\n\t<meta property=\"og:image:height\" content=\"800\" \/>\n\t<meta property=\"og:image:type\" content=\"image\/png\" \/>\n<meta name=\"twitter:card\" content=\"summary_large_image\" \/>\n<meta name=\"twitter:label1\" content=\"Dur\u00e9e de lecture estim\u00e9e\" \/>\n\t<meta name=\"twitter:data1\" content=\"1 minute\" \/>\n<script type=\"application\/ld+json\" class=\"yoast-schema-graph\">{\"@context\":\"https:\/\/schema.org\",\"@graph\":[{\"@type\":\"WebPage\",\"@id\":\"https:\/\/lemelville.fr\/accueil\/evenements\/irene-amata-4tet\/\",\"url\":\"https:\/\/lemelville.fr\/accueil\/evenements\/irene-amata-4tet\/\",\"name\":\"Ir\u00e8ne Amata 4tet - Le Melville\",\"isPartOf\":{\"@id\":\"https:\/\/lemelville.fr\/accueil\/#website\"},\"primaryImageOfPage\":{\"@id\":\"https:\/\/lemelville.fr\/accueil\/evenements\/irene-amata-4tet\/#primaryimage\"},\"image\":{\"@id\":\"https:\/\/lemelville.fr\/accueil\/evenements\/irene-amata-4tet\/#primaryimage\"},\"thumbnailUrl\":\"https:\/\/lemelville.fr\/wp-content\/uploads\/2024\/11\/Irene-Amata-4tet-Affiche-NF.png\",\"datePublished\":\"2024-11-10T22:57:19+00:00\",\"dateModified\":\"2024-12-11T01:12:46+00:00\",\"breadcrumb\":{\"@id\":\"https:\/\/lemelville.fr\/accueil\/evenements\/irene-amata-4tet\/#breadcrumb\"},\"inLanguage\":\"fr-FR\",\"potentialAction\":[{\"@type\":\"ReadAction\",\"target\":[\"https:\/\/lemelville.fr\/accueil\/evenements\/irene-amata-4tet\/\"]}]},{\"@type\":\"ImageObject\",\"inLanguage\":\"fr-FR\",\"@id\":\"https:\/\/lemelville.fr\/accueil\/evenements\/irene-amata-4tet\/#primaryimage\",\"url\":\"https:\/\/lemelville.fr\/wp-content\/uploads\/2024\/11\/Irene-Amata-4tet-Affiche-NF.png\",\"contentUrl\":\"https:\/\/lemelville.fr\/wp-content\/uploads\/2024\/11\/Irene-Amata-4tet-Affiche-NF.png\",\"width\":1280,\"height\":800},{\"@type\":\"BreadcrumbList\",\"@id\":\"https:\/\/lemelville.fr\/accueil\/evenements\/irene-amata-4tet\/#breadcrumb\",\"itemListElement\":[{\"@type\":\"ListItem\",\"position\":1,\"name\":\"Accueil\",\"item\":\"https:\/\/lemelville.fr\/accueil\/\"},{\"@type\":\"ListItem\",\"position\":2,\"name\":\"\u00c9v\u00e8nements\",\"item\":\"https:\/\/lemelville.fr\/accueil\/evenements\/\"},{\"@type\":\"ListItem\",\"position\":3,\"name\":\"Ir\u00e8ne Amata 4tet\"}]},{\"@type\":\"WebSite\",\"@id\":\"https:\/\/lemelville.fr\/accueil\/#website\",\"url\":\"https:\/\/lemelville.fr\/accueil\/\",\"name\":\"Le Melville\",\"description\":\"Le Melville c\u2019est l\u2019\u00e9clectisme dans les verres, les assiettes et dans les oreilles. Du Jazz, de la world Music, souvent en live, une carte \u00e9l\u00e9gante de mets \u00e0 picorer et des cocktails sur mesure, le tout dans un \u00e9crin de bois et de velours.\",\"publisher\":{\"@id\":\"https:\/\/lemelville.fr\/accueil\/#organization\"},\"potentialAction\":[{\"@type\":\"SearchAction\",\"target\":{\"@type\":\"EntryPoint\",\"urlTemplate\":\"https:\/\/lemelville.fr\/accueil\/?s={search_term_string}\"},\"query-input\":{\"@type\":\"PropertyValueSpecification\",\"valueRequired\":true,\"valueName\":\"search_term_string\"}}],\"inLanguage\":\"fr-FR\"},{\"@type\":\"Organization\",\"@id\":\"https:\/\/lemelville.fr\/accueil\/#organization\",\"name\":\"Le Melville\",\"url\":\"https:\/\/lemelville.fr\/accueil\/\",\"logo\":{\"@type\":\"ImageObject\",\"inLanguage\":\"fr-FR\",\"@id\":\"https:\/\/lemelville.fr\/accueil\/#\/schema\/logo\/image\/\",\"url\":\"https:\/\/lemelville.fr\/wp-content\/uploads\/2023\/09\/Logo-transparent-1-e1720022580951.png\",\"contentUrl\":\"https:\/\/lemelville.fr\/wp-content\/uploads\/2023\/09\/Logo-transparent-1-e1720022580951.png\",\"width\":2000,\"height\":656,\"caption\":\"Le Melville\"},\"image\":{\"@id\":\"https:\/\/lemelville.fr\/accueil\/#\/schema\/logo\/image\/\"},\"sameAs\":[\"https:\/\/www.facebook.com\/people\/Le-Melville\/100085390055277\/\",\"https:\/\/www.instagram.com\/lemelville_paris\/\"]}]}<\/script>\n<!-- \/ Yoast SEO Premium plugin. -->","yoast_head_json":{"title":"Ir\u00e8ne Amata 4tet - Le Melville","robots":{"index":"index","follow":"follow","max-snippet":"max-snippet:-1","max-image-preview":"max-image-preview:large","max-video-preview":"max-video-preview:-1"},"canonical":"https:\/\/lemelville.fr\/accueil\/evenements\/irene-amata-4tet\/","og_locale":"fr_FR","og_type":"article","og_title":"Ir\u00e8ne Amata 4tet","og_description":"Le premier amour musical d&#8217;Ir\u00e8ne est le piano, et c&#8217;est au clavier qu&#8217;elle compose des morceaux qui ne se conforment ni \u00e0 un genre musical, ni aux recettes commerciales. Apr\u00e8s&hellip; Poursuivre la lecture Ir\u00e8ne Amata 4tet","og_url":"https:\/\/lemelville.fr\/accueil\/evenements\/irene-amata-4tet\/","og_site_name":"Le Melville","article_publisher":"https:\/\/www.facebook.com\/people\/Le-Melville\/100085390055277\/","article_modified_time":"2024-12-11T01:12:46+00:00","og_image":[{"width":1280,"height":800,"url":"http:\/\/lemelville.fr\/wp-content\/uploads\/2024\/11\/Irene-Amata-4tet-Affiche-NF.png","type":"image\/png"}],"twitter_card":"summary_large_image","twitter_misc":{"Dur\u00e9e de lecture estim\u00e9e":"1 minute"},"schema":{"@context":"https:\/\/schema.org","@graph":[{"@type":"WebPage","@id":"https:\/\/lemelville.fr\/accueil\/evenements\/irene-amata-4tet\/","url":"https:\/\/lemelville.fr\/accueil\/evenements\/irene-amata-4tet\/","name":"Ir\u00e8ne Amata 4tet - Le Melville","isPartOf":{"@id":"https:\/\/lemelville.fr\/accueil\/#website"},"primaryImageOfPage":{"@id":"https:\/\/lemelville.fr\/accueil\/evenements\/irene-amata-4tet\/#primaryimage"},"image":{"@id":"https:\/\/lemelville.fr\/accueil\/evenements\/irene-amata-4tet\/#primaryimage"},"thumbnailUrl":"https:\/\/lemelville.fr\/wp-content\/uploads\/2024\/11\/Irene-Amata-4tet-Affiche-NF.png","datePublished":"2024-11-10T22:57:19+00:00","dateModified":"2024-12-11T01:12:46+00:00","breadcrumb":{"@id":"https:\/\/lemelville.fr\/accueil\/evenements\/irene-amata-4tet\/#breadcrumb"},"inLanguage":"fr-FR","potentialAction":[{"@type":"ReadAction","target":["https:\/\/lemelville.fr\/accueil\/evenements\/irene-amata-4tet\/"]}]},{"@type":"ImageObject","inLanguage":"fr-FR","@id":"https:\/\/lemelville.fr\/accueil\/evenements\/irene-amata-4tet\/#primaryimage","url":"https:\/\/lemelville.fr\/wp-content\/uploads\/2024\/11\/Irene-Amata-4tet-Affiche-NF.png","contentUrl":"https:\/\/lemelville.fr\/wp-content\/uploads\/2024\/11\/Irene-Amata-4tet-Affiche-NF.png","width":1280,"height":800},{"@type":"BreadcrumbList","@id":"https:\/\/lemelville.fr\/accueil\/evenements\/irene-amata-4tet\/#breadcrumb","itemListElement":[{"@type":"ListItem","position":1,"name":"Accueil","item":"https:\/\/lemelville.fr\/accueil\/"},{"@type":"ListItem","position":2,"name":"\u00c9v\u00e8nements","item":"https:\/\/lemelville.fr\/accueil\/evenements\/"},{"@type":"ListItem","position":3,"name":"Ir\u00e8ne Amata 4tet"}]},{"@type":"WebSite","@id":"https:\/\/lemelville.fr\/accueil\/#website","url":"https:\/\/lemelville.fr\/accueil\/","name":"Le Melville","description":"Le Melville c\u2019est l\u2019\u00e9clectisme dans les verres, les assiettes et dans les oreilles. Du Jazz, de la world Music, souvent en live, une carte \u00e9l\u00e9gante de mets \u00e0 picorer et des cocktails sur mesure, le tout dans un \u00e9crin de bois et de velours.","publisher":{"@id":"https:\/\/lemelville.fr\/accueil\/#organization"},"potentialAction":[{"@type":"SearchAction","target":{"@type":"EntryPoint","urlTemplate":"https:\/\/lemelville.fr\/accueil\/?s={search_term_string}"},"query-input":{"@type":"PropertyValueSpecification","valueRequired":true,"valueName":"search_term_string"}}],"inLanguage":"fr-FR"},{"@type":"Organization","@id":"https:\/\/lemelville.fr\/accueil\/#organization","name":"Le Melville","url":"https:\/\/lemelville.fr\/accueil\/","logo":{"@type":"ImageObject","inLanguage":"fr-FR","@id":"https:\/\/lemelville.fr\/accueil\/#\/schema\/logo\/image\/","url":"https:\/\/lemelville.fr\/wp-content\/uploads\/2023\/09\/Logo-transparent-1-e1720022580951.png","contentUrl":"https:\/\/lemelville.fr\/wp-content\/uploads\/2023\/09\/Logo-transparent-1-e1720022580951.png","width":2000,"height":656,"caption":"Le Melville"},"image":{"@id":"https:\/\/lemelville.fr\/accueil\/#\/schema\/logo\/image\/"},"sameAs":["https:\/\/www.facebook.com\/people\/Le-Melville\/100085390055277\/","https:\/\/www.instagram.com\/lemelville_paris\/"]}]}},"_links":{"self":[{"href":"https:\/\/lemelville.fr\/accueil\/wp-json\/wp\/v2\/tribe_events\/3411","targetHints":{"allow":["GET"]}}],"collection":[{"href":"https:\/\/lemelville.fr\/accueil\/wp-json\/wp\/v2\/tribe_events"}],"about":[{"href":"https:\/\/lemelville.fr\/accueil\/wp-json\/wp\/v2\/types\/tribe_events"}],"author":[{"embeddable":true,"href":"https:\/\/lemelville.fr\/accueil\/wp-json\/wp\/v2\/users\/1"}],"version-history":[{"count":4,"href":"https:\/\/lemelville.fr\/accueil\/wp-json\/wp\/v2\/tribe_events\/3411\/revisions"}],"predecessor-version":[{"id":3434,"href":"https:\/\/lemelville.fr\/accueil\/wp-json\/wp\/v2\/tribe_events\/3411\/revisions\/3434"}],"wp:featuredmedia":[{"embeddable":true,"href":"https:\/\/lemelville.fr\/accueil\/wp-json\/wp\/v2\/media\/3414"}],"wp:attachment":[{"href":"https:\/\/lemelville.fr\/accueil\/wp-json\/wp\/v2\/media?parent=3411"}],"wp:term":[{"taxonomy":"post_tag","embeddable":true,"href":"https:\/\/lemelville.fr\/accueil\/wp-json\/wp\/v2\/tags?post=3411"},{"taxonomy":"tribe_events_cat","embeddable":true,"href":"https:\/\/lemelville.fr\/accueil\/wp-json\/wp\/v2\/tribe_events_cat?post=3411"}],"curies":[{"name":"wp","href":"https:\/\/api.w.org\/{rel}","templated":true}]}}

Irène Amata 4tet

<p>Le premier amour musical d&#8217;Irène est le piano, et c&#8217;est au clavier qu&#8217;elle compose des morceaux qui ne se conforment ni à un genre musical, ni aux recettes commerciales. Après des années de scène, c&#8217;est un nouveau départ pour Irene ; chanter ses propres compositions la pousse à renouveler son jeu vocal et son interprétation dans sa langue maternelle, l&#8217;italien.</p>
<p>Pour la préparation de son premier opus comme auteur, elle choisit de décliner ses chansons dans des arrangements jazz, entourée de musiciens de haute volée reconnus sur la scène jazz française, qui réussissent l&#8217;exercice délicat d&#8217;embrasser son univers sonore, et de le faire résonner aussi intensément que possible.</p>
<p>Irene Amata : compositions, voix<br />
Fady Farah : piano<br />
Jean-Baptiste Perraudin : batterie<br />
Maurizio Congiu : contrebasse</p>
<p><iframe title="&quot;Lasciami Andare&quot;- Irene Amata" width="750" height="422" src="https://www.youtube.com/embed/TgFeFhR5bAo?feature=oembed" frameborder="0" allow="accelerometer; autoplay; clipboard-write; encrypted-media; gyroscope; picture-in-picture; web-share" referrerpolicy="strict-origin-when-cross-origin" allowfullscreen></iframe></p>

<p>Le premier amour musical d&#8217;Irène est le piano, et c&#8217;est au clavier qu&#8217;elle compose des morceaux qui ne se conforment ni à un genre musical, ni aux recettes commerciales. Après&hellip; <a class="more-link" href="https://lemelville.fr/accueil/evenements/irene-amata-4tet/">Poursuivre la lecture <span class="screen-reader-text">Irène Amata 4tet</span></a></p>

<!-- This site is optimized with the Yoast SEO Premium plugin v24.3 (Yoast SEO v27.1.1) - https://yoast.com/product/yoast-seo-premium-wordpress/ -->
<title>Irène Amata 4tet - Le Melville</title>
<meta name="robots" content="index, follow, max-snippet:-1, max-image-preview:large, max-video-preview:-1" />
<link rel="canonical" href="https://lemelville.fr/accueil/evenements/irene-amata-4tet/" />
<meta property="og:locale" content="fr_FR" />
<meta property="og:type" content="article" />
<meta property="og:title" content="Irène Amata 4tet" />
<meta property="og:description" content="Le premier amour musical d&#8217;Irène est le piano, et c&#8217;est au clavier qu&#8217;elle compose des morceaux qui ne se conforment ni à un genre musical, ni aux recettes commerciales. Après&hellip; Poursuivre la lecture Irène Amata 4tet" />
<meta property="og:url" content="https://lemelville.fr/accueil/evenements/irene-amata-4tet/" />
<meta property="og:site_name" content="Le Melville" />
<meta property="article:publisher" content="https://www.facebook.com/people/Le-Melville/100085390055277/" />
<meta property="article:modified_time" content="2024-12-11T01:12:46+00:00" />
<meta property="og:image" content="http://lemelville.fr/wp-content/uploads/2024/11/Irene-Amata-4tet-Affiche-NF.png" />
	<meta property="og:image:width" content="1280" />
	<meta property="og:image:height" content="800" />
	<meta property="og:image:type" content="image/png" />
<meta name="twitter:card" content="summary_large_image" />
<meta name="twitter:label1" content="Durée de lecture estimée" />
	<meta name="twitter:data1" content="1 minute" />
<script type="application/ld+json" class="yoast-schema-graph">{"@context":"https://schema.org","@graph":[{"@type":"WebPage","@id":"https://lemelville.fr/accueil/evenements/irene-amata-4tet/","url":"https://lemelville.fr/accueil/evenements/irene-amata-4tet/","name":"Irène Amata 4tet - Le Melville","isPartOf":{"@id":"https://lemelville.fr/accueil/#website"},"primaryImageOfPage":{"@id":"https://lemelville.fr/accueil/evenements/irene-amata-4tet/#primaryimage"},"image":{"@id":"https://lemelville.fr/accueil/evenements/irene-amata-4tet/#primaryimage"},"thumbnailUrl":"https://lemelville.fr/wp-content/uploads/2024/11/Irene-Amata-4tet-Affiche-NF.png","datePublished":"2024-11-10T22:57:19+00:00","dateModified":"2024-12-11T01:12:46+00:00","breadcrumb":{"@id":"https://lemelville.fr/accueil/evenements/irene-amata-4tet/#breadcrumb"},"inLanguage":"fr-FR","potentialAction":[{"@type":"ReadAction","target":["https://lemelville.fr/accueil/evenements/irene-amata-4tet/"]}]},{"@type":"ImageObject","inLanguage":"fr-FR","@id":"https://lemelville.fr/accueil/evenements/irene-amata-4tet/#primaryimage","url":"https://lemelville.fr/wp-content/uploads/2024/11/Irene-Amata-4tet-Affiche-NF.png","contentUrl":"https://lemelville.fr/wp-content/uploads/2024/11/Irene-Amata-4tet-Affiche-NF.png","width":1280,"height":800},{"@type":"BreadcrumbList","@id":"https://lemelville.fr/accueil/evenements/irene-amata-4tet/#breadcrumb","itemListElement":[{"@type":"ListItem","position":1,"name":"Accueil","item":"https://lemelville.fr/accueil/"},{"@type":"ListItem","position":2,"name":"Évènements","item":"https://lemelville.fr/accueil/evenements/"},{"@type":"ListItem","position":3,"name":"Irène Amata 4tet"}]},{"@type":"WebSite","@id":"https://lemelville.fr/accueil/#website","url":"https://lemelville.fr/accueil/","name":"Le Melville","description":"Le Melville c’est l’éclectisme dans les verres, les assiettes et dans les oreilles. Du Jazz, de la world Music, souvent en live, une carte élégante de mets à picorer et des cocktails sur mesure, le tout dans un écrin de bois et de velours.","publisher":{"@id":"https://lemelville.fr/accueil/#organization"},"potentialAction":[{"@type":"SearchAction","target":{"@type":"EntryPoint","urlTemplate":"https://lemelville.fr/accueil/?s={search_term_string}"},"query-input":{"@type":"PropertyValueSpecification","valueRequired":true,"valueName":"search_term_string"}}],"inLanguage":"fr-FR"},{"@type":"Organization","@id":"https://lemelville.fr/accueil/#organization","name":"Le Melville","url":"https://lemelville.fr/accueil/","logo":{"@type":"ImageObject","inLanguage":"fr-FR","@id":"https://lemelville.fr/accueil/#/schema/logo/image/","url":"https://lemelville.fr/wp-content/uploads/2023/09/Logo-transparent-1-e1720022580951.png","contentUrl":"https://lemelville.fr/wp-content/uploads/2023/09/Logo-transparent-1-e1720022580951.png","width":2000,"height":656,"caption":"Le Melville"},"image":{"@id":"https://lemelville.fr/accueil/#/schema/logo/image/"},"sameAs":["https://www.facebook.com/people/Le-Melville/100085390055277/","https://www.instagram.com/lemelville_paris/"]}]}</script>
<!-- / Yoast SEO Premium plugin. -->

Irène Amata 4tet - Le Melville

Le premier amour musical d&#8217;Irène est le piano, et c&#8217;est au clavier qu&#8217;elle compose des morceaux qui ne se conforment ni à un genre musical, ni aux recettes commerciales. Après&hellip; Poursuivre la lecture Irène Amata 4tet

Évènements

Le Melville c’est l’éclectisme dans les verres, les assiettes et dans les oreilles. Du Jazz, de la world Music, souvent en live, une carte élégante de mets à picorer et des cocktails sur mesure, le tout dans un écrin de bois et de velours.
