{"id":3577,"date":"2024-12-11T01:24:57","date_gmt":"2024-12-11T00:24:57","guid":{"rendered":"https:\/\/lemelville.fr\/?post_type=tribe_events&#038;p=3577"},"modified":"2025-02-18T12:26:19","modified_gmt":"2025-02-18T11:26:19","slug":"la-dame-endormie","status":"publish","type":"tribe_events","link":"https:\/\/lemelville.fr\/accueil\/evenements\/la-dame-endormie\/","title":{"rendered":"La Dame Endormie"},"content":{"rendered":"<p><span data-contrast=\"auto\">Compos\u00e9 de Rapha\u00ebl Faigenbaum au piano, Or\u00e9lio Paladini \u00e0 la batterie ainsi que Jules Bill\u00e9\u202f\u00e0 la contrebasse, ces trois musiciens qui compose le Trio de la Dame Endormie ont construit leurs esth\u00e9tiques musicales autour de grands noms du jazz traditionnel : des musiciens\u202fqui ont su, entour\u00e9s\u202fd\u2019accompagnateurs d\u2019exceptions, cr\u00e9er des sonorit\u00e9s hors pairs. Le Trio de la Dame Endormie Collectif travaille actuellement sur un r\u00e9pertoire revisit\u00e9 de chansons des ann\u00e9es 30 et 40, qu\u2019il aura le plaisir de pr\u00e9senter au public le Mardi 18 f\u00e9vrier 2025 au club Le Melville \u00e0 Paris.<\/span><span data-ccp-props=\"{}\">\u00a0<\/span><\/p>\n<p>&nbsp;<\/p>\n<p><span data-contrast=\"auto\">Piano : Rapha\u00ebl Faigenbaum<\/span><span data-ccp-props=\"{}\">\u00a0<\/span><\/p>\n<p><span data-contrast=\"auto\">Contrebasse : Jules Bill\u00e9<\/span><span data-ccp-props=\"{}\">\u00a0<\/span><\/p>\n<p><span data-contrast=\"auto\">Batterie : Or\u00e9lio Paladini<\/span><span data-ccp-props=\"{}\">\u00a0<\/span><\/p>\n<p><span data-ccp-props=\"{}\">\u00a0<\/span><\/p>\n","protected":false},"excerpt":{"rendered":"<p>Compos\u00e9 de Rapha\u00ebl Faigenbaum au piano, Or\u00e9lio Paladini \u00e0 la batterie ainsi que Jules Bill\u00e9\u202f\u00e0 la contrebasse, ces trois musiciens qui compose le Trio de la Dame Endormie ont construit&hellip; <a class=\"more-link\" href=\"https:\/\/lemelville.fr\/accueil\/evenements\/la-dame-endormie\/\">Poursuivre la lecture <span class=\"screen-reader-text\">La Dame Endormie<\/span><\/a><\/p>\n","protected":false},"author":1,"featured_media":3578,"template":"","meta":{"_tribe_events_status":"","_tribe_events_status_reason":"","_tribe_events_is_hybrid":"","_tribe_events_is_virtual":"","_tribe_events_virtual_video_source":"","_tribe_events_virtual_embed_video":"","_tribe_events_virtual_linked_button_text":"","_tribe_events_virtual_linked_button":"","_tribe_events_virtual_show_embed_at":"","_tribe_events_virtual_show_embed_to":[],"_tribe_events_virtual_show_on_event":"","_tribe_events_virtual_show_on_views":"","_tribe_events_virtual_url":"","footnotes":""},"tags":[],"tribe_events_cat":[88],"class_list":["post-3577","tribe_events","type-tribe_events","status-publish","has-post-thumbnail","hentry","tribe_events_cat-jazz-standard","cat_jazz-standard","entry"],"yoast_head":"<!-- This site is optimized with the Yoast SEO Premium plugin v24.3 (Yoast SEO v27.1.1) - https:\/\/yoast.com\/product\/yoast-seo-premium-wordpress\/ -->\n<title>La Dame Endormie - Le Melville<\/title>\n<meta name=\"robots\" content=\"index, follow, max-snippet:-1, max-image-preview:large, max-video-preview:-1\" \/>\n<link rel=\"canonical\" href=\"https:\/\/lemelville.fr\/accueil\/evenements\/la-dame-endormie\/\" \/>\n<meta property=\"og:locale\" content=\"fr_FR\" \/>\n<meta property=\"og:type\" content=\"article\" \/>\n<meta property=\"og:title\" content=\"La Dame Endormie\" \/>\n<meta property=\"og:description\" content=\"Compos\u00e9 de Rapha\u00ebl Faigenbaum au piano, Or\u00e9lio Paladini \u00e0 la batterie ainsi que Jules Bill\u00e9\u202f\u00e0 la contrebasse, ces trois musiciens qui compose le Trio de la Dame Endormie ont construit&hellip; Poursuivre la lecture La Dame Endormie\" \/>\n<meta property=\"og:url\" content=\"https:\/\/lemelville.fr\/accueil\/evenements\/la-dame-endormie\/\" \/>\n<meta property=\"og:site_name\" content=\"Le Melville\" \/>\n<meta property=\"article:publisher\" content=\"https:\/\/www.facebook.com\/people\/Le-Melville\/100085390055277\/\" \/>\n<meta property=\"article:modified_time\" content=\"2025-02-18T11:26:19+00:00\" \/>\n<meta property=\"og:image\" content=\"https:\/\/lemelville.fr\/wp-content\/uploads\/2024\/12\/Raphael-Faigenbaum-Affiche-NF.png\" \/>\n\t<meta property=\"og:image:width\" content=\"1280\" \/>\n\t<meta property=\"og:image:height\" content=\"800\" \/>\n\t<meta property=\"og:image:type\" content=\"image\/png\" \/>\n<meta name=\"twitter:card\" content=\"summary_large_image\" \/>\n<meta name=\"twitter:label1\" content=\"Dur\u00e9e de lecture estim\u00e9e\" \/>\n\t<meta name=\"twitter:data1\" content=\"1 minute\" \/>\n<script type=\"application\/ld+json\" class=\"yoast-schema-graph\">{\"@context\":\"https:\/\/schema.org\",\"@graph\":[{\"@type\":\"WebPage\",\"@id\":\"https:\/\/lemelville.fr\/accueil\/evenements\/la-dame-endormie\/\",\"url\":\"https:\/\/lemelville.fr\/accueil\/evenements\/la-dame-endormie\/\",\"name\":\"La Dame Endormie - Le Melville\",\"isPartOf\":{\"@id\":\"https:\/\/lemelville.fr\/accueil\/#website\"},\"primaryImageOfPage\":{\"@id\":\"https:\/\/lemelville.fr\/accueil\/evenements\/la-dame-endormie\/#primaryimage\"},\"image\":{\"@id\":\"https:\/\/lemelville.fr\/accueil\/evenements\/la-dame-endormie\/#primaryimage\"},\"thumbnailUrl\":\"https:\/\/lemelville.fr\/wp-content\/uploads\/2024\/12\/Raphael-Faigenbaum-Affiche-NF.png\",\"datePublished\":\"2024-12-11T00:24:57+00:00\",\"dateModified\":\"2025-02-18T11:26:19+00:00\",\"breadcrumb\":{\"@id\":\"https:\/\/lemelville.fr\/accueil\/evenements\/la-dame-endormie\/#breadcrumb\"},\"inLanguage\":\"fr-FR\",\"potentialAction\":[{\"@type\":\"ReadAction\",\"target\":[\"https:\/\/lemelville.fr\/accueil\/evenements\/la-dame-endormie\/\"]}]},{\"@type\":\"ImageObject\",\"inLanguage\":\"fr-FR\",\"@id\":\"https:\/\/lemelville.fr\/accueil\/evenements\/la-dame-endormie\/#primaryimage\",\"url\":\"https:\/\/lemelville.fr\/wp-content\/uploads\/2024\/12\/Raphael-Faigenbaum-Affiche-NF.png\",\"contentUrl\":\"https:\/\/lemelville.fr\/wp-content\/uploads\/2024\/12\/Raphael-Faigenbaum-Affiche-NF.png\",\"width\":1280,\"height\":800},{\"@type\":\"BreadcrumbList\",\"@id\":\"https:\/\/lemelville.fr\/accueil\/evenements\/la-dame-endormie\/#breadcrumb\",\"itemListElement\":[{\"@type\":\"ListItem\",\"position\":1,\"name\":\"Accueil\",\"item\":\"https:\/\/lemelville.fr\/accueil\/\"},{\"@type\":\"ListItem\",\"position\":2,\"name\":\"\u00c9v\u00e8nements\",\"item\":\"https:\/\/lemelville.fr\/accueil\/evenements\/\"},{\"@type\":\"ListItem\",\"position\":3,\"name\":\"La Dame Endormie\"}]},{\"@type\":\"WebSite\",\"@id\":\"https:\/\/lemelville.fr\/accueil\/#website\",\"url\":\"https:\/\/lemelville.fr\/accueil\/\",\"name\":\"Le Melville\",\"description\":\"Le Melville c\u2019est l\u2019\u00e9clectisme dans les verres, les assiettes et dans les oreilles. Du Jazz, de la world Music, souvent en live, une carte \u00e9l\u00e9gante de mets \u00e0 picorer et des cocktails sur mesure, le tout dans un \u00e9crin de bois et de velours.\",\"publisher\":{\"@id\":\"https:\/\/lemelville.fr\/accueil\/#organization\"},\"potentialAction\":[{\"@type\":\"SearchAction\",\"target\":{\"@type\":\"EntryPoint\",\"urlTemplate\":\"https:\/\/lemelville.fr\/accueil\/?s={search_term_string}\"},\"query-input\":{\"@type\":\"PropertyValueSpecification\",\"valueRequired\":true,\"valueName\":\"search_term_string\"}}],\"inLanguage\":\"fr-FR\"},{\"@type\":\"Organization\",\"@id\":\"https:\/\/lemelville.fr\/accueil\/#organization\",\"name\":\"Le Melville\",\"url\":\"https:\/\/lemelville.fr\/accueil\/\",\"logo\":{\"@type\":\"ImageObject\",\"inLanguage\":\"fr-FR\",\"@id\":\"https:\/\/lemelville.fr\/accueil\/#\/schema\/logo\/image\/\",\"url\":\"https:\/\/lemelville.fr\/wp-content\/uploads\/2023\/09\/Logo-transparent-1-e1720022580951.png\",\"contentUrl\":\"https:\/\/lemelville.fr\/wp-content\/uploads\/2023\/09\/Logo-transparent-1-e1720022580951.png\",\"width\":2000,\"height\":656,\"caption\":\"Le Melville\"},\"image\":{\"@id\":\"https:\/\/lemelville.fr\/accueil\/#\/schema\/logo\/image\/\"},\"sameAs\":[\"https:\/\/www.facebook.com\/people\/Le-Melville\/100085390055277\/\",\"https:\/\/www.instagram.com\/lemelville_paris\/\"]}]}<\/script>\n<!-- \/ Yoast SEO Premium plugin. -->","yoast_head_json":{"title":"La Dame Endormie - Le Melville","robots":{"index":"index","follow":"follow","max-snippet":"max-snippet:-1","max-image-preview":"max-image-preview:large","max-video-preview":"max-video-preview:-1"},"canonical":"https:\/\/lemelville.fr\/accueil\/evenements\/la-dame-endormie\/","og_locale":"fr_FR","og_type":"article","og_title":"La Dame Endormie","og_description":"Compos\u00e9 de Rapha\u00ebl Faigenbaum au piano, Or\u00e9lio Paladini \u00e0 la batterie ainsi que Jules Bill\u00e9\u202f\u00e0 la contrebasse, ces trois musiciens qui compose le Trio de la Dame Endormie ont construit&hellip; Poursuivre la lecture La Dame Endormie","og_url":"https:\/\/lemelville.fr\/accueil\/evenements\/la-dame-endormie\/","og_site_name":"Le Melville","article_publisher":"https:\/\/www.facebook.com\/people\/Le-Melville\/100085390055277\/","article_modified_time":"2025-02-18T11:26:19+00:00","og_image":[{"width":1280,"height":800,"url":"https:\/\/lemelville.fr\/wp-content\/uploads\/2024\/12\/Raphael-Faigenbaum-Affiche-NF.png","type":"image\/png"}],"twitter_card":"summary_large_image","twitter_misc":{"Dur\u00e9e de lecture estim\u00e9e":"1 minute"},"schema":{"@context":"https:\/\/schema.org","@graph":[{"@type":"WebPage","@id":"https:\/\/lemelville.fr\/accueil\/evenements\/la-dame-endormie\/","url":"https:\/\/lemelville.fr\/accueil\/evenements\/la-dame-endormie\/","name":"La Dame Endormie - Le Melville","isPartOf":{"@id":"https:\/\/lemelville.fr\/accueil\/#website"},"primaryImageOfPage":{"@id":"https:\/\/lemelville.fr\/accueil\/evenements\/la-dame-endormie\/#primaryimage"},"image":{"@id":"https:\/\/lemelville.fr\/accueil\/evenements\/la-dame-endormie\/#primaryimage"},"thumbnailUrl":"https:\/\/lemelville.fr\/wp-content\/uploads\/2024\/12\/Raphael-Faigenbaum-Affiche-NF.png","datePublished":"2024-12-11T00:24:57+00:00","dateModified":"2025-02-18T11:26:19+00:00","breadcrumb":{"@id":"https:\/\/lemelville.fr\/accueil\/evenements\/la-dame-endormie\/#breadcrumb"},"inLanguage":"fr-FR","potentialAction":[{"@type":"ReadAction","target":["https:\/\/lemelville.fr\/accueil\/evenements\/la-dame-endormie\/"]}]},{"@type":"ImageObject","inLanguage":"fr-FR","@id":"https:\/\/lemelville.fr\/accueil\/evenements\/la-dame-endormie\/#primaryimage","url":"https:\/\/lemelville.fr\/wp-content\/uploads\/2024\/12\/Raphael-Faigenbaum-Affiche-NF.png","contentUrl":"https:\/\/lemelville.fr\/wp-content\/uploads\/2024\/12\/Raphael-Faigenbaum-Affiche-NF.png","width":1280,"height":800},{"@type":"BreadcrumbList","@id":"https:\/\/lemelville.fr\/accueil\/evenements\/la-dame-endormie\/#breadcrumb","itemListElement":[{"@type":"ListItem","position":1,"name":"Accueil","item":"https:\/\/lemelville.fr\/accueil\/"},{"@type":"ListItem","position":2,"name":"\u00c9v\u00e8nements","item":"https:\/\/lemelville.fr\/accueil\/evenements\/"},{"@type":"ListItem","position":3,"name":"La Dame Endormie"}]},{"@type":"WebSite","@id":"https:\/\/lemelville.fr\/accueil\/#website","url":"https:\/\/lemelville.fr\/accueil\/","name":"Le Melville","description":"Le Melville c\u2019est l\u2019\u00e9clectisme dans les verres, les assiettes et dans les oreilles. Du Jazz, de la world Music, souvent en live, une carte \u00e9l\u00e9gante de mets \u00e0 picorer et des cocktails sur mesure, le tout dans un \u00e9crin de bois et de velours.","publisher":{"@id":"https:\/\/lemelville.fr\/accueil\/#organization"},"potentialAction":[{"@type":"SearchAction","target":{"@type":"EntryPoint","urlTemplate":"https:\/\/lemelville.fr\/accueil\/?s={search_term_string}"},"query-input":{"@type":"PropertyValueSpecification","valueRequired":true,"valueName":"search_term_string"}}],"inLanguage":"fr-FR"},{"@type":"Organization","@id":"https:\/\/lemelville.fr\/accueil\/#organization","name":"Le Melville","url":"https:\/\/lemelville.fr\/accueil\/","logo":{"@type":"ImageObject","inLanguage":"fr-FR","@id":"https:\/\/lemelville.fr\/accueil\/#\/schema\/logo\/image\/","url":"https:\/\/lemelville.fr\/wp-content\/uploads\/2023\/09\/Logo-transparent-1-e1720022580951.png","contentUrl":"https:\/\/lemelville.fr\/wp-content\/uploads\/2023\/09\/Logo-transparent-1-e1720022580951.png","width":2000,"height":656,"caption":"Le Melville"},"image":{"@id":"https:\/\/lemelville.fr\/accueil\/#\/schema\/logo\/image\/"},"sameAs":["https:\/\/www.facebook.com\/people\/Le-Melville\/100085390055277\/","https:\/\/www.instagram.com\/lemelville_paris\/"]}]}},"_links":{"self":[{"href":"https:\/\/lemelville.fr\/accueil\/wp-json\/wp\/v2\/tribe_events\/3577","targetHints":{"allow":["GET"]}}],"collection":[{"href":"https:\/\/lemelville.fr\/accueil\/wp-json\/wp\/v2\/tribe_events"}],"about":[{"href":"https:\/\/lemelville.fr\/accueil\/wp-json\/wp\/v2\/types\/tribe_events"}],"author":[{"embeddable":true,"href":"https:\/\/lemelville.fr\/accueil\/wp-json\/wp\/v2\/users\/1"}],"version-history":[{"count":1,"href":"https:\/\/lemelville.fr\/accueil\/wp-json\/wp\/v2\/tribe_events\/3577\/revisions"}],"predecessor-version":[{"id":3579,"href":"https:\/\/lemelville.fr\/accueil\/wp-json\/wp\/v2\/tribe_events\/3577\/revisions\/3579"}],"wp:featuredmedia":[{"embeddable":true,"href":"https:\/\/lemelville.fr\/accueil\/wp-json\/wp\/v2\/media\/3578"}],"wp:attachment":[{"href":"https:\/\/lemelville.fr\/accueil\/wp-json\/wp\/v2\/media?parent=3577"}],"wp:term":[{"taxonomy":"post_tag","embeddable":true,"href":"https:\/\/lemelville.fr\/accueil\/wp-json\/wp\/v2\/tags?post=3577"},{"taxonomy":"tribe_events_cat","embeddable":true,"href":"https:\/\/lemelville.fr\/accueil\/wp-json\/wp\/v2\/tribe_events_cat?post=3577"}],"curies":[{"name":"wp","href":"https:\/\/api.w.org\/{rel}","templated":true}]}}

<p><span data-contrast="auto">Composé de Raphaël Faigenbaum au piano, Orélio Paladini à la batterie ainsi que Jules Billé à la contrebasse, ces trois musiciens qui compose le Trio de la Dame Endormie ont construit leurs esthétiques musicales autour de grands noms du jazz traditionnel : des musiciens qui ont su, entourés d’accompagnateurs d’exceptions, créer des sonorités hors pairs. Le Trio de la Dame Endormie Collectif travaille actuellement sur un répertoire revisité de chansons des années 30 et 40, qu’il aura le plaisir de présenter au public le Mardi 18 février 2025 au club Le Melville à Paris.</span><span data-ccp-props="{}"> </span></p>
<p>&nbsp;</p>
<p><span data-contrast="auto">Piano : Raphaël Faigenbaum</span><span data-ccp-props="{}"> </span></p>
<p><span data-contrast="auto">Contrebasse : Jules Billé</span><span data-ccp-props="{}"> </span></p>
<p><span data-contrast="auto">Batterie : Orélio Paladini</span><span data-ccp-props="{}"> </span></p>
<p><span data-ccp-props="{}"> </span></p>

<p>Composé de Raphaël Faigenbaum au piano, Orélio Paladini à la batterie ainsi que Jules Billé à la contrebasse, ces trois musiciens qui compose le Trio de la Dame Endormie ont construit&hellip; <a class="more-link" href="https://lemelville.fr/accueil/evenements/la-dame-endormie/">Poursuivre la lecture <span class="screen-reader-text">La Dame Endormie</span></a></p>

<!-- This site is optimized with the Yoast SEO Premium plugin v24.3 (Yoast SEO v27.1.1) - https://yoast.com/product/yoast-seo-premium-wordpress/ -->
<title>La Dame Endormie - Le Melville</title>
<meta name="robots" content="index, follow, max-snippet:-1, max-image-preview:large, max-video-preview:-1" />
<link rel="canonical" href="https://lemelville.fr/accueil/evenements/la-dame-endormie/" />
<meta property="og:locale" content="fr_FR" />
<meta property="og:type" content="article" />
<meta property="og:title" content="La Dame Endormie" />
<meta property="og:description" content="Composé de Raphaël Faigenbaum au piano, Orélio Paladini à la batterie ainsi que Jules Billé à la contrebasse, ces trois musiciens qui compose le Trio de la Dame Endormie ont construit&hellip; Poursuivre la lecture La Dame Endormie" />
<meta property="og:url" content="https://lemelville.fr/accueil/evenements/la-dame-endormie/" />
<meta property="og:site_name" content="Le Melville" />
<meta property="article:publisher" content="https://www.facebook.com/people/Le-Melville/100085390055277/" />
<meta property="article:modified_time" content="2025-02-18T11:26:19+00:00" />
<meta property="og:image" content="https://lemelville.fr/wp-content/uploads/2024/12/Raphael-Faigenbaum-Affiche-NF.png" />
	<meta property="og:image:width" content="1280" />
	<meta property="og:image:height" content="800" />
	<meta property="og:image:type" content="image/png" />
<meta name="twitter:card" content="summary_large_image" />
<meta name="twitter:label1" content="Durée de lecture estimée" />
	<meta name="twitter:data1" content="1 minute" />
<script type="application/ld+json" class="yoast-schema-graph">{"@context":"https://schema.org","@graph":[{"@type":"WebPage","@id":"https://lemelville.fr/accueil/evenements/la-dame-endormie/","url":"https://lemelville.fr/accueil/evenements/la-dame-endormie/","name":"La Dame Endormie - Le Melville","isPartOf":{"@id":"https://lemelville.fr/accueil/#website"},"primaryImageOfPage":{"@id":"https://lemelville.fr/accueil/evenements/la-dame-endormie/#primaryimage"},"image":{"@id":"https://lemelville.fr/accueil/evenements/la-dame-endormie/#primaryimage"},"thumbnailUrl":"https://lemelville.fr/wp-content/uploads/2024/12/Raphael-Faigenbaum-Affiche-NF.png","datePublished":"2024-12-11T00:24:57+00:00","dateModified":"2025-02-18T11:26:19+00:00","breadcrumb":{"@id":"https://lemelville.fr/accueil/evenements/la-dame-endormie/#breadcrumb"},"inLanguage":"fr-FR","potentialAction":[{"@type":"ReadAction","target":["https://lemelville.fr/accueil/evenements/la-dame-endormie/"]}]},{"@type":"ImageObject","inLanguage":"fr-FR","@id":"https://lemelville.fr/accueil/evenements/la-dame-endormie/#primaryimage","url":"https://lemelville.fr/wp-content/uploads/2024/12/Raphael-Faigenbaum-Affiche-NF.png","contentUrl":"https://lemelville.fr/wp-content/uploads/2024/12/Raphael-Faigenbaum-Affiche-NF.png","width":1280,"height":800},{"@type":"BreadcrumbList","@id":"https://lemelville.fr/accueil/evenements/la-dame-endormie/#breadcrumb","itemListElement":[{"@type":"ListItem","position":1,"name":"Accueil","item":"https://lemelville.fr/accueil/"},{"@type":"ListItem","position":2,"name":"Évènements","item":"https://lemelville.fr/accueil/evenements/"},{"@type":"ListItem","position":3,"name":"La Dame Endormie"}]},{"@type":"WebSite","@id":"https://lemelville.fr/accueil/#website","url":"https://lemelville.fr/accueil/","name":"Le Melville","description":"Le Melville c’est l’éclectisme dans les verres, les assiettes et dans les oreilles. Du Jazz, de la world Music, souvent en live, une carte élégante de mets à picorer et des cocktails sur mesure, le tout dans un écrin de bois et de velours.","publisher":{"@id":"https://lemelville.fr/accueil/#organization"},"potentialAction":[{"@type":"SearchAction","target":{"@type":"EntryPoint","urlTemplate":"https://lemelville.fr/accueil/?s={search_term_string}"},"query-input":{"@type":"PropertyValueSpecification","valueRequired":true,"valueName":"search_term_string"}}],"inLanguage":"fr-FR"},{"@type":"Organization","@id":"https://lemelville.fr/accueil/#organization","name":"Le Melville","url":"https://lemelville.fr/accueil/","logo":{"@type":"ImageObject","inLanguage":"fr-FR","@id":"https://lemelville.fr/accueil/#/schema/logo/image/","url":"https://lemelville.fr/wp-content/uploads/2023/09/Logo-transparent-1-e1720022580951.png","contentUrl":"https://lemelville.fr/wp-content/uploads/2023/09/Logo-transparent-1-e1720022580951.png","width":2000,"height":656,"caption":"Le Melville"},"image":{"@id":"https://lemelville.fr/accueil/#/schema/logo/image/"},"sameAs":["https://www.facebook.com/people/Le-Melville/100085390055277/","https://www.instagram.com/lemelville_paris/"]}]}</script>
<!-- / Yoast SEO Premium plugin. -->

Composé de Raphaël Faigenbaum au piano, Orélio Paladini à la batterie ainsi que Jules Billé à la contrebasse, ces trois musiciens qui compose le Trio de la Dame Endormie ont construit&hellip; Poursuivre la lecture La Dame Endormie

Évènements

Le Melville c’est l’éclectisme dans les verres, les assiettes et dans les oreilles. Du Jazz, de la world Music, souvent en live, une carte élégante de mets à picorer et des cocktails sur mesure, le tout dans un écrin de bois et de velours.
