{"id":3592,"date":"2024-12-11T02:06:55","date_gmt":"2024-12-11T01:06:55","guid":{"rendered":"https:\/\/lemelville.fr\/?post_type=tribe_events&#038;p=3592"},"modified":"2024-12-11T02:12:16","modified_gmt":"2024-12-11T01:12:16","slug":"ella-rabeson-daddys-project","status":"publish","type":"tribe_events","link":"https:\/\/lemelville.fr\/accueil\/evenements\/ella-rabeson-daddys-project\/","title":{"rendered":"Ella Rabeson Daddy&#8217;s Project"},"content":{"rendered":"<p>C\u2019est le projet d\u2019ELLA RABESON, chanteuse et fille de JEANOT RABESON (pianiste de jazz d\u00e9c\u00e9d\u00e9 en septembre 2017), avec la collaboration des musiciens qui l\u2019accompagnent et plus particuli\u00e8rement REMI TOULON \u00e0 qui elle a propos\u00e9e la direction artistique d&#8217;un travail collectif.<br \/>\nElle vient de sortir son nouvel album, produit par Jazz en Stock, sur lequel elle reprend les compositions de son p\u00e8re, chant\u00e9es en malgache, sa langue maternelle, ainsi qu\u2019en anglais.<\/p>\n<p>Ella Rabeson : chant<\/p>\n<p>R\u00e9mi Toulion : piano<\/p>\n<p>Contrebasse : Jean-Luc Arramy<\/p>\n<p>Thierry Tardieu : Batterie<\/p>\n","protected":false},"excerpt":{"rendered":"<p>C\u2019est le projet d\u2019ELLA RABESON, chanteuse et fille de JEANOT RABESON (pianiste de jazz d\u00e9c\u00e9d\u00e9 en septembre 2017), avec la collaboration des musiciens qui l\u2019accompagnent et plus particuli\u00e8rement REMI TOULON&hellip; <a class=\"more-link\" href=\"https:\/\/lemelville.fr\/accueil\/evenements\/ella-rabeson-daddys-project\/\">Poursuivre la lecture <span class=\"screen-reader-text\">Ella Rabeson Daddy&#8217;s Project<\/span><\/a><\/p>\n","protected":false},"author":1,"featured_media":3593,"template":"","meta":{"_tribe_events_status":"","_tribe_events_status_reason":"","_tribe_events_is_hybrid":"","_tribe_events_is_virtual":"","_tribe_events_virtual_video_source":"","_tribe_events_virtual_embed_video":"","_tribe_events_virtual_linked_button_text":"","_tribe_events_virtual_linked_button":"","_tribe_events_virtual_show_embed_at":"","_tribe_events_virtual_show_embed_to":[],"_tribe_events_virtual_show_on_event":"","_tribe_events_virtual_show_on_views":"","_tribe_events_virtual_url":"","footnotes":""},"tags":[],"tribe_events_cat":[88,89],"class_list":["post-3592","tribe_events","type-tribe_events","status-publish","has-post-thumbnail","hentry","tribe_events_cat-jazz-standard","tribe_events_cat-vocal-standard-jazz","cat_jazz-standard","cat_vocal-standard-jazz","entry"],"yoast_head":"<!-- This site is optimized with the Yoast SEO Premium plugin v24.3 (Yoast SEO v27.1.1) - https:\/\/yoast.com\/product\/yoast-seo-premium-wordpress\/ -->\n<title>Ella Rabeson Daddy&#039;s Project - Le Melville<\/title>\n<meta name=\"robots\" content=\"index, follow, max-snippet:-1, max-image-preview:large, max-video-preview:-1\" \/>\n<link rel=\"canonical\" href=\"https:\/\/lemelville.fr\/accueil\/evenements\/ella-rabeson-daddys-project\/\" \/>\n<meta property=\"og:locale\" content=\"fr_FR\" \/>\n<meta property=\"og:type\" content=\"article\" \/>\n<meta property=\"og:title\" content=\"Ella Rabeson Daddy&#039;s Project\" \/>\n<meta property=\"og:description\" content=\"C\u2019est le projet d\u2019ELLA RABESON, chanteuse et fille de JEANOT RABESON (pianiste de jazz d\u00e9c\u00e9d\u00e9 en septembre 2017), avec la collaboration des musiciens qui l\u2019accompagnent et plus particuli\u00e8rement REMI TOULON&hellip; Poursuivre la lecture Ella Rabeson Daddy&#8217;s Project\" \/>\n<meta property=\"og:url\" content=\"https:\/\/lemelville.fr\/accueil\/evenements\/ella-rabeson-daddys-project\/\" \/>\n<meta property=\"og:site_name\" content=\"Le Melville\" \/>\n<meta property=\"article:publisher\" content=\"https:\/\/www.facebook.com\/people\/Le-Melville\/100085390055277\/\" \/>\n<meta property=\"article:modified_time\" content=\"2024-12-11T01:12:16+00:00\" \/>\n<meta property=\"og:image\" content=\"http:\/\/lemelville.fr\/wp-content\/uploads\/2024\/12\/Daddy-s-Project-Affiche-NF.png\" \/>\n\t<meta property=\"og:image:width\" content=\"1280\" \/>\n\t<meta property=\"og:image:height\" content=\"800\" \/>\n\t<meta property=\"og:image:type\" content=\"image\/png\" \/>\n<meta name=\"twitter:card\" content=\"summary_large_image\" \/>\n<meta name=\"twitter:label1\" content=\"Dur\u00e9e de lecture estim\u00e9e\" \/>\n\t<meta name=\"twitter:data1\" content=\"1 minute\" \/>\n<script type=\"application\/ld+json\" class=\"yoast-schema-graph\">{\"@context\":\"https:\/\/schema.org\",\"@graph\":[{\"@type\":\"WebPage\",\"@id\":\"https:\/\/lemelville.fr\/accueil\/evenements\/ella-rabeson-daddys-project\/\",\"url\":\"https:\/\/lemelville.fr\/accueil\/evenements\/ella-rabeson-daddys-project\/\",\"name\":\"Ella Rabeson Daddy's Project - Le Melville\",\"isPartOf\":{\"@id\":\"https:\/\/lemelville.fr\/accueil\/#website\"},\"primaryImageOfPage\":{\"@id\":\"https:\/\/lemelville.fr\/accueil\/evenements\/ella-rabeson-daddys-project\/#primaryimage\"},\"image\":{\"@id\":\"https:\/\/lemelville.fr\/accueil\/evenements\/ella-rabeson-daddys-project\/#primaryimage\"},\"thumbnailUrl\":\"https:\/\/lemelville.fr\/wp-content\/uploads\/2024\/12\/Daddy-s-Project-Affiche-NF.png\",\"datePublished\":\"2024-12-11T01:06:55+00:00\",\"dateModified\":\"2024-12-11T01:12:16+00:00\",\"breadcrumb\":{\"@id\":\"https:\/\/lemelville.fr\/accueil\/evenements\/ella-rabeson-daddys-project\/#breadcrumb\"},\"inLanguage\":\"fr-FR\",\"potentialAction\":[{\"@type\":\"ReadAction\",\"target\":[\"https:\/\/lemelville.fr\/accueil\/evenements\/ella-rabeson-daddys-project\/\"]}]},{\"@type\":\"ImageObject\",\"inLanguage\":\"fr-FR\",\"@id\":\"https:\/\/lemelville.fr\/accueil\/evenements\/ella-rabeson-daddys-project\/#primaryimage\",\"url\":\"https:\/\/lemelville.fr\/wp-content\/uploads\/2024\/12\/Daddy-s-Project-Affiche-NF.png\",\"contentUrl\":\"https:\/\/lemelville.fr\/wp-content\/uploads\/2024\/12\/Daddy-s-Project-Affiche-NF.png\",\"width\":1280,\"height\":800},{\"@type\":\"BreadcrumbList\",\"@id\":\"https:\/\/lemelville.fr\/accueil\/evenements\/ella-rabeson-daddys-project\/#breadcrumb\",\"itemListElement\":[{\"@type\":\"ListItem\",\"position\":1,\"name\":\"Accueil\",\"item\":\"https:\/\/lemelville.fr\/accueil\/\"},{\"@type\":\"ListItem\",\"position\":2,\"name\":\"\u00c9v\u00e8nements\",\"item\":\"https:\/\/lemelville.fr\/accueil\/evenements\/\"},{\"@type\":\"ListItem\",\"position\":3,\"name\":\"Ella Rabeson Daddy&rsquo;s Project\"}]},{\"@type\":\"WebSite\",\"@id\":\"https:\/\/lemelville.fr\/accueil\/#website\",\"url\":\"https:\/\/lemelville.fr\/accueil\/\",\"name\":\"Le Melville\",\"description\":\"Le Melville c\u2019est l\u2019\u00e9clectisme dans les verres, les assiettes et dans les oreilles. Du Jazz, de la world Music, souvent en live, une carte \u00e9l\u00e9gante de mets \u00e0 picorer et des cocktails sur mesure, le tout dans un \u00e9crin de bois et de velours.\",\"publisher\":{\"@id\":\"https:\/\/lemelville.fr\/accueil\/#organization\"},\"potentialAction\":[{\"@type\":\"SearchAction\",\"target\":{\"@type\":\"EntryPoint\",\"urlTemplate\":\"https:\/\/lemelville.fr\/accueil\/?s={search_term_string}\"},\"query-input\":{\"@type\":\"PropertyValueSpecification\",\"valueRequired\":true,\"valueName\":\"search_term_string\"}}],\"inLanguage\":\"fr-FR\"},{\"@type\":\"Organization\",\"@id\":\"https:\/\/lemelville.fr\/accueil\/#organization\",\"name\":\"Le Melville\",\"url\":\"https:\/\/lemelville.fr\/accueil\/\",\"logo\":{\"@type\":\"ImageObject\",\"inLanguage\":\"fr-FR\",\"@id\":\"https:\/\/lemelville.fr\/accueil\/#\/schema\/logo\/image\/\",\"url\":\"https:\/\/lemelville.fr\/wp-content\/uploads\/2023\/09\/Logo-transparent-1-e1720022580951.png\",\"contentUrl\":\"https:\/\/lemelville.fr\/wp-content\/uploads\/2023\/09\/Logo-transparent-1-e1720022580951.png\",\"width\":2000,\"height\":656,\"caption\":\"Le Melville\"},\"image\":{\"@id\":\"https:\/\/lemelville.fr\/accueil\/#\/schema\/logo\/image\/\"},\"sameAs\":[\"https:\/\/www.facebook.com\/people\/Le-Melville\/100085390055277\/\",\"https:\/\/www.instagram.com\/lemelville_paris\/\"]}]}<\/script>\n<!-- \/ Yoast SEO Premium plugin. -->","yoast_head_json":{"title":"Ella Rabeson Daddy's Project - Le Melville","robots":{"index":"index","follow":"follow","max-snippet":"max-snippet:-1","max-image-preview":"max-image-preview:large","max-video-preview":"max-video-preview:-1"},"canonical":"https:\/\/lemelville.fr\/accueil\/evenements\/ella-rabeson-daddys-project\/","og_locale":"fr_FR","og_type":"article","og_title":"Ella Rabeson Daddy's Project","og_description":"C\u2019est le projet d\u2019ELLA RABESON, chanteuse et fille de JEANOT RABESON (pianiste de jazz d\u00e9c\u00e9d\u00e9 en septembre 2017), avec la collaboration des musiciens qui l\u2019accompagnent et plus particuli\u00e8rement REMI TOULON&hellip; Poursuivre la lecture Ella Rabeson Daddy&#8217;s Project","og_url":"https:\/\/lemelville.fr\/accueil\/evenements\/ella-rabeson-daddys-project\/","og_site_name":"Le Melville","article_publisher":"https:\/\/www.facebook.com\/people\/Le-Melville\/100085390055277\/","article_modified_time":"2024-12-11T01:12:16+00:00","og_image":[{"width":1280,"height":800,"url":"http:\/\/lemelville.fr\/wp-content\/uploads\/2024\/12\/Daddy-s-Project-Affiche-NF.png","type":"image\/png"}],"twitter_card":"summary_large_image","twitter_misc":{"Dur\u00e9e de lecture estim\u00e9e":"1 minute"},"schema":{"@context":"https:\/\/schema.org","@graph":[{"@type":"WebPage","@id":"https:\/\/lemelville.fr\/accueil\/evenements\/ella-rabeson-daddys-project\/","url":"https:\/\/lemelville.fr\/accueil\/evenements\/ella-rabeson-daddys-project\/","name":"Ella Rabeson Daddy's Project - Le Melville","isPartOf":{"@id":"https:\/\/lemelville.fr\/accueil\/#website"},"primaryImageOfPage":{"@id":"https:\/\/lemelville.fr\/accueil\/evenements\/ella-rabeson-daddys-project\/#primaryimage"},"image":{"@id":"https:\/\/lemelville.fr\/accueil\/evenements\/ella-rabeson-daddys-project\/#primaryimage"},"thumbnailUrl":"https:\/\/lemelville.fr\/wp-content\/uploads\/2024\/12\/Daddy-s-Project-Affiche-NF.png","datePublished":"2024-12-11T01:06:55+00:00","dateModified":"2024-12-11T01:12:16+00:00","breadcrumb":{"@id":"https:\/\/lemelville.fr\/accueil\/evenements\/ella-rabeson-daddys-project\/#breadcrumb"},"inLanguage":"fr-FR","potentialAction":[{"@type":"ReadAction","target":["https:\/\/lemelville.fr\/accueil\/evenements\/ella-rabeson-daddys-project\/"]}]},{"@type":"ImageObject","inLanguage":"fr-FR","@id":"https:\/\/lemelville.fr\/accueil\/evenements\/ella-rabeson-daddys-project\/#primaryimage","url":"https:\/\/lemelville.fr\/wp-content\/uploads\/2024\/12\/Daddy-s-Project-Affiche-NF.png","contentUrl":"https:\/\/lemelville.fr\/wp-content\/uploads\/2024\/12\/Daddy-s-Project-Affiche-NF.png","width":1280,"height":800},{"@type":"BreadcrumbList","@id":"https:\/\/lemelville.fr\/accueil\/evenements\/ella-rabeson-daddys-project\/#breadcrumb","itemListElement":[{"@type":"ListItem","position":1,"name":"Accueil","item":"https:\/\/lemelville.fr\/accueil\/"},{"@type":"ListItem","position":2,"name":"\u00c9v\u00e8nements","item":"https:\/\/lemelville.fr\/accueil\/evenements\/"},{"@type":"ListItem","position":3,"name":"Ella Rabeson Daddy&rsquo;s Project"}]},{"@type":"WebSite","@id":"https:\/\/lemelville.fr\/accueil\/#website","url":"https:\/\/lemelville.fr\/accueil\/","name":"Le Melville","description":"Le Melville c\u2019est l\u2019\u00e9clectisme dans les verres, les assiettes et dans les oreilles. Du Jazz, de la world Music, souvent en live, une carte \u00e9l\u00e9gante de mets \u00e0 picorer et des cocktails sur mesure, le tout dans un \u00e9crin de bois et de velours.","publisher":{"@id":"https:\/\/lemelville.fr\/accueil\/#organization"},"potentialAction":[{"@type":"SearchAction","target":{"@type":"EntryPoint","urlTemplate":"https:\/\/lemelville.fr\/accueil\/?s={search_term_string}"},"query-input":{"@type":"PropertyValueSpecification","valueRequired":true,"valueName":"search_term_string"}}],"inLanguage":"fr-FR"},{"@type":"Organization","@id":"https:\/\/lemelville.fr\/accueil\/#organization","name":"Le Melville","url":"https:\/\/lemelville.fr\/accueil\/","logo":{"@type":"ImageObject","inLanguage":"fr-FR","@id":"https:\/\/lemelville.fr\/accueil\/#\/schema\/logo\/image\/","url":"https:\/\/lemelville.fr\/wp-content\/uploads\/2023\/09\/Logo-transparent-1-e1720022580951.png","contentUrl":"https:\/\/lemelville.fr\/wp-content\/uploads\/2023\/09\/Logo-transparent-1-e1720022580951.png","width":2000,"height":656,"caption":"Le Melville"},"image":{"@id":"https:\/\/lemelville.fr\/accueil\/#\/schema\/logo\/image\/"},"sameAs":["https:\/\/www.facebook.com\/people\/Le-Melville\/100085390055277\/","https:\/\/www.instagram.com\/lemelville_paris\/"]}]}},"_links":{"self":[{"href":"https:\/\/lemelville.fr\/accueil\/wp-json\/wp\/v2\/tribe_events\/3592","targetHints":{"allow":["GET"]}}],"collection":[{"href":"https:\/\/lemelville.fr\/accueil\/wp-json\/wp\/v2\/tribe_events"}],"about":[{"href":"https:\/\/lemelville.fr\/accueil\/wp-json\/wp\/v2\/types\/tribe_events"}],"author":[{"embeddable":true,"href":"https:\/\/lemelville.fr\/accueil\/wp-json\/wp\/v2\/users\/1"}],"version-history":[{"count":2,"href":"https:\/\/lemelville.fr\/accueil\/wp-json\/wp\/v2\/tribe_events\/3592\/revisions"}],"predecessor-version":[{"id":4292,"href":"https:\/\/lemelville.fr\/accueil\/wp-json\/wp\/v2\/tribe_events\/3592\/revisions\/4292"}],"wp:featuredmedia":[{"embeddable":true,"href":"https:\/\/lemelville.fr\/accueil\/wp-json\/wp\/v2\/media\/3593"}],"wp:attachment":[{"href":"https:\/\/lemelville.fr\/accueil\/wp-json\/wp\/v2\/media?parent=3592"}],"wp:term":[{"taxonomy":"post_tag","embeddable":true,"href":"https:\/\/lemelville.fr\/accueil\/wp-json\/wp\/v2\/tags?post=3592"},{"taxonomy":"tribe_events_cat","embeddable":true,"href":"https:\/\/lemelville.fr\/accueil\/wp-json\/wp\/v2\/tribe_events_cat?post=3592"}],"curies":[{"name":"wp","href":"https:\/\/api.w.org\/{rel}","templated":true}]}}

<p>C’est le projet d’ELLA RABESON, chanteuse et fille de JEANOT RABESON (pianiste de jazz décédé en septembre 2017), avec la collaboration des musiciens qui l’accompagnent et plus particulièrement REMI TOULON à qui elle a proposée la direction artistique d&#8217;un travail collectif.<br />
Elle vient de sortir son nouvel album, produit par Jazz en Stock, sur lequel elle reprend les compositions de son père, chantées en malgache, sa langue maternelle, ainsi qu’en anglais.</p>
<p>Ella Rabeson : chant</p>
<p>Rémi Toulion : piano</p>
<p>Contrebasse : Jean-Luc Arramy</p>
<p>Thierry Tardieu : Batterie</p>

<p>C’est le projet d’ELLA RABESON, chanteuse et fille de JEANOT RABESON (pianiste de jazz décédé en septembre 2017), avec la collaboration des musiciens qui l’accompagnent et plus particulièrement REMI TOULON&hellip; <a class="more-link" href="https://lemelville.fr/accueil/evenements/ella-rabeson-daddys-project/">Poursuivre la lecture <span class="screen-reader-text">Ella Rabeson Daddy&#8217;s Project</span></a></p>

<!-- This site is optimized with the Yoast SEO Premium plugin v24.3 (Yoast SEO v27.1.1) - https://yoast.com/product/yoast-seo-premium-wordpress/ -->
<title>Ella Rabeson Daddy&#039;s Project - Le Melville</title>
<meta name="robots" content="index, follow, max-snippet:-1, max-image-preview:large, max-video-preview:-1" />
<link rel="canonical" href="https://lemelville.fr/accueil/evenements/ella-rabeson-daddys-project/" />
<meta property="og:locale" content="fr_FR" />
<meta property="og:type" content="article" />
<meta property="og:title" content="Ella Rabeson Daddy&#039;s Project" />
<meta property="og:description" content="C’est le projet d’ELLA RABESON, chanteuse et fille de JEANOT RABESON (pianiste de jazz décédé en septembre 2017), avec la collaboration des musiciens qui l’accompagnent et plus particulièrement REMI TOULON&hellip; Poursuivre la lecture Ella Rabeson Daddy&#8217;s Project" />
<meta property="og:url" content="https://lemelville.fr/accueil/evenements/ella-rabeson-daddys-project/" />
<meta property="og:site_name" content="Le Melville" />
<meta property="article:publisher" content="https://www.facebook.com/people/Le-Melville/100085390055277/" />
<meta property="article:modified_time" content="2024-12-11T01:12:16+00:00" />
<meta property="og:image" content="http://lemelville.fr/wp-content/uploads/2024/12/Daddy-s-Project-Affiche-NF.png" />
	<meta property="og:image:width" content="1280" />
	<meta property="og:image:height" content="800" />
	<meta property="og:image:type" content="image/png" />
<meta name="twitter:card" content="summary_large_image" />
<meta name="twitter:label1" content="Durée de lecture estimée" />
	<meta name="twitter:data1" content="1 minute" />
<script type="application/ld+json" class="yoast-schema-graph">{"@context":"https://schema.org","@graph":[{"@type":"WebPage","@id":"https://lemelville.fr/accueil/evenements/ella-rabeson-daddys-project/","url":"https://lemelville.fr/accueil/evenements/ella-rabeson-daddys-project/","name":"Ella Rabeson Daddy's Project - Le Melville","isPartOf":{"@id":"https://lemelville.fr/accueil/#website"},"primaryImageOfPage":{"@id":"https://lemelville.fr/accueil/evenements/ella-rabeson-daddys-project/#primaryimage"},"image":{"@id":"https://lemelville.fr/accueil/evenements/ella-rabeson-daddys-project/#primaryimage"},"thumbnailUrl":"https://lemelville.fr/wp-content/uploads/2024/12/Daddy-s-Project-Affiche-NF.png","datePublished":"2024-12-11T01:06:55+00:00","dateModified":"2024-12-11T01:12:16+00:00","breadcrumb":{"@id":"https://lemelville.fr/accueil/evenements/ella-rabeson-daddys-project/#breadcrumb"},"inLanguage":"fr-FR","potentialAction":[{"@type":"ReadAction","target":["https://lemelville.fr/accueil/evenements/ella-rabeson-daddys-project/"]}]},{"@type":"ImageObject","inLanguage":"fr-FR","@id":"https://lemelville.fr/accueil/evenements/ella-rabeson-daddys-project/#primaryimage","url":"https://lemelville.fr/wp-content/uploads/2024/12/Daddy-s-Project-Affiche-NF.png","contentUrl":"https://lemelville.fr/wp-content/uploads/2024/12/Daddy-s-Project-Affiche-NF.png","width":1280,"height":800},{"@type":"BreadcrumbList","@id":"https://lemelville.fr/accueil/evenements/ella-rabeson-daddys-project/#breadcrumb","itemListElement":[{"@type":"ListItem","position":1,"name":"Accueil","item":"https://lemelville.fr/accueil/"},{"@type":"ListItem","position":2,"name":"Évènements","item":"https://lemelville.fr/accueil/evenements/"},{"@type":"ListItem","position":3,"name":"Ella Rabeson Daddy&rsquo;s Project"}]},{"@type":"WebSite","@id":"https://lemelville.fr/accueil/#website","url":"https://lemelville.fr/accueil/","name":"Le Melville","description":"Le Melville c’est l’éclectisme dans les verres, les assiettes et dans les oreilles. Du Jazz, de la world Music, souvent en live, une carte élégante de mets à picorer et des cocktails sur mesure, le tout dans un écrin de bois et de velours.","publisher":{"@id":"https://lemelville.fr/accueil/#organization"},"potentialAction":[{"@type":"SearchAction","target":{"@type":"EntryPoint","urlTemplate":"https://lemelville.fr/accueil/?s={search_term_string}"},"query-input":{"@type":"PropertyValueSpecification","valueRequired":true,"valueName":"search_term_string"}}],"inLanguage":"fr-FR"},{"@type":"Organization","@id":"https://lemelville.fr/accueil/#organization","name":"Le Melville","url":"https://lemelville.fr/accueil/","logo":{"@type":"ImageObject","inLanguage":"fr-FR","@id":"https://lemelville.fr/accueil/#/schema/logo/image/","url":"https://lemelville.fr/wp-content/uploads/2023/09/Logo-transparent-1-e1720022580951.png","contentUrl":"https://lemelville.fr/wp-content/uploads/2023/09/Logo-transparent-1-e1720022580951.png","width":2000,"height":656,"caption":"Le Melville"},"image":{"@id":"https://lemelville.fr/accueil/#/schema/logo/image/"},"sameAs":["https://www.facebook.com/people/Le-Melville/100085390055277/","https://www.instagram.com/lemelville_paris/"]}]}</script>
<!-- / Yoast SEO Premium plugin. -->

C’est le projet d’ELLA RABESON, chanteuse et fille de JEANOT RABESON (pianiste de jazz décédé en septembre 2017), avec la collaboration des musiciens qui l’accompagnent et plus particulièrement REMI TOULON&hellip; Poursuivre la lecture Ella Rabeson Daddy&#8217;s Project

Évènements

Le Melville c’est l’éclectisme dans les verres, les assiettes et dans les oreilles. Du Jazz, de la world Music, souvent en live, une carte élégante de mets à picorer et des cocktails sur mesure, le tout dans un écrin de bois et de velours.
