{"id":3775,"date":"2025-01-18T16:10:20","date_gmt":"2025-01-18T15:10:20","guid":{"rendered":"https:\/\/lemelville.fr\/evenements\/lazhar-zenou\/"},"modified":"2025-01-18T16:10:20","modified_gmt":"2025-01-18T15:10:20","slug":"lazhar-zenou","status":"publish","type":"tribe_events","link":"https:\/\/lemelville.fr\/accueil\/evenements\/lazhar-zenou\/","title":{"rendered":"Lazhar Zenou"},"content":{"rendered":"<p>Dans un quatuor envo\u00fbtant, Lazhar Zennou chante et joue de la guitare aux c\u00f4t\u00e9s de Rachid Belharbi au piano, Khaled Sifi au cajun, et Zakaria Bendaoud \u00e0 la basse. Ce m\u00e9lange de talents cr\u00e9e des m\u00e9lodies arabo-andalouses \u00e0 couper le souffle !<\/p>\n<p>Lazhar Zennou \u00e0 la guitare, chante ses d\u00e9chirantes m\u00e9lodies arabo-andalouse, accompagn\u00e9 de Rachid Belharbi au piano, Khaled Sifi au cajun, et Zakaria Bendaoud \u00e0 la basse. Le premier, autodidacte de g\u00e9nie et le second, de formation pianistique classique forment avec Khaled et Zak un quatuor bouleversant.<\/p>\n<p>Lazhar Zennou : Chant, Guitare<br \/>\nRachid Belharbi : Piano<br \/>\nKhaled Sifi : Cajun<br \/>\nZakaria Bendaoud : Basse<\/p>\n","protected":false},"excerpt":{"rendered":"<p>Dans un quatuor envo\u00fbtant, Lazhar Zennou chante et joue de la guitare aux c\u00f4t\u00e9s de Rachid Belharbi au piano, Khaled Sifi au cajun, et Zakaria Bendaoud \u00e0 la basse. Ce&hellip; <a class=\"more-link\" href=\"https:\/\/lemelville.fr\/accueil\/evenements\/lazhar-zenou\/\">Poursuivre la lecture <span class=\"screen-reader-text\">Lazhar Zenou<\/span><\/a><\/p>\n","protected":false},"author":3,"featured_media":3774,"template":"","meta":{"_tribe_events_status":"","_tribe_events_status_reason":"","_tribe_events_is_hybrid":"","_tribe_events_is_virtual":"","_tribe_events_virtual_video_source":"","_tribe_events_virtual_embed_video":"","_tribe_events_virtual_linked_button_text":"","_tribe_events_virtual_linked_button":"","_tribe_events_virtual_show_embed_at":"","_tribe_events_virtual_show_embed_to":[],"_tribe_events_virtual_show_on_event":"","_tribe_events_virtual_show_on_views":"","_tribe_events_virtual_url":"","footnotes":""},"tags":[],"tribe_events_cat":[126],"class_list":["post-3775","tribe_events","type-tribe_events","status-publish","has-post-thumbnail","hentry","tribe_events_cat-arabo-andalou","cat_arabo-andalou","entry"],"yoast_head":"<!-- This site is optimized with the Yoast SEO Premium plugin v24.3 (Yoast SEO v27.1.1) - https:\/\/yoast.com\/product\/yoast-seo-premium-wordpress\/ -->\n<title>Lazhar Zenou - Le Melville<\/title>\n<meta name=\"robots\" content=\"index, follow, max-snippet:-1, max-image-preview:large, max-video-preview:-1\" \/>\n<link rel=\"canonical\" href=\"https:\/\/lemelville.fr\/accueil\/evenements\/lazhar-zenou\/\" \/>\n<meta property=\"og:locale\" content=\"fr_FR\" \/>\n<meta property=\"og:type\" content=\"article\" \/>\n<meta property=\"og:title\" content=\"Lazhar Zenou\" \/>\n<meta property=\"og:description\" content=\"Dans un quatuor envo\u00fbtant, Lazhar Zennou chante et joue de la guitare aux c\u00f4t\u00e9s de Rachid Belharbi au piano, Khaled Sifi au cajun, et Zakaria Bendaoud \u00e0 la basse. Ce&hellip; Poursuivre la lecture Lazhar Zenou\" \/>\n<meta property=\"og:url\" content=\"https:\/\/lemelville.fr\/accueil\/evenements\/lazhar-zenou\/\" \/>\n<meta property=\"og:site_name\" content=\"Le Melville\" \/>\n<meta property=\"article:publisher\" content=\"https:\/\/www.facebook.com\/people\/Le-Melville\/100085390055277\/\" \/>\n<meta property=\"og:image\" content=\"https:\/\/lemelville.fr\/wp-content\/uploads\/2025\/01\/Lazhar-Zennou-Affiche-NF-1.png\" \/>\n\t<meta property=\"og:image:width\" content=\"1280\" \/>\n\t<meta property=\"og:image:height\" content=\"800\" \/>\n\t<meta property=\"og:image:type\" content=\"image\/png\" \/>\n<meta name=\"twitter:card\" content=\"summary_large_image\" \/>\n<meta name=\"twitter:label1\" content=\"Dur\u00e9e de lecture estim\u00e9e\" \/>\n\t<meta name=\"twitter:data1\" content=\"1 minute\" \/>\n<script type=\"application\/ld+json\" class=\"yoast-schema-graph\">{\"@context\":\"https:\/\/schema.org\",\"@graph\":[{\"@type\":\"WebPage\",\"@id\":\"https:\/\/lemelville.fr\/accueil\/evenements\/lazhar-zenou\/\",\"url\":\"https:\/\/lemelville.fr\/accueil\/evenements\/lazhar-zenou\/\",\"name\":\"Lazhar Zenou - Le Melville\",\"isPartOf\":{\"@id\":\"https:\/\/lemelville.fr\/accueil\/#website\"},\"primaryImageOfPage\":{\"@id\":\"https:\/\/lemelville.fr\/accueil\/evenements\/lazhar-zenou\/#primaryimage\"},\"image\":{\"@id\":\"https:\/\/lemelville.fr\/accueil\/evenements\/lazhar-zenou\/#primaryimage\"},\"thumbnailUrl\":\"https:\/\/lemelville.fr\/wp-content\/uploads\/2025\/01\/Lazhar-Zennou-Affiche-NF-1.png\",\"datePublished\":\"2025-01-18T15:10:20+00:00\",\"breadcrumb\":{\"@id\":\"https:\/\/lemelville.fr\/accueil\/evenements\/lazhar-zenou\/#breadcrumb\"},\"inLanguage\":\"fr-FR\",\"potentialAction\":[{\"@type\":\"ReadAction\",\"target\":[\"https:\/\/lemelville.fr\/accueil\/evenements\/lazhar-zenou\/\"]}]},{\"@type\":\"ImageObject\",\"inLanguage\":\"fr-FR\",\"@id\":\"https:\/\/lemelville.fr\/accueil\/evenements\/lazhar-zenou\/#primaryimage\",\"url\":\"https:\/\/lemelville.fr\/wp-content\/uploads\/2025\/01\/Lazhar-Zennou-Affiche-NF-1.png\",\"contentUrl\":\"https:\/\/lemelville.fr\/wp-content\/uploads\/2025\/01\/Lazhar-Zennou-Affiche-NF-1.png\",\"width\":1280,\"height\":800},{\"@type\":\"BreadcrumbList\",\"@id\":\"https:\/\/lemelville.fr\/accueil\/evenements\/lazhar-zenou\/#breadcrumb\",\"itemListElement\":[{\"@type\":\"ListItem\",\"position\":1,\"name\":\"Accueil\",\"item\":\"https:\/\/lemelville.fr\/accueil\/\"},{\"@type\":\"ListItem\",\"position\":2,\"name\":\"\u00c9v\u00e8nements\",\"item\":\"https:\/\/lemelville.fr\/accueil\/evenements\/\"},{\"@type\":\"ListItem\",\"position\":3,\"name\":\"Lazhar Zenou\"}]},{\"@type\":\"WebSite\",\"@id\":\"https:\/\/lemelville.fr\/accueil\/#website\",\"url\":\"https:\/\/lemelville.fr\/accueil\/\",\"name\":\"Le Melville\",\"description\":\"Le Melville c\u2019est l\u2019\u00e9clectisme dans les verres, les assiettes et dans les oreilles. Du Jazz, de la world Music, souvent en live, une carte \u00e9l\u00e9gante de mets \u00e0 picorer et des cocktails sur mesure, le tout dans un \u00e9crin de bois et de velours.\",\"publisher\":{\"@id\":\"https:\/\/lemelville.fr\/accueil\/#organization\"},\"potentialAction\":[{\"@type\":\"SearchAction\",\"target\":{\"@type\":\"EntryPoint\",\"urlTemplate\":\"https:\/\/lemelville.fr\/accueil\/?s={search_term_string}\"},\"query-input\":{\"@type\":\"PropertyValueSpecification\",\"valueRequired\":true,\"valueName\":\"search_term_string\"}}],\"inLanguage\":\"fr-FR\"},{\"@type\":\"Organization\",\"@id\":\"https:\/\/lemelville.fr\/accueil\/#organization\",\"name\":\"Le Melville\",\"url\":\"https:\/\/lemelville.fr\/accueil\/\",\"logo\":{\"@type\":\"ImageObject\",\"inLanguage\":\"fr-FR\",\"@id\":\"https:\/\/lemelville.fr\/accueil\/#\/schema\/logo\/image\/\",\"url\":\"https:\/\/lemelville.fr\/wp-content\/uploads\/2023\/09\/Logo-transparent-1-e1720022580951.png\",\"contentUrl\":\"https:\/\/lemelville.fr\/wp-content\/uploads\/2023\/09\/Logo-transparent-1-e1720022580951.png\",\"width\":2000,\"height\":656,\"caption\":\"Le Melville\"},\"image\":{\"@id\":\"https:\/\/lemelville.fr\/accueil\/#\/schema\/logo\/image\/\"},\"sameAs\":[\"https:\/\/www.facebook.com\/people\/Le-Melville\/100085390055277\/\",\"https:\/\/www.instagram.com\/lemelville_paris\/\"]}]}<\/script>\n<!-- \/ Yoast SEO Premium plugin. -->","yoast_head_json":{"title":"Lazhar Zenou - Le Melville","robots":{"index":"index","follow":"follow","max-snippet":"max-snippet:-1","max-image-preview":"max-image-preview:large","max-video-preview":"max-video-preview:-1"},"canonical":"https:\/\/lemelville.fr\/accueil\/evenements\/lazhar-zenou\/","og_locale":"fr_FR","og_type":"article","og_title":"Lazhar Zenou","og_description":"Dans un quatuor envo\u00fbtant, Lazhar Zennou chante et joue de la guitare aux c\u00f4t\u00e9s de Rachid Belharbi au piano, Khaled Sifi au cajun, et Zakaria Bendaoud \u00e0 la basse. Ce&hellip; Poursuivre la lecture Lazhar Zenou","og_url":"https:\/\/lemelville.fr\/accueil\/evenements\/lazhar-zenou\/","og_site_name":"Le Melville","article_publisher":"https:\/\/www.facebook.com\/people\/Le-Melville\/100085390055277\/","og_image":[{"width":1280,"height":800,"url":"https:\/\/lemelville.fr\/wp-content\/uploads\/2025\/01\/Lazhar-Zennou-Affiche-NF-1.png","type":"image\/png"}],"twitter_card":"summary_large_image","twitter_misc":{"Dur\u00e9e de lecture estim\u00e9e":"1 minute"},"schema":{"@context":"https:\/\/schema.org","@graph":[{"@type":"WebPage","@id":"https:\/\/lemelville.fr\/accueil\/evenements\/lazhar-zenou\/","url":"https:\/\/lemelville.fr\/accueil\/evenements\/lazhar-zenou\/","name":"Lazhar Zenou - Le Melville","isPartOf":{"@id":"https:\/\/lemelville.fr\/accueil\/#website"},"primaryImageOfPage":{"@id":"https:\/\/lemelville.fr\/accueil\/evenements\/lazhar-zenou\/#primaryimage"},"image":{"@id":"https:\/\/lemelville.fr\/accueil\/evenements\/lazhar-zenou\/#primaryimage"},"thumbnailUrl":"https:\/\/lemelville.fr\/wp-content\/uploads\/2025\/01\/Lazhar-Zennou-Affiche-NF-1.png","datePublished":"2025-01-18T15:10:20+00:00","breadcrumb":{"@id":"https:\/\/lemelville.fr\/accueil\/evenements\/lazhar-zenou\/#breadcrumb"},"inLanguage":"fr-FR","potentialAction":[{"@type":"ReadAction","target":["https:\/\/lemelville.fr\/accueil\/evenements\/lazhar-zenou\/"]}]},{"@type":"ImageObject","inLanguage":"fr-FR","@id":"https:\/\/lemelville.fr\/accueil\/evenements\/lazhar-zenou\/#primaryimage","url":"https:\/\/lemelville.fr\/wp-content\/uploads\/2025\/01\/Lazhar-Zennou-Affiche-NF-1.png","contentUrl":"https:\/\/lemelville.fr\/wp-content\/uploads\/2025\/01\/Lazhar-Zennou-Affiche-NF-1.png","width":1280,"height":800},{"@type":"BreadcrumbList","@id":"https:\/\/lemelville.fr\/accueil\/evenements\/lazhar-zenou\/#breadcrumb","itemListElement":[{"@type":"ListItem","position":1,"name":"Accueil","item":"https:\/\/lemelville.fr\/accueil\/"},{"@type":"ListItem","position":2,"name":"\u00c9v\u00e8nements","item":"https:\/\/lemelville.fr\/accueil\/evenements\/"},{"@type":"ListItem","position":3,"name":"Lazhar Zenou"}]},{"@type":"WebSite","@id":"https:\/\/lemelville.fr\/accueil\/#website","url":"https:\/\/lemelville.fr\/accueil\/","name":"Le Melville","description":"Le Melville c\u2019est l\u2019\u00e9clectisme dans les verres, les assiettes et dans les oreilles. Du Jazz, de la world Music, souvent en live, une carte \u00e9l\u00e9gante de mets \u00e0 picorer et des cocktails sur mesure, le tout dans un \u00e9crin de bois et de velours.","publisher":{"@id":"https:\/\/lemelville.fr\/accueil\/#organization"},"potentialAction":[{"@type":"SearchAction","target":{"@type":"EntryPoint","urlTemplate":"https:\/\/lemelville.fr\/accueil\/?s={search_term_string}"},"query-input":{"@type":"PropertyValueSpecification","valueRequired":true,"valueName":"search_term_string"}}],"inLanguage":"fr-FR"},{"@type":"Organization","@id":"https:\/\/lemelville.fr\/accueil\/#organization","name":"Le Melville","url":"https:\/\/lemelville.fr\/accueil\/","logo":{"@type":"ImageObject","inLanguage":"fr-FR","@id":"https:\/\/lemelville.fr\/accueil\/#\/schema\/logo\/image\/","url":"https:\/\/lemelville.fr\/wp-content\/uploads\/2023\/09\/Logo-transparent-1-e1720022580951.png","contentUrl":"https:\/\/lemelville.fr\/wp-content\/uploads\/2023\/09\/Logo-transparent-1-e1720022580951.png","width":2000,"height":656,"caption":"Le Melville"},"image":{"@id":"https:\/\/lemelville.fr\/accueil\/#\/schema\/logo\/image\/"},"sameAs":["https:\/\/www.facebook.com\/people\/Le-Melville\/100085390055277\/","https:\/\/www.instagram.com\/lemelville_paris\/"]}]}},"_links":{"self":[{"href":"https:\/\/lemelville.fr\/accueil\/wp-json\/wp\/v2\/tribe_events\/3775","targetHints":{"allow":["GET"]}}],"collection":[{"href":"https:\/\/lemelville.fr\/accueil\/wp-json\/wp\/v2\/tribe_events"}],"about":[{"href":"https:\/\/lemelville.fr\/accueil\/wp-json\/wp\/v2\/types\/tribe_events"}],"author":[{"embeddable":true,"href":"https:\/\/lemelville.fr\/accueil\/wp-json\/wp\/v2\/users\/3"}],"version-history":[{"count":0,"href":"https:\/\/lemelville.fr\/accueil\/wp-json\/wp\/v2\/tribe_events\/3775\/revisions"}],"wp:featuredmedia":[{"embeddable":true,"href":"https:\/\/lemelville.fr\/accueil\/wp-json\/wp\/v2\/media\/3774"}],"wp:attachment":[{"href":"https:\/\/lemelville.fr\/accueil\/wp-json\/wp\/v2\/media?parent=3775"}],"wp:term":[{"taxonomy":"post_tag","embeddable":true,"href":"https:\/\/lemelville.fr\/accueil\/wp-json\/wp\/v2\/tags?post=3775"},{"taxonomy":"tribe_events_cat","embeddable":true,"href":"https:\/\/lemelville.fr\/accueil\/wp-json\/wp\/v2\/tribe_events_cat?post=3775"}],"curies":[{"name":"wp","href":"https:\/\/api.w.org\/{rel}","templated":true}]}}

<p>Dans un quatuor envoûtant, Lazhar Zennou chante et joue de la guitare aux côtés de Rachid Belharbi au piano, Khaled Sifi au cajun, et Zakaria Bendaoud à la basse. Ce mélange de talents crée des mélodies arabo-andalouses à couper le souffle !</p>
<p>Lazhar Zennou à la guitare, chante ses déchirantes mélodies arabo-andalouse, accompagné de Rachid Belharbi au piano, Khaled Sifi au cajun, et Zakaria Bendaoud à la basse. Le premier, autodidacte de génie et le second, de formation pianistique classique forment avec Khaled et Zak un quatuor bouleversant.</p>
<p>Lazhar Zennou : Chant, Guitare<br />
Rachid Belharbi : Piano<br />
Khaled Sifi : Cajun<br />
Zakaria Bendaoud : Basse</p>

<p>Dans un quatuor envoûtant, Lazhar Zennou chante et joue de la guitare aux côtés de Rachid Belharbi au piano, Khaled Sifi au cajun, et Zakaria Bendaoud à la basse. Ce&hellip; <a class="more-link" href="https://lemelville.fr/accueil/evenements/lazhar-zenou/">Poursuivre la lecture <span class="screen-reader-text">Lazhar Zenou</span></a></p>

<!-- This site is optimized with the Yoast SEO Premium plugin v24.3 (Yoast SEO v27.1.1) - https://yoast.com/product/yoast-seo-premium-wordpress/ -->
<title>Lazhar Zenou - Le Melville</title>
<meta name="robots" content="index, follow, max-snippet:-1, max-image-preview:large, max-video-preview:-1" />
<link rel="canonical" href="https://lemelville.fr/accueil/evenements/lazhar-zenou/" />
<meta property="og:locale" content="fr_FR" />
<meta property="og:type" content="article" />
<meta property="og:title" content="Lazhar Zenou" />
<meta property="og:description" content="Dans un quatuor envoûtant, Lazhar Zennou chante et joue de la guitare aux côtés de Rachid Belharbi au piano, Khaled Sifi au cajun, et Zakaria Bendaoud à la basse. Ce&hellip; Poursuivre la lecture Lazhar Zenou" />
<meta property="og:url" content="https://lemelville.fr/accueil/evenements/lazhar-zenou/" />
<meta property="og:site_name" content="Le Melville" />
<meta property="article:publisher" content="https://www.facebook.com/people/Le-Melville/100085390055277/" />
<meta property="og:image" content="https://lemelville.fr/wp-content/uploads/2025/01/Lazhar-Zennou-Affiche-NF-1.png" />
	<meta property="og:image:width" content="1280" />
	<meta property="og:image:height" content="800" />
	<meta property="og:image:type" content="image/png" />
<meta name="twitter:card" content="summary_large_image" />
<meta name="twitter:label1" content="Durée de lecture estimée" />
	<meta name="twitter:data1" content="1 minute" />
<script type="application/ld+json" class="yoast-schema-graph">{"@context":"https://schema.org","@graph":[{"@type":"WebPage","@id":"https://lemelville.fr/accueil/evenements/lazhar-zenou/","url":"https://lemelville.fr/accueil/evenements/lazhar-zenou/","name":"Lazhar Zenou - Le Melville","isPartOf":{"@id":"https://lemelville.fr/accueil/#website"},"primaryImageOfPage":{"@id":"https://lemelville.fr/accueil/evenements/lazhar-zenou/#primaryimage"},"image":{"@id":"https://lemelville.fr/accueil/evenements/lazhar-zenou/#primaryimage"},"thumbnailUrl":"https://lemelville.fr/wp-content/uploads/2025/01/Lazhar-Zennou-Affiche-NF-1.png","datePublished":"2025-01-18T15:10:20+00:00","breadcrumb":{"@id":"https://lemelville.fr/accueil/evenements/lazhar-zenou/#breadcrumb"},"inLanguage":"fr-FR","potentialAction":[{"@type":"ReadAction","target":["https://lemelville.fr/accueil/evenements/lazhar-zenou/"]}]},{"@type":"ImageObject","inLanguage":"fr-FR","@id":"https://lemelville.fr/accueil/evenements/lazhar-zenou/#primaryimage","url":"https://lemelville.fr/wp-content/uploads/2025/01/Lazhar-Zennou-Affiche-NF-1.png","contentUrl":"https://lemelville.fr/wp-content/uploads/2025/01/Lazhar-Zennou-Affiche-NF-1.png","width":1280,"height":800},{"@type":"BreadcrumbList","@id":"https://lemelville.fr/accueil/evenements/lazhar-zenou/#breadcrumb","itemListElement":[{"@type":"ListItem","position":1,"name":"Accueil","item":"https://lemelville.fr/accueil/"},{"@type":"ListItem","position":2,"name":"Évènements","item":"https://lemelville.fr/accueil/evenements/"},{"@type":"ListItem","position":3,"name":"Lazhar Zenou"}]},{"@type":"WebSite","@id":"https://lemelville.fr/accueil/#website","url":"https://lemelville.fr/accueil/","name":"Le Melville","description":"Le Melville c’est l’éclectisme dans les verres, les assiettes et dans les oreilles. Du Jazz, de la world Music, souvent en live, une carte élégante de mets à picorer et des cocktails sur mesure, le tout dans un écrin de bois et de velours.","publisher":{"@id":"https://lemelville.fr/accueil/#organization"},"potentialAction":[{"@type":"SearchAction","target":{"@type":"EntryPoint","urlTemplate":"https://lemelville.fr/accueil/?s={search_term_string}"},"query-input":{"@type":"PropertyValueSpecification","valueRequired":true,"valueName":"search_term_string"}}],"inLanguage":"fr-FR"},{"@type":"Organization","@id":"https://lemelville.fr/accueil/#organization","name":"Le Melville","url":"https://lemelville.fr/accueil/","logo":{"@type":"ImageObject","inLanguage":"fr-FR","@id":"https://lemelville.fr/accueil/#/schema/logo/image/","url":"https://lemelville.fr/wp-content/uploads/2023/09/Logo-transparent-1-e1720022580951.png","contentUrl":"https://lemelville.fr/wp-content/uploads/2023/09/Logo-transparent-1-e1720022580951.png","width":2000,"height":656,"caption":"Le Melville"},"image":{"@id":"https://lemelville.fr/accueil/#/schema/logo/image/"},"sameAs":["https://www.facebook.com/people/Le-Melville/100085390055277/","https://www.instagram.com/lemelville_paris/"]}]}</script>
<!-- / Yoast SEO Premium plugin. -->

Dans un quatuor envoûtant, Lazhar Zennou chante et joue de la guitare aux côtés de Rachid Belharbi au piano, Khaled Sifi au cajun, et Zakaria Bendaoud à la basse. Ce&hellip; Poursuivre la lecture Lazhar Zenou

Évènements

Le Melville c’est l’éclectisme dans les verres, les assiettes et dans les oreilles. Du Jazz, de la world Music, souvent en live, une carte élégante de mets à picorer et des cocktails sur mesure, le tout dans un écrin de bois et de velours.
