{"id":3801,"date":"2025-01-18T18:23:35","date_gmt":"2025-01-18T17:23:35","guid":{"rendered":"https:\/\/lemelville.fr\/evenements\/tommy-roots-trio-2\/"},"modified":"2025-01-18T18:23:35","modified_gmt":"2025-01-18T17:23:35","slug":"tommy-roots-trio-2","status":"publish","type":"tribe_events","link":"https:\/\/lemelville.fr\/accueil\/evenements\/tommy-roots-trio-2\/","title":{"rendered":"Tommy Roots Trio"},"content":{"rendered":"<p>Le Tommy Roots Trio, compos\u00e9 de Matthieu Meyer au piano, Prokhor Burlak au saxo t\u00e9nor et Thomas Racine \u00e0 la batterie, revisite les classiques du jazz avec une touche moderne. Leur musique audacieuse et \u00e9l\u00e9gante offre une ambiance \u00e0 la fois nostalgique et innovante, m\u00ealant improvisations et compositions originales<\/p>\n<p>Le Tommy Roots Trio est un groupe de jazz moderne qui explore les racines du genre tout en y apportant une touche contemporaine. Compos\u00e9  d\u2019un pianiste virtuose, d\u2019un saxophoniste \u00e9bouriffant et d\u2019un batteurde genie, ce trio se distingue par ses improvisations audacieuses et ses arrangements \u00e9l\u00e9gants. Leur r\u00e9pertoire m\u00eale des classiques du jazz revisit\u00e9s \u00e0 des compositions originales, offrant une ambiance \u00e0 la fois nostalgique et innovante. <\/p>\n<p>Matthieu meyer : piano<br \/>\nProkhor Burlak : Saxo T\u00e9nor<br \/>\nThomas Racine : Drums <\/p>\n","protected":false},"excerpt":{"rendered":"<p>Le Tommy Roots Trio, compos\u00e9 de Matthieu Meyer au piano, Prokhor Burlak au saxo t\u00e9nor et Thomas Racine \u00e0 la batterie, revisite les classiques du jazz avec une touche moderne.&hellip; <a class=\"more-link\" href=\"https:\/\/lemelville.fr\/accueil\/evenements\/tommy-roots-trio-2\/\">Poursuivre la lecture <span class=\"screen-reader-text\">Tommy Roots Trio<\/span><\/a><\/p>\n","protected":false},"author":3,"featured_media":3800,"template":"","meta":{"_tribe_events_status":"","_tribe_events_status_reason":"","_tribe_events_is_hybrid":"","_tribe_events_is_virtual":"","_tribe_events_virtual_video_source":"","_tribe_events_virtual_embed_video":"","_tribe_events_virtual_linked_button_text":"","_tribe_events_virtual_linked_button":"","_tribe_events_virtual_show_embed_at":"","_tribe_events_virtual_show_embed_to":[],"_tribe_events_virtual_show_on_event":"","_tribe_events_virtual_show_on_views":"","_tribe_events_virtual_url":"","footnotes":""},"tags":[],"tribe_events_cat":[142],"class_list":["post-3801","tribe_events","type-tribe_events","status-publish","has-post-thumbnail","hentry","tribe_events_cat-swing-new-orleans","cat_swing-new-orleans","entry"],"yoast_head":"<!-- This site is optimized with the Yoast SEO Premium plugin v24.3 (Yoast SEO v27.1.1) - https:\/\/yoast.com\/product\/yoast-seo-premium-wordpress\/ -->\n<title>Tommy Roots Trio - Le Melville<\/title>\n<meta name=\"robots\" content=\"index, follow, max-snippet:-1, max-image-preview:large, max-video-preview:-1\" \/>\n<link rel=\"canonical\" href=\"https:\/\/lemelville.fr\/accueil\/evenements\/tommy-roots-trio-2\/\" \/>\n<meta property=\"og:locale\" content=\"fr_FR\" \/>\n<meta property=\"og:type\" content=\"article\" \/>\n<meta property=\"og:title\" content=\"Tommy Roots Trio\" \/>\n<meta property=\"og:description\" content=\"Le Tommy Roots Trio, compos\u00e9 de Matthieu Meyer au piano, Prokhor Burlak au saxo t\u00e9nor et Thomas Racine \u00e0 la batterie, revisite les classiques du jazz avec une touche moderne.&hellip; Poursuivre la lecture Tommy Roots Trio\" \/>\n<meta property=\"og:url\" content=\"https:\/\/lemelville.fr\/accueil\/evenements\/tommy-roots-trio-2\/\" \/>\n<meta property=\"og:site_name\" content=\"Le Melville\" \/>\n<meta property=\"article:publisher\" content=\"https:\/\/www.facebook.com\/people\/Le-Melville\/100085390055277\/\" \/>\n<meta property=\"og:image\" content=\"https:\/\/lemelville.fr\/wp-content\/uploads\/2025\/01\/Tommy-Roots-Trio-Affiche-Nf.png\" \/>\n\t<meta property=\"og:image:width\" content=\"1280\" \/>\n\t<meta property=\"og:image:height\" content=\"800\" \/>\n\t<meta property=\"og:image:type\" content=\"image\/png\" \/>\n<meta name=\"twitter:card\" content=\"summary_large_image\" \/>\n<meta name=\"twitter:label1\" content=\"Dur\u00e9e de lecture estim\u00e9e\" \/>\n\t<meta name=\"twitter:data1\" content=\"1 minute\" \/>\n<script type=\"application\/ld+json\" class=\"yoast-schema-graph\">{\"@context\":\"https:\/\/schema.org\",\"@graph\":[{\"@type\":\"WebPage\",\"@id\":\"https:\/\/lemelville.fr\/accueil\/evenements\/tommy-roots-trio-2\/\",\"url\":\"https:\/\/lemelville.fr\/accueil\/evenements\/tommy-roots-trio-2\/\",\"name\":\"Tommy Roots Trio - Le Melville\",\"isPartOf\":{\"@id\":\"https:\/\/lemelville.fr\/accueil\/#website\"},\"primaryImageOfPage\":{\"@id\":\"https:\/\/lemelville.fr\/accueil\/evenements\/tommy-roots-trio-2\/#primaryimage\"},\"image\":{\"@id\":\"https:\/\/lemelville.fr\/accueil\/evenements\/tommy-roots-trio-2\/#primaryimage\"},\"thumbnailUrl\":\"https:\/\/lemelville.fr\/wp-content\/uploads\/2025\/01\/Tommy-Roots-Trio-Affiche-Nf.png\",\"datePublished\":\"2025-01-18T17:23:35+00:00\",\"breadcrumb\":{\"@id\":\"https:\/\/lemelville.fr\/accueil\/evenements\/tommy-roots-trio-2\/#breadcrumb\"},\"inLanguage\":\"fr-FR\",\"potentialAction\":[{\"@type\":\"ReadAction\",\"target\":[\"https:\/\/lemelville.fr\/accueil\/evenements\/tommy-roots-trio-2\/\"]}]},{\"@type\":\"ImageObject\",\"inLanguage\":\"fr-FR\",\"@id\":\"https:\/\/lemelville.fr\/accueil\/evenements\/tommy-roots-trio-2\/#primaryimage\",\"url\":\"https:\/\/lemelville.fr\/wp-content\/uploads\/2025\/01\/Tommy-Roots-Trio-Affiche-Nf.png\",\"contentUrl\":\"https:\/\/lemelville.fr\/wp-content\/uploads\/2025\/01\/Tommy-Roots-Trio-Affiche-Nf.png\",\"width\":1280,\"height\":800},{\"@type\":\"BreadcrumbList\",\"@id\":\"https:\/\/lemelville.fr\/accueil\/evenements\/tommy-roots-trio-2\/#breadcrumb\",\"itemListElement\":[{\"@type\":\"ListItem\",\"position\":1,\"name\":\"Accueil\",\"item\":\"https:\/\/lemelville.fr\/accueil\/\"},{\"@type\":\"ListItem\",\"position\":2,\"name\":\"\u00c9v\u00e8nements\",\"item\":\"https:\/\/lemelville.fr\/accueil\/evenements\/\"},{\"@type\":\"ListItem\",\"position\":3,\"name\":\"Tommy Roots Trio\"}]},{\"@type\":\"WebSite\",\"@id\":\"https:\/\/lemelville.fr\/accueil\/#website\",\"url\":\"https:\/\/lemelville.fr\/accueil\/\",\"name\":\"Le Melville\",\"description\":\"Le Melville c\u2019est l\u2019\u00e9clectisme dans les verres, les assiettes et dans les oreilles. Du Jazz, de la world Music, souvent en live, une carte \u00e9l\u00e9gante de mets \u00e0 picorer et des cocktails sur mesure, le tout dans un \u00e9crin de bois et de velours.\",\"publisher\":{\"@id\":\"https:\/\/lemelville.fr\/accueil\/#organization\"},\"potentialAction\":[{\"@type\":\"SearchAction\",\"target\":{\"@type\":\"EntryPoint\",\"urlTemplate\":\"https:\/\/lemelville.fr\/accueil\/?s={search_term_string}\"},\"query-input\":{\"@type\":\"PropertyValueSpecification\",\"valueRequired\":true,\"valueName\":\"search_term_string\"}}],\"inLanguage\":\"fr-FR\"},{\"@type\":\"Organization\",\"@id\":\"https:\/\/lemelville.fr\/accueil\/#organization\",\"name\":\"Le Melville\",\"url\":\"https:\/\/lemelville.fr\/accueil\/\",\"logo\":{\"@type\":\"ImageObject\",\"inLanguage\":\"fr-FR\",\"@id\":\"https:\/\/lemelville.fr\/accueil\/#\/schema\/logo\/image\/\",\"url\":\"https:\/\/lemelville.fr\/wp-content\/uploads\/2023\/09\/Logo-transparent-1-e1720022580951.png\",\"contentUrl\":\"https:\/\/lemelville.fr\/wp-content\/uploads\/2023\/09\/Logo-transparent-1-e1720022580951.png\",\"width\":2000,\"height\":656,\"caption\":\"Le Melville\"},\"image\":{\"@id\":\"https:\/\/lemelville.fr\/accueil\/#\/schema\/logo\/image\/\"},\"sameAs\":[\"https:\/\/www.facebook.com\/people\/Le-Melville\/100085390055277\/\",\"https:\/\/www.instagram.com\/lemelville_paris\/\"]}]}<\/script>\n<!-- \/ Yoast SEO Premium plugin. -->","yoast_head_json":{"title":"Tommy Roots Trio - Le Melville","robots":{"index":"index","follow":"follow","max-snippet":"max-snippet:-1","max-image-preview":"max-image-preview:large","max-video-preview":"max-video-preview:-1"},"canonical":"https:\/\/lemelville.fr\/accueil\/evenements\/tommy-roots-trio-2\/","og_locale":"fr_FR","og_type":"article","og_title":"Tommy Roots Trio","og_description":"Le Tommy Roots Trio, compos\u00e9 de Matthieu Meyer au piano, Prokhor Burlak au saxo t\u00e9nor et Thomas Racine \u00e0 la batterie, revisite les classiques du jazz avec une touche moderne.&hellip; Poursuivre la lecture Tommy Roots Trio","og_url":"https:\/\/lemelville.fr\/accueil\/evenements\/tommy-roots-trio-2\/","og_site_name":"Le Melville","article_publisher":"https:\/\/www.facebook.com\/people\/Le-Melville\/100085390055277\/","og_image":[{"width":1280,"height":800,"url":"https:\/\/lemelville.fr\/wp-content\/uploads\/2025\/01\/Tommy-Roots-Trio-Affiche-Nf.png","type":"image\/png"}],"twitter_card":"summary_large_image","twitter_misc":{"Dur\u00e9e de lecture estim\u00e9e":"1 minute"},"schema":{"@context":"https:\/\/schema.org","@graph":[{"@type":"WebPage","@id":"https:\/\/lemelville.fr\/accueil\/evenements\/tommy-roots-trio-2\/","url":"https:\/\/lemelville.fr\/accueil\/evenements\/tommy-roots-trio-2\/","name":"Tommy Roots Trio - Le Melville","isPartOf":{"@id":"https:\/\/lemelville.fr\/accueil\/#website"},"primaryImageOfPage":{"@id":"https:\/\/lemelville.fr\/accueil\/evenements\/tommy-roots-trio-2\/#primaryimage"},"image":{"@id":"https:\/\/lemelville.fr\/accueil\/evenements\/tommy-roots-trio-2\/#primaryimage"},"thumbnailUrl":"https:\/\/lemelville.fr\/wp-content\/uploads\/2025\/01\/Tommy-Roots-Trio-Affiche-Nf.png","datePublished":"2025-01-18T17:23:35+00:00","breadcrumb":{"@id":"https:\/\/lemelville.fr\/accueil\/evenements\/tommy-roots-trio-2\/#breadcrumb"},"inLanguage":"fr-FR","potentialAction":[{"@type":"ReadAction","target":["https:\/\/lemelville.fr\/accueil\/evenements\/tommy-roots-trio-2\/"]}]},{"@type":"ImageObject","inLanguage":"fr-FR","@id":"https:\/\/lemelville.fr\/accueil\/evenements\/tommy-roots-trio-2\/#primaryimage","url":"https:\/\/lemelville.fr\/wp-content\/uploads\/2025\/01\/Tommy-Roots-Trio-Affiche-Nf.png","contentUrl":"https:\/\/lemelville.fr\/wp-content\/uploads\/2025\/01\/Tommy-Roots-Trio-Affiche-Nf.png","width":1280,"height":800},{"@type":"BreadcrumbList","@id":"https:\/\/lemelville.fr\/accueil\/evenements\/tommy-roots-trio-2\/#breadcrumb","itemListElement":[{"@type":"ListItem","position":1,"name":"Accueil","item":"https:\/\/lemelville.fr\/accueil\/"},{"@type":"ListItem","position":2,"name":"\u00c9v\u00e8nements","item":"https:\/\/lemelville.fr\/accueil\/evenements\/"},{"@type":"ListItem","position":3,"name":"Tommy Roots Trio"}]},{"@type":"WebSite","@id":"https:\/\/lemelville.fr\/accueil\/#website","url":"https:\/\/lemelville.fr\/accueil\/","name":"Le Melville","description":"Le Melville c\u2019est l\u2019\u00e9clectisme dans les verres, les assiettes et dans les oreilles. Du Jazz, de la world Music, souvent en live, une carte \u00e9l\u00e9gante de mets \u00e0 picorer et des cocktails sur mesure, le tout dans un \u00e9crin de bois et de velours.","publisher":{"@id":"https:\/\/lemelville.fr\/accueil\/#organization"},"potentialAction":[{"@type":"SearchAction","target":{"@type":"EntryPoint","urlTemplate":"https:\/\/lemelville.fr\/accueil\/?s={search_term_string}"},"query-input":{"@type":"PropertyValueSpecification","valueRequired":true,"valueName":"search_term_string"}}],"inLanguage":"fr-FR"},{"@type":"Organization","@id":"https:\/\/lemelville.fr\/accueil\/#organization","name":"Le Melville","url":"https:\/\/lemelville.fr\/accueil\/","logo":{"@type":"ImageObject","inLanguage":"fr-FR","@id":"https:\/\/lemelville.fr\/accueil\/#\/schema\/logo\/image\/","url":"https:\/\/lemelville.fr\/wp-content\/uploads\/2023\/09\/Logo-transparent-1-e1720022580951.png","contentUrl":"https:\/\/lemelville.fr\/wp-content\/uploads\/2023\/09\/Logo-transparent-1-e1720022580951.png","width":2000,"height":656,"caption":"Le Melville"},"image":{"@id":"https:\/\/lemelville.fr\/accueil\/#\/schema\/logo\/image\/"},"sameAs":["https:\/\/www.facebook.com\/people\/Le-Melville\/100085390055277\/","https:\/\/www.instagram.com\/lemelville_paris\/"]}]}},"_links":{"self":[{"href":"https:\/\/lemelville.fr\/accueil\/wp-json\/wp\/v2\/tribe_events\/3801","targetHints":{"allow":["GET"]}}],"collection":[{"href":"https:\/\/lemelville.fr\/accueil\/wp-json\/wp\/v2\/tribe_events"}],"about":[{"href":"https:\/\/lemelville.fr\/accueil\/wp-json\/wp\/v2\/types\/tribe_events"}],"author":[{"embeddable":true,"href":"https:\/\/lemelville.fr\/accueil\/wp-json\/wp\/v2\/users\/3"}],"version-history":[{"count":0,"href":"https:\/\/lemelville.fr\/accueil\/wp-json\/wp\/v2\/tribe_events\/3801\/revisions"}],"wp:featuredmedia":[{"embeddable":true,"href":"https:\/\/lemelville.fr\/accueil\/wp-json\/wp\/v2\/media\/3800"}],"wp:attachment":[{"href":"https:\/\/lemelville.fr\/accueil\/wp-json\/wp\/v2\/media?parent=3801"}],"wp:term":[{"taxonomy":"post_tag","embeddable":true,"href":"https:\/\/lemelville.fr\/accueil\/wp-json\/wp\/v2\/tags?post=3801"},{"taxonomy":"tribe_events_cat","embeddable":true,"href":"https:\/\/lemelville.fr\/accueil\/wp-json\/wp\/v2\/tribe_events_cat?post=3801"}],"curies":[{"name":"wp","href":"https:\/\/api.w.org\/{rel}","templated":true}]}}

<p>Le Tommy Roots Trio, composé de Matthieu Meyer au piano, Prokhor Burlak au saxo ténor et Thomas Racine à la batterie, revisite les classiques du jazz avec une touche moderne. Leur musique audacieuse et élégante offre une ambiance à la fois nostalgique et innovante, mêlant improvisations et compositions originales</p>
<p>Le Tommy Roots Trio est un groupe de jazz moderne qui explore les racines du genre tout en y apportant une touche contemporaine. Composé  d’un pianiste virtuose, d’un saxophoniste ébouriffant et d’un batteurde genie, ce trio se distingue par ses improvisations audacieuses et ses arrangements élégants. Leur répertoire mêle des classiques du jazz revisités à des compositions originales, offrant une ambiance à la fois nostalgique et innovante. </p>
<p>Matthieu meyer : piano<br />
Prokhor Burlak : Saxo Ténor<br />
Thomas Racine : Drums </p>

<p>Le Tommy Roots Trio, composé de Matthieu Meyer au piano, Prokhor Burlak au saxo ténor et Thomas Racine à la batterie, revisite les classiques du jazz avec une touche moderne.&hellip; <a class="more-link" href="https://lemelville.fr/accueil/evenements/tommy-roots-trio-2/">Poursuivre la lecture <span class="screen-reader-text">Tommy Roots Trio</span></a></p>

<!-- This site is optimized with the Yoast SEO Premium plugin v24.3 (Yoast SEO v27.1.1) - https://yoast.com/product/yoast-seo-premium-wordpress/ -->
<title>Tommy Roots Trio - Le Melville</title>
<meta name="robots" content="index, follow, max-snippet:-1, max-image-preview:large, max-video-preview:-1" />
<link rel="canonical" href="https://lemelville.fr/accueil/evenements/tommy-roots-trio-2/" />
<meta property="og:locale" content="fr_FR" />
<meta property="og:type" content="article" />
<meta property="og:title" content="Tommy Roots Trio" />
<meta property="og:description" content="Le Tommy Roots Trio, composé de Matthieu Meyer au piano, Prokhor Burlak au saxo ténor et Thomas Racine à la batterie, revisite les classiques du jazz avec une touche moderne.&hellip; Poursuivre la lecture Tommy Roots Trio" />
<meta property="og:url" content="https://lemelville.fr/accueil/evenements/tommy-roots-trio-2/" />
<meta property="og:site_name" content="Le Melville" />
<meta property="article:publisher" content="https://www.facebook.com/people/Le-Melville/100085390055277/" />
<meta property="og:image" content="https://lemelville.fr/wp-content/uploads/2025/01/Tommy-Roots-Trio-Affiche-Nf.png" />
	<meta property="og:image:width" content="1280" />
	<meta property="og:image:height" content="800" />
	<meta property="og:image:type" content="image/png" />
<meta name="twitter:card" content="summary_large_image" />
<meta name="twitter:label1" content="Durée de lecture estimée" />
	<meta name="twitter:data1" content="1 minute" />
<script type="application/ld+json" class="yoast-schema-graph">{"@context":"https://schema.org","@graph":[{"@type":"WebPage","@id":"https://lemelville.fr/accueil/evenements/tommy-roots-trio-2/","url":"https://lemelville.fr/accueil/evenements/tommy-roots-trio-2/","name":"Tommy Roots Trio - Le Melville","isPartOf":{"@id":"https://lemelville.fr/accueil/#website"},"primaryImageOfPage":{"@id":"https://lemelville.fr/accueil/evenements/tommy-roots-trio-2/#primaryimage"},"image":{"@id":"https://lemelville.fr/accueil/evenements/tommy-roots-trio-2/#primaryimage"},"thumbnailUrl":"https://lemelville.fr/wp-content/uploads/2025/01/Tommy-Roots-Trio-Affiche-Nf.png","datePublished":"2025-01-18T17:23:35+00:00","breadcrumb":{"@id":"https://lemelville.fr/accueil/evenements/tommy-roots-trio-2/#breadcrumb"},"inLanguage":"fr-FR","potentialAction":[{"@type":"ReadAction","target":["https://lemelville.fr/accueil/evenements/tommy-roots-trio-2/"]}]},{"@type":"ImageObject","inLanguage":"fr-FR","@id":"https://lemelville.fr/accueil/evenements/tommy-roots-trio-2/#primaryimage","url":"https://lemelville.fr/wp-content/uploads/2025/01/Tommy-Roots-Trio-Affiche-Nf.png","contentUrl":"https://lemelville.fr/wp-content/uploads/2025/01/Tommy-Roots-Trio-Affiche-Nf.png","width":1280,"height":800},{"@type":"BreadcrumbList","@id":"https://lemelville.fr/accueil/evenements/tommy-roots-trio-2/#breadcrumb","itemListElement":[{"@type":"ListItem","position":1,"name":"Accueil","item":"https://lemelville.fr/accueil/"},{"@type":"ListItem","position":2,"name":"Évènements","item":"https://lemelville.fr/accueil/evenements/"},{"@type":"ListItem","position":3,"name":"Tommy Roots Trio"}]},{"@type":"WebSite","@id":"https://lemelville.fr/accueil/#website","url":"https://lemelville.fr/accueil/","name":"Le Melville","description":"Le Melville c’est l’éclectisme dans les verres, les assiettes et dans les oreilles. Du Jazz, de la world Music, souvent en live, une carte élégante de mets à picorer et des cocktails sur mesure, le tout dans un écrin de bois et de velours.","publisher":{"@id":"https://lemelville.fr/accueil/#organization"},"potentialAction":[{"@type":"SearchAction","target":{"@type":"EntryPoint","urlTemplate":"https://lemelville.fr/accueil/?s={search_term_string}"},"query-input":{"@type":"PropertyValueSpecification","valueRequired":true,"valueName":"search_term_string"}}],"inLanguage":"fr-FR"},{"@type":"Organization","@id":"https://lemelville.fr/accueil/#organization","name":"Le Melville","url":"https://lemelville.fr/accueil/","logo":{"@type":"ImageObject","inLanguage":"fr-FR","@id":"https://lemelville.fr/accueil/#/schema/logo/image/","url":"https://lemelville.fr/wp-content/uploads/2023/09/Logo-transparent-1-e1720022580951.png","contentUrl":"https://lemelville.fr/wp-content/uploads/2023/09/Logo-transparent-1-e1720022580951.png","width":2000,"height":656,"caption":"Le Melville"},"image":{"@id":"https://lemelville.fr/accueil/#/schema/logo/image/"},"sameAs":["https://www.facebook.com/people/Le-Melville/100085390055277/","https://www.instagram.com/lemelville_paris/"]}]}</script>
<!-- / Yoast SEO Premium plugin. -->

Le Tommy Roots Trio, composé de Matthieu Meyer au piano, Prokhor Burlak au saxo ténor et Thomas Racine à la batterie, revisite les classiques du jazz avec une touche moderne.&hellip; Poursuivre la lecture Tommy Roots Trio

Évènements

Le Melville c’est l’éclectisme dans les verres, les assiettes et dans les oreilles. Du Jazz, de la world Music, souvent en live, une carte élégante de mets à picorer et des cocktails sur mesure, le tout dans un écrin de bois et de velours.
