{"id":3873,"date":"2025-01-26T12:51:49","date_gmt":"2025-01-26T11:51:49","guid":{"rendered":"https:\/\/lemelville.fr\/evenements\/viktor-nyberg-trio-2\/"},"modified":"2025-01-26T12:51:49","modified_gmt":"2025-01-26T11:51:49","slug":"viktor-nyberg-trio-2","status":"publish","type":"tribe_events","link":"https:\/\/lemelville.fr\/accueil\/evenements\/viktor-nyberg-trio-2\/","title":{"rendered":"Viktor Nyberg Trio"},"content":{"rendered":"<p>Un trio explosif na\u00eet \u00e0 Goteborg en 2023 : Etienne D\u00e9confin et Viktor Nyberg rencontrent le batteur Rasmus Blixt. En 2024, des tourn\u00e9es et un enregistrement survolt\u00e9 de standards s&#8217;ensuivent. Leur musique alchimique d\u00e9borde de libert\u00e9, de m\u00e9lodies magiques.<\/p>\n<p>Il y a des rencontres qui marquent une vie, celle de ces trois musiciens en est un exemple frappant ! Elle a lieu \u00e0 Goteborg au printemps 2023, Etienne D\u00e9confin (France) et Viktor Nyberg (France\/Su\u00e8de) qui jouent ensemble depuis 2012 font la connaissance du batteur Rasmus Blixt (Su\u00e8de).<br \/>\nS&#8217;en suis alors des tourn\u00e9es en France, Espagne, Su\u00e8de, et un enregistrement de standards au printemps 2024.<br \/>\nIls ont individuellement jou\u00e9 avec des musiciens comme Ari Hoenig, Jeremy Pelt, Jacky Terrasson, etc&#8230;<br \/>\nLe trio aborde un r\u00e9pertoire de standards et de compositions avec un sens de l&#8217;interplay quasi-t\u00e9l\u00e9pathique o\u00f9 la libert\u00e9 et la m\u00e9lodie sont omnipr\u00e9sentes.<\/p>\n<p>Rasmus Blixt : batterie<br \/>\nViktor Nyberg : contrebasse<br \/>\n\u00c9tienne D\u00e9confin : piano<\/p>\n","protected":false},"excerpt":{"rendered":"<p>Un trio explosif na\u00eet \u00e0 Goteborg en 2023 : Etienne D\u00e9confin et Viktor Nyberg rencontrent le batteur Rasmus Blixt. En 2024, des tourn\u00e9es et un enregistrement survolt\u00e9 de standards s&#8217;ensuivent.&hellip; <a class=\"more-link\" href=\"https:\/\/lemelville.fr\/accueil\/evenements\/viktor-nyberg-trio-2\/\">Poursuivre la lecture <span class=\"screen-reader-text\">Viktor Nyberg Trio<\/span><\/a><\/p>\n","protected":false},"author":3,"featured_media":3872,"template":"","meta":{"_tribe_events_status":"","_tribe_events_status_reason":"","_tribe_events_is_hybrid":"","_tribe_events_is_virtual":"","_tribe_events_virtual_video_source":"","_tribe_events_virtual_embed_video":"","_tribe_events_virtual_linked_button_text":"","_tribe_events_virtual_linked_button":"","_tribe_events_virtual_show_embed_at":"","_tribe_events_virtual_show_embed_to":[],"_tribe_events_virtual_show_on_event":"","_tribe_events_virtual_show_on_views":"","_tribe_events_virtual_url":"","footnotes":""},"tags":[],"tribe_events_cat":[88],"class_list":["post-3873","tribe_events","type-tribe_events","status-publish","has-post-thumbnail","hentry","tribe_events_cat-jazz-standard","cat_jazz-standard","entry"],"yoast_head":"<!-- This site is optimized with the Yoast SEO Premium plugin v24.3 (Yoast SEO v27.1.1) - https:\/\/yoast.com\/product\/yoast-seo-premium-wordpress\/ -->\n<title>Viktor Nyberg Trio - Le Melville<\/title>\n<meta name=\"robots\" content=\"index, follow, max-snippet:-1, max-image-preview:large, max-video-preview:-1\" \/>\n<link rel=\"canonical\" href=\"https:\/\/lemelville.fr\/accueil\/evenements\/viktor-nyberg-trio-2\/\" \/>\n<meta property=\"og:locale\" content=\"fr_FR\" \/>\n<meta property=\"og:type\" content=\"article\" \/>\n<meta property=\"og:title\" content=\"Viktor Nyberg Trio\" \/>\n<meta property=\"og:description\" content=\"Un trio explosif na\u00eet \u00e0 Goteborg en 2023 : Etienne D\u00e9confin et Viktor Nyberg rencontrent le batteur Rasmus Blixt. En 2024, des tourn\u00e9es et un enregistrement survolt\u00e9 de standards s&#8217;ensuivent.&hellip; Poursuivre la lecture Viktor Nyberg Trio\" \/>\n<meta property=\"og:url\" content=\"https:\/\/lemelville.fr\/accueil\/evenements\/viktor-nyberg-trio-2\/\" \/>\n<meta property=\"og:site_name\" content=\"Le Melville\" \/>\n<meta property=\"article:publisher\" content=\"https:\/\/www.facebook.com\/people\/Le-Melville\/100085390055277\/\" \/>\n<meta property=\"og:image\" content=\"https:\/\/lemelville.fr\/wp-content\/uploads\/2025\/01\/Viktor-Nyberg-Trio-Affiche-NF.png\" \/>\n\t<meta property=\"og:image:width\" content=\"1280\" \/>\n\t<meta property=\"og:image:height\" content=\"800\" \/>\n\t<meta property=\"og:image:type\" content=\"image\/png\" \/>\n<meta name=\"twitter:card\" content=\"summary_large_image\" \/>\n<meta name=\"twitter:label1\" content=\"Dur\u00e9e de lecture estim\u00e9e\" \/>\n\t<meta name=\"twitter:data1\" content=\"1 minute\" \/>\n<script type=\"application\/ld+json\" class=\"yoast-schema-graph\">{\"@context\":\"https:\/\/schema.org\",\"@graph\":[{\"@type\":\"WebPage\",\"@id\":\"https:\/\/lemelville.fr\/accueil\/evenements\/viktor-nyberg-trio-2\/\",\"url\":\"https:\/\/lemelville.fr\/accueil\/evenements\/viktor-nyberg-trio-2\/\",\"name\":\"Viktor Nyberg Trio - Le Melville\",\"isPartOf\":{\"@id\":\"https:\/\/lemelville.fr\/accueil\/#website\"},\"primaryImageOfPage\":{\"@id\":\"https:\/\/lemelville.fr\/accueil\/evenements\/viktor-nyberg-trio-2\/#primaryimage\"},\"image\":{\"@id\":\"https:\/\/lemelville.fr\/accueil\/evenements\/viktor-nyberg-trio-2\/#primaryimage\"},\"thumbnailUrl\":\"https:\/\/lemelville.fr\/wp-content\/uploads\/2025\/01\/Viktor-Nyberg-Trio-Affiche-NF.png\",\"datePublished\":\"2025-01-26T11:51:49+00:00\",\"breadcrumb\":{\"@id\":\"https:\/\/lemelville.fr\/accueil\/evenements\/viktor-nyberg-trio-2\/#breadcrumb\"},\"inLanguage\":\"fr-FR\",\"potentialAction\":[{\"@type\":\"ReadAction\",\"target\":[\"https:\/\/lemelville.fr\/accueil\/evenements\/viktor-nyberg-trio-2\/\"]}]},{\"@type\":\"ImageObject\",\"inLanguage\":\"fr-FR\",\"@id\":\"https:\/\/lemelville.fr\/accueil\/evenements\/viktor-nyberg-trio-2\/#primaryimage\",\"url\":\"https:\/\/lemelville.fr\/wp-content\/uploads\/2025\/01\/Viktor-Nyberg-Trio-Affiche-NF.png\",\"contentUrl\":\"https:\/\/lemelville.fr\/wp-content\/uploads\/2025\/01\/Viktor-Nyberg-Trio-Affiche-NF.png\",\"width\":1280,\"height\":800},{\"@type\":\"BreadcrumbList\",\"@id\":\"https:\/\/lemelville.fr\/accueil\/evenements\/viktor-nyberg-trio-2\/#breadcrumb\",\"itemListElement\":[{\"@type\":\"ListItem\",\"position\":1,\"name\":\"Accueil\",\"item\":\"https:\/\/lemelville.fr\/accueil\/\"},{\"@type\":\"ListItem\",\"position\":2,\"name\":\"\u00c9v\u00e8nements\",\"item\":\"https:\/\/lemelville.fr\/accueil\/evenements\/\"},{\"@type\":\"ListItem\",\"position\":3,\"name\":\"Viktor Nyberg Trio\"}]},{\"@type\":\"WebSite\",\"@id\":\"https:\/\/lemelville.fr\/accueil\/#website\",\"url\":\"https:\/\/lemelville.fr\/accueil\/\",\"name\":\"Le Melville\",\"description\":\"Le Melville c\u2019est l\u2019\u00e9clectisme dans les verres, les assiettes et dans les oreilles. Du Jazz, de la world Music, souvent en live, une carte \u00e9l\u00e9gante de mets \u00e0 picorer et des cocktails sur mesure, le tout dans un \u00e9crin de bois et de velours.\",\"publisher\":{\"@id\":\"https:\/\/lemelville.fr\/accueil\/#organization\"},\"potentialAction\":[{\"@type\":\"SearchAction\",\"target\":{\"@type\":\"EntryPoint\",\"urlTemplate\":\"https:\/\/lemelville.fr\/accueil\/?s={search_term_string}\"},\"query-input\":{\"@type\":\"PropertyValueSpecification\",\"valueRequired\":true,\"valueName\":\"search_term_string\"}}],\"inLanguage\":\"fr-FR\"},{\"@type\":\"Organization\",\"@id\":\"https:\/\/lemelville.fr\/accueil\/#organization\",\"name\":\"Le Melville\",\"url\":\"https:\/\/lemelville.fr\/accueil\/\",\"logo\":{\"@type\":\"ImageObject\",\"inLanguage\":\"fr-FR\",\"@id\":\"https:\/\/lemelville.fr\/accueil\/#\/schema\/logo\/image\/\",\"url\":\"https:\/\/lemelville.fr\/wp-content\/uploads\/2023\/09\/Logo-transparent-1-e1720022580951.png\",\"contentUrl\":\"https:\/\/lemelville.fr\/wp-content\/uploads\/2023\/09\/Logo-transparent-1-e1720022580951.png\",\"width\":2000,\"height\":656,\"caption\":\"Le Melville\"},\"image\":{\"@id\":\"https:\/\/lemelville.fr\/accueil\/#\/schema\/logo\/image\/\"},\"sameAs\":[\"https:\/\/www.facebook.com\/people\/Le-Melville\/100085390055277\/\",\"https:\/\/www.instagram.com\/lemelville_paris\/\"]}]}<\/script>\n<!-- \/ Yoast SEO Premium plugin. -->","yoast_head_json":{"title":"Viktor Nyberg Trio - Le Melville","robots":{"index":"index","follow":"follow","max-snippet":"max-snippet:-1","max-image-preview":"max-image-preview:large","max-video-preview":"max-video-preview:-1"},"canonical":"https:\/\/lemelville.fr\/accueil\/evenements\/viktor-nyberg-trio-2\/","og_locale":"fr_FR","og_type":"article","og_title":"Viktor Nyberg Trio","og_description":"Un trio explosif na\u00eet \u00e0 Goteborg en 2023 : Etienne D\u00e9confin et Viktor Nyberg rencontrent le batteur Rasmus Blixt. En 2024, des tourn\u00e9es et un enregistrement survolt\u00e9 de standards s&#8217;ensuivent.&hellip; Poursuivre la lecture Viktor Nyberg Trio","og_url":"https:\/\/lemelville.fr\/accueil\/evenements\/viktor-nyberg-trio-2\/","og_site_name":"Le Melville","article_publisher":"https:\/\/www.facebook.com\/people\/Le-Melville\/100085390055277\/","og_image":[{"width":1280,"height":800,"url":"https:\/\/lemelville.fr\/wp-content\/uploads\/2025\/01\/Viktor-Nyberg-Trio-Affiche-NF.png","type":"image\/png"}],"twitter_card":"summary_large_image","twitter_misc":{"Dur\u00e9e de lecture estim\u00e9e":"1 minute"},"schema":{"@context":"https:\/\/schema.org","@graph":[{"@type":"WebPage","@id":"https:\/\/lemelville.fr\/accueil\/evenements\/viktor-nyberg-trio-2\/","url":"https:\/\/lemelville.fr\/accueil\/evenements\/viktor-nyberg-trio-2\/","name":"Viktor Nyberg Trio - Le Melville","isPartOf":{"@id":"https:\/\/lemelville.fr\/accueil\/#website"},"primaryImageOfPage":{"@id":"https:\/\/lemelville.fr\/accueil\/evenements\/viktor-nyberg-trio-2\/#primaryimage"},"image":{"@id":"https:\/\/lemelville.fr\/accueil\/evenements\/viktor-nyberg-trio-2\/#primaryimage"},"thumbnailUrl":"https:\/\/lemelville.fr\/wp-content\/uploads\/2025\/01\/Viktor-Nyberg-Trio-Affiche-NF.png","datePublished":"2025-01-26T11:51:49+00:00","breadcrumb":{"@id":"https:\/\/lemelville.fr\/accueil\/evenements\/viktor-nyberg-trio-2\/#breadcrumb"},"inLanguage":"fr-FR","potentialAction":[{"@type":"ReadAction","target":["https:\/\/lemelville.fr\/accueil\/evenements\/viktor-nyberg-trio-2\/"]}]},{"@type":"ImageObject","inLanguage":"fr-FR","@id":"https:\/\/lemelville.fr\/accueil\/evenements\/viktor-nyberg-trio-2\/#primaryimage","url":"https:\/\/lemelville.fr\/wp-content\/uploads\/2025\/01\/Viktor-Nyberg-Trio-Affiche-NF.png","contentUrl":"https:\/\/lemelville.fr\/wp-content\/uploads\/2025\/01\/Viktor-Nyberg-Trio-Affiche-NF.png","width":1280,"height":800},{"@type":"BreadcrumbList","@id":"https:\/\/lemelville.fr\/accueil\/evenements\/viktor-nyberg-trio-2\/#breadcrumb","itemListElement":[{"@type":"ListItem","position":1,"name":"Accueil","item":"https:\/\/lemelville.fr\/accueil\/"},{"@type":"ListItem","position":2,"name":"\u00c9v\u00e8nements","item":"https:\/\/lemelville.fr\/accueil\/evenements\/"},{"@type":"ListItem","position":3,"name":"Viktor Nyberg Trio"}]},{"@type":"WebSite","@id":"https:\/\/lemelville.fr\/accueil\/#website","url":"https:\/\/lemelville.fr\/accueil\/","name":"Le Melville","description":"Le Melville c\u2019est l\u2019\u00e9clectisme dans les verres, les assiettes et dans les oreilles. Du Jazz, de la world Music, souvent en live, une carte \u00e9l\u00e9gante de mets \u00e0 picorer et des cocktails sur mesure, le tout dans un \u00e9crin de bois et de velours.","publisher":{"@id":"https:\/\/lemelville.fr\/accueil\/#organization"},"potentialAction":[{"@type":"SearchAction","target":{"@type":"EntryPoint","urlTemplate":"https:\/\/lemelville.fr\/accueil\/?s={search_term_string}"},"query-input":{"@type":"PropertyValueSpecification","valueRequired":true,"valueName":"search_term_string"}}],"inLanguage":"fr-FR"},{"@type":"Organization","@id":"https:\/\/lemelville.fr\/accueil\/#organization","name":"Le Melville","url":"https:\/\/lemelville.fr\/accueil\/","logo":{"@type":"ImageObject","inLanguage":"fr-FR","@id":"https:\/\/lemelville.fr\/accueil\/#\/schema\/logo\/image\/","url":"https:\/\/lemelville.fr\/wp-content\/uploads\/2023\/09\/Logo-transparent-1-e1720022580951.png","contentUrl":"https:\/\/lemelville.fr\/wp-content\/uploads\/2023\/09\/Logo-transparent-1-e1720022580951.png","width":2000,"height":656,"caption":"Le Melville"},"image":{"@id":"https:\/\/lemelville.fr\/accueil\/#\/schema\/logo\/image\/"},"sameAs":["https:\/\/www.facebook.com\/people\/Le-Melville\/100085390055277\/","https:\/\/www.instagram.com\/lemelville_paris\/"]}]}},"_links":{"self":[{"href":"https:\/\/lemelville.fr\/accueil\/wp-json\/wp\/v2\/tribe_events\/3873","targetHints":{"allow":["GET"]}}],"collection":[{"href":"https:\/\/lemelville.fr\/accueil\/wp-json\/wp\/v2\/tribe_events"}],"about":[{"href":"https:\/\/lemelville.fr\/accueil\/wp-json\/wp\/v2\/types\/tribe_events"}],"author":[{"embeddable":true,"href":"https:\/\/lemelville.fr\/accueil\/wp-json\/wp\/v2\/users\/3"}],"version-history":[{"count":0,"href":"https:\/\/lemelville.fr\/accueil\/wp-json\/wp\/v2\/tribe_events\/3873\/revisions"}],"wp:featuredmedia":[{"embeddable":true,"href":"https:\/\/lemelville.fr\/accueil\/wp-json\/wp\/v2\/media\/3872"}],"wp:attachment":[{"href":"https:\/\/lemelville.fr\/accueil\/wp-json\/wp\/v2\/media?parent=3873"}],"wp:term":[{"taxonomy":"post_tag","embeddable":true,"href":"https:\/\/lemelville.fr\/accueil\/wp-json\/wp\/v2\/tags?post=3873"},{"taxonomy":"tribe_events_cat","embeddable":true,"href":"https:\/\/lemelville.fr\/accueil\/wp-json\/wp\/v2\/tribe_events_cat?post=3873"}],"curies":[{"name":"wp","href":"https:\/\/api.w.org\/{rel}","templated":true}]}}

<p>Un trio explosif naît à Goteborg en 2023 : Etienne Déconfin et Viktor Nyberg rencontrent le batteur Rasmus Blixt. En 2024, des tournées et un enregistrement survolté de standards s&#8217;ensuivent. Leur musique alchimique déborde de liberté, de mélodies magiques.</p>
<p>Il y a des rencontres qui marquent une vie, celle de ces trois musiciens en est un exemple frappant ! Elle a lieu à Goteborg au printemps 2023, Etienne Déconfin (France) et Viktor Nyberg (France/Suède) qui jouent ensemble depuis 2012 font la connaissance du batteur Rasmus Blixt (Suède).<br />
S&#8217;en suis alors des tournées en France, Espagne, Suède, et un enregistrement de standards au printemps 2024.<br />
Ils ont individuellement joué avec des musiciens comme Ari Hoenig, Jeremy Pelt, Jacky Terrasson, etc&#8230;<br />
Le trio aborde un répertoire de standards et de compositions avec un sens de l&#8217;interplay quasi-télépathique où la liberté et la mélodie sont omniprésentes.</p>
<p>Rasmus Blixt : batterie<br />
Viktor Nyberg : contrebasse<br />
Étienne Déconfin : piano</p>

<p>Un trio explosif naît à Goteborg en 2023 : Etienne Déconfin et Viktor Nyberg rencontrent le batteur Rasmus Blixt. En 2024, des tournées et un enregistrement survolté de standards s&#8217;ensuivent.&hellip; <a class="more-link" href="https://lemelville.fr/accueil/evenements/viktor-nyberg-trio-2/">Poursuivre la lecture <span class="screen-reader-text">Viktor Nyberg Trio</span></a></p>

<!-- This site is optimized with the Yoast SEO Premium plugin v24.3 (Yoast SEO v27.1.1) - https://yoast.com/product/yoast-seo-premium-wordpress/ -->
<title>Viktor Nyberg Trio - Le Melville</title>
<meta name="robots" content="index, follow, max-snippet:-1, max-image-preview:large, max-video-preview:-1" />
<link rel="canonical" href="https://lemelville.fr/accueil/evenements/viktor-nyberg-trio-2/" />
<meta property="og:locale" content="fr_FR" />
<meta property="og:type" content="article" />
<meta property="og:title" content="Viktor Nyberg Trio" />
<meta property="og:description" content="Un trio explosif naît à Goteborg en 2023 : Etienne Déconfin et Viktor Nyberg rencontrent le batteur Rasmus Blixt. En 2024, des tournées et un enregistrement survolté de standards s&#8217;ensuivent.&hellip; Poursuivre la lecture Viktor Nyberg Trio" />
<meta property="og:url" content="https://lemelville.fr/accueil/evenements/viktor-nyberg-trio-2/" />
<meta property="og:site_name" content="Le Melville" />
<meta property="article:publisher" content="https://www.facebook.com/people/Le-Melville/100085390055277/" />
<meta property="og:image" content="https://lemelville.fr/wp-content/uploads/2025/01/Viktor-Nyberg-Trio-Affiche-NF.png" />
	<meta property="og:image:width" content="1280" />
	<meta property="og:image:height" content="800" />
	<meta property="og:image:type" content="image/png" />
<meta name="twitter:card" content="summary_large_image" />
<meta name="twitter:label1" content="Durée de lecture estimée" />
	<meta name="twitter:data1" content="1 minute" />
<script type="application/ld+json" class="yoast-schema-graph">{"@context":"https://schema.org","@graph":[{"@type":"WebPage","@id":"https://lemelville.fr/accueil/evenements/viktor-nyberg-trio-2/","url":"https://lemelville.fr/accueil/evenements/viktor-nyberg-trio-2/","name":"Viktor Nyberg Trio - Le Melville","isPartOf":{"@id":"https://lemelville.fr/accueil/#website"},"primaryImageOfPage":{"@id":"https://lemelville.fr/accueil/evenements/viktor-nyberg-trio-2/#primaryimage"},"image":{"@id":"https://lemelville.fr/accueil/evenements/viktor-nyberg-trio-2/#primaryimage"},"thumbnailUrl":"https://lemelville.fr/wp-content/uploads/2025/01/Viktor-Nyberg-Trio-Affiche-NF.png","datePublished":"2025-01-26T11:51:49+00:00","breadcrumb":{"@id":"https://lemelville.fr/accueil/evenements/viktor-nyberg-trio-2/#breadcrumb"},"inLanguage":"fr-FR","potentialAction":[{"@type":"ReadAction","target":["https://lemelville.fr/accueil/evenements/viktor-nyberg-trio-2/"]}]},{"@type":"ImageObject","inLanguage":"fr-FR","@id":"https://lemelville.fr/accueil/evenements/viktor-nyberg-trio-2/#primaryimage","url":"https://lemelville.fr/wp-content/uploads/2025/01/Viktor-Nyberg-Trio-Affiche-NF.png","contentUrl":"https://lemelville.fr/wp-content/uploads/2025/01/Viktor-Nyberg-Trio-Affiche-NF.png","width":1280,"height":800},{"@type":"BreadcrumbList","@id":"https://lemelville.fr/accueil/evenements/viktor-nyberg-trio-2/#breadcrumb","itemListElement":[{"@type":"ListItem","position":1,"name":"Accueil","item":"https://lemelville.fr/accueil/"},{"@type":"ListItem","position":2,"name":"Évènements","item":"https://lemelville.fr/accueil/evenements/"},{"@type":"ListItem","position":3,"name":"Viktor Nyberg Trio"}]},{"@type":"WebSite","@id":"https://lemelville.fr/accueil/#website","url":"https://lemelville.fr/accueil/","name":"Le Melville","description":"Le Melville c’est l’éclectisme dans les verres, les assiettes et dans les oreilles. Du Jazz, de la world Music, souvent en live, une carte élégante de mets à picorer et des cocktails sur mesure, le tout dans un écrin de bois et de velours.","publisher":{"@id":"https://lemelville.fr/accueil/#organization"},"potentialAction":[{"@type":"SearchAction","target":{"@type":"EntryPoint","urlTemplate":"https://lemelville.fr/accueil/?s={search_term_string}"},"query-input":{"@type":"PropertyValueSpecification","valueRequired":true,"valueName":"search_term_string"}}],"inLanguage":"fr-FR"},{"@type":"Organization","@id":"https://lemelville.fr/accueil/#organization","name":"Le Melville","url":"https://lemelville.fr/accueil/","logo":{"@type":"ImageObject","inLanguage":"fr-FR","@id":"https://lemelville.fr/accueil/#/schema/logo/image/","url":"https://lemelville.fr/wp-content/uploads/2023/09/Logo-transparent-1-e1720022580951.png","contentUrl":"https://lemelville.fr/wp-content/uploads/2023/09/Logo-transparent-1-e1720022580951.png","width":2000,"height":656,"caption":"Le Melville"},"image":{"@id":"https://lemelville.fr/accueil/#/schema/logo/image/"},"sameAs":["https://www.facebook.com/people/Le-Melville/100085390055277/","https://www.instagram.com/lemelville_paris/"]}]}</script>
<!-- / Yoast SEO Premium plugin. -->

Un trio explosif naît à Goteborg en 2023 : Etienne Déconfin et Viktor Nyberg rencontrent le batteur Rasmus Blixt. En 2024, des tournées et un enregistrement survolté de standards s&#8217;ensuivent.&hellip; Poursuivre la lecture Viktor Nyberg Trio

Évènements

Le Melville c’est l’éclectisme dans les verres, les assiettes et dans les oreilles. Du Jazz, de la world Music, souvent en live, une carte élégante de mets à picorer et des cocktails sur mesure, le tout dans un écrin de bois et de velours.
