{"id":3885,"date":"2025-01-26T13:47:11","date_gmt":"2025-01-26T12:47:11","guid":{"rendered":"https:\/\/lemelville.fr\/evenements\/rumba-paname-2\/"},"modified":"2025-01-26T13:47:11","modified_gmt":"2025-01-26T12:47:11","slug":"rumba-paname-2","status":"publish","type":"tribe_events","link":"https:\/\/lemelville.fr\/accueil\/evenements\/rumba-paname-2\/","title":{"rendered":"Rumba Paname"},"content":{"rendered":"<p>Arlet Feuillard, pianiste et percussionniste guadeloup\u00e9en, magnifie les rythmes carib\u00e9ens. Pass\u00e9 du classique au jazz, il enflamme la sc\u00e8ne aux c\u00f4t\u00e9s d&#8217;artistes tels que Franck Nicolas. En salsa ou latin jazz, sa musique latine envo\u00fbte gr\u00e2ce \u00e0 son talent et son \u00e9nergie.<\/p>\n<p>Pianiste de formation classique, Arlet Feuillard commence \u00e9galement les percussions tr\u00e8s jeune en pratiquant le Gwo Ka (musique traditionnelle Guadeloup\u00e9enne). Apr\u00e8s avoir notamment \u00e9tudi\u00e9 la musique classique \u00e0 l&#8217;\u00e9cole de musique du Lamentin (Guadeloupe), au CRR de Paris et au Conservatoire Royal de Bruxelles , il d\u00e9cide finalement de se consacrer au jazz et aux musiques traditionnelles carib\u00e9ennes, tant au piano qu&#8217;au percussions. <\/p>\n<p>Il accompagne des artistes comme Franck Nicolas, Max Cilla, J\u00fcde, ainsi que quelques ensembles de salsa. <\/p>\n<p>Tr\u00e8s attir\u00e9 par les musiques latines, c&#8217;est tout naturellement qu&#8217;Arlet nous pr\u00e9sente cette formation et ce r\u00e9pertoire issu de rythmiques afro-br\u00e9siliennes et afro-latines.<br \/>\nEntre latin jazz et musiques traditionnelles, laissez-vous embarquer dans cet univers haut en couleurs <\/p>\n<p>Arlet Feuillard : congas<br \/>\nJonathan Meyer : basse<br \/>\nSamy Babiker : bongas<br \/>\nDavid Lesprit : chant, sax<br \/>\nLaur\u00e8ne Le Barazer : chant, percussions<\/p>\n","protected":false},"excerpt":{"rendered":"<p>Arlet Feuillard, pianiste et percussionniste guadeloup\u00e9en, magnifie les rythmes carib\u00e9ens. Pass\u00e9 du classique au jazz, il enflamme la sc\u00e8ne aux c\u00f4t\u00e9s d&#8217;artistes tels que Franck Nicolas. En salsa ou latin&hellip; <a class=\"more-link\" href=\"https:\/\/lemelville.fr\/accueil\/evenements\/rumba-paname-2\/\">Poursuivre la lecture <span class=\"screen-reader-text\">Rumba Paname<\/span><\/a><\/p>\n","protected":false},"author":3,"featured_media":3884,"template":"","meta":{"_tribe_events_status":"","_tribe_events_status_reason":"","_tribe_events_is_hybrid":"","_tribe_events_is_virtual":"","_tribe_events_virtual_video_source":"","_tribe_events_virtual_embed_video":"","_tribe_events_virtual_linked_button_text":"","_tribe_events_virtual_linked_button":"","_tribe_events_virtual_show_embed_at":"","_tribe_events_virtual_show_embed_to":[],"_tribe_events_virtual_show_on_event":"","_tribe_events_virtual_show_on_views":"","_tribe_events_virtual_url":"","footnotes":""},"tags":[],"tribe_events_cat":[139],"class_list":["post-3885","tribe_events","type-tribe_events","status-publish","has-post-thumbnail","hentry","tribe_events_cat-latin-jazz","cat_latin-jazz","entry"],"yoast_head":"<!-- This site is optimized with the Yoast SEO Premium plugin v24.3 (Yoast SEO v27.1.1) - https:\/\/yoast.com\/product\/yoast-seo-premium-wordpress\/ -->\n<title>Rumba Paname - Le Melville<\/title>\n<meta name=\"robots\" content=\"index, follow, max-snippet:-1, max-image-preview:large, max-video-preview:-1\" \/>\n<link rel=\"canonical\" href=\"https:\/\/lemelville.fr\/accueil\/evenements\/rumba-paname-2\/\" \/>\n<meta property=\"og:locale\" content=\"fr_FR\" \/>\n<meta property=\"og:type\" content=\"article\" \/>\n<meta property=\"og:title\" content=\"Rumba Paname\" \/>\n<meta property=\"og:description\" content=\"Arlet Feuillard, pianiste et percussionniste guadeloup\u00e9en, magnifie les rythmes carib\u00e9ens. Pass\u00e9 du classique au jazz, il enflamme la sc\u00e8ne aux c\u00f4t\u00e9s d&#8217;artistes tels que Franck Nicolas. En salsa ou latin&hellip; Poursuivre la lecture Rumba Paname\" \/>\n<meta property=\"og:url\" content=\"https:\/\/lemelville.fr\/accueil\/evenements\/rumba-paname-2\/\" \/>\n<meta property=\"og:site_name\" content=\"Le Melville\" \/>\n<meta property=\"article:publisher\" content=\"https:\/\/www.facebook.com\/people\/Le-Melville\/100085390055277\/\" \/>\n<meta property=\"og:image\" content=\"https:\/\/lemelville.fr\/wp-content\/uploads\/2025\/01\/Rumba-Paname-Affiche-NF-2.png\" \/>\n\t<meta property=\"og:image:width\" content=\"1280\" \/>\n\t<meta property=\"og:image:height\" content=\"800\" \/>\n\t<meta property=\"og:image:type\" content=\"image\/png\" \/>\n<meta name=\"twitter:card\" content=\"summary_large_image\" \/>\n<meta name=\"twitter:label1\" content=\"Dur\u00e9e de lecture estim\u00e9e\" \/>\n\t<meta name=\"twitter:data1\" content=\"1 minute\" \/>\n<script type=\"application\/ld+json\" class=\"yoast-schema-graph\">{\"@context\":\"https:\/\/schema.org\",\"@graph\":[{\"@type\":\"WebPage\",\"@id\":\"https:\/\/lemelville.fr\/accueil\/evenements\/rumba-paname-2\/\",\"url\":\"https:\/\/lemelville.fr\/accueil\/evenements\/rumba-paname-2\/\",\"name\":\"Rumba Paname - Le Melville\",\"isPartOf\":{\"@id\":\"https:\/\/lemelville.fr\/accueil\/#website\"},\"primaryImageOfPage\":{\"@id\":\"https:\/\/lemelville.fr\/accueil\/evenements\/rumba-paname-2\/#primaryimage\"},\"image\":{\"@id\":\"https:\/\/lemelville.fr\/accueil\/evenements\/rumba-paname-2\/#primaryimage\"},\"thumbnailUrl\":\"https:\/\/lemelville.fr\/wp-content\/uploads\/2025\/01\/Rumba-Paname-Affiche-NF-2.png\",\"datePublished\":\"2025-01-26T12:47:11+00:00\",\"breadcrumb\":{\"@id\":\"https:\/\/lemelville.fr\/accueil\/evenements\/rumba-paname-2\/#breadcrumb\"},\"inLanguage\":\"fr-FR\",\"potentialAction\":[{\"@type\":\"ReadAction\",\"target\":[\"https:\/\/lemelville.fr\/accueil\/evenements\/rumba-paname-2\/\"]}]},{\"@type\":\"ImageObject\",\"inLanguage\":\"fr-FR\",\"@id\":\"https:\/\/lemelville.fr\/accueil\/evenements\/rumba-paname-2\/#primaryimage\",\"url\":\"https:\/\/lemelville.fr\/wp-content\/uploads\/2025\/01\/Rumba-Paname-Affiche-NF-2.png\",\"contentUrl\":\"https:\/\/lemelville.fr\/wp-content\/uploads\/2025\/01\/Rumba-Paname-Affiche-NF-2.png\",\"width\":1280,\"height\":800},{\"@type\":\"BreadcrumbList\",\"@id\":\"https:\/\/lemelville.fr\/accueil\/evenements\/rumba-paname-2\/#breadcrumb\",\"itemListElement\":[{\"@type\":\"ListItem\",\"position\":1,\"name\":\"Accueil\",\"item\":\"https:\/\/lemelville.fr\/accueil\/\"},{\"@type\":\"ListItem\",\"position\":2,\"name\":\"\u00c9v\u00e8nements\",\"item\":\"https:\/\/lemelville.fr\/accueil\/evenements\/\"},{\"@type\":\"ListItem\",\"position\":3,\"name\":\"Rumba Paname\"}]},{\"@type\":\"WebSite\",\"@id\":\"https:\/\/lemelville.fr\/accueil\/#website\",\"url\":\"https:\/\/lemelville.fr\/accueil\/\",\"name\":\"Le Melville\",\"description\":\"Le Melville c\u2019est l\u2019\u00e9clectisme dans les verres, les assiettes et dans les oreilles. Du Jazz, de la world Music, souvent en live, une carte \u00e9l\u00e9gante de mets \u00e0 picorer et des cocktails sur mesure, le tout dans un \u00e9crin de bois et de velours.\",\"publisher\":{\"@id\":\"https:\/\/lemelville.fr\/accueil\/#organization\"},\"potentialAction\":[{\"@type\":\"SearchAction\",\"target\":{\"@type\":\"EntryPoint\",\"urlTemplate\":\"https:\/\/lemelville.fr\/accueil\/?s={search_term_string}\"},\"query-input\":{\"@type\":\"PropertyValueSpecification\",\"valueRequired\":true,\"valueName\":\"search_term_string\"}}],\"inLanguage\":\"fr-FR\"},{\"@type\":\"Organization\",\"@id\":\"https:\/\/lemelville.fr\/accueil\/#organization\",\"name\":\"Le Melville\",\"url\":\"https:\/\/lemelville.fr\/accueil\/\",\"logo\":{\"@type\":\"ImageObject\",\"inLanguage\":\"fr-FR\",\"@id\":\"https:\/\/lemelville.fr\/accueil\/#\/schema\/logo\/image\/\",\"url\":\"https:\/\/lemelville.fr\/wp-content\/uploads\/2023\/09\/Logo-transparent-1-e1720022580951.png\",\"contentUrl\":\"https:\/\/lemelville.fr\/wp-content\/uploads\/2023\/09\/Logo-transparent-1-e1720022580951.png\",\"width\":2000,\"height\":656,\"caption\":\"Le Melville\"},\"image\":{\"@id\":\"https:\/\/lemelville.fr\/accueil\/#\/schema\/logo\/image\/\"},\"sameAs\":[\"https:\/\/www.facebook.com\/people\/Le-Melville\/100085390055277\/\",\"https:\/\/www.instagram.com\/lemelville_paris\/\"]}]}<\/script>\n<!-- \/ Yoast SEO Premium plugin. -->","yoast_head_json":{"title":"Rumba Paname - Le Melville","robots":{"index":"index","follow":"follow","max-snippet":"max-snippet:-1","max-image-preview":"max-image-preview:large","max-video-preview":"max-video-preview:-1"},"canonical":"https:\/\/lemelville.fr\/accueil\/evenements\/rumba-paname-2\/","og_locale":"fr_FR","og_type":"article","og_title":"Rumba Paname","og_description":"Arlet Feuillard, pianiste et percussionniste guadeloup\u00e9en, magnifie les rythmes carib\u00e9ens. Pass\u00e9 du classique au jazz, il enflamme la sc\u00e8ne aux c\u00f4t\u00e9s d&#8217;artistes tels que Franck Nicolas. En salsa ou latin&hellip; Poursuivre la lecture Rumba Paname","og_url":"https:\/\/lemelville.fr\/accueil\/evenements\/rumba-paname-2\/","og_site_name":"Le Melville","article_publisher":"https:\/\/www.facebook.com\/people\/Le-Melville\/100085390055277\/","og_image":[{"width":1280,"height":800,"url":"https:\/\/lemelville.fr\/wp-content\/uploads\/2025\/01\/Rumba-Paname-Affiche-NF-2.png","type":"image\/png"}],"twitter_card":"summary_large_image","twitter_misc":{"Dur\u00e9e de lecture estim\u00e9e":"1 minute"},"schema":{"@context":"https:\/\/schema.org","@graph":[{"@type":"WebPage","@id":"https:\/\/lemelville.fr\/accueil\/evenements\/rumba-paname-2\/","url":"https:\/\/lemelville.fr\/accueil\/evenements\/rumba-paname-2\/","name":"Rumba Paname - Le Melville","isPartOf":{"@id":"https:\/\/lemelville.fr\/accueil\/#website"},"primaryImageOfPage":{"@id":"https:\/\/lemelville.fr\/accueil\/evenements\/rumba-paname-2\/#primaryimage"},"image":{"@id":"https:\/\/lemelville.fr\/accueil\/evenements\/rumba-paname-2\/#primaryimage"},"thumbnailUrl":"https:\/\/lemelville.fr\/wp-content\/uploads\/2025\/01\/Rumba-Paname-Affiche-NF-2.png","datePublished":"2025-01-26T12:47:11+00:00","breadcrumb":{"@id":"https:\/\/lemelville.fr\/accueil\/evenements\/rumba-paname-2\/#breadcrumb"},"inLanguage":"fr-FR","potentialAction":[{"@type":"ReadAction","target":["https:\/\/lemelville.fr\/accueil\/evenements\/rumba-paname-2\/"]}]},{"@type":"ImageObject","inLanguage":"fr-FR","@id":"https:\/\/lemelville.fr\/accueil\/evenements\/rumba-paname-2\/#primaryimage","url":"https:\/\/lemelville.fr\/wp-content\/uploads\/2025\/01\/Rumba-Paname-Affiche-NF-2.png","contentUrl":"https:\/\/lemelville.fr\/wp-content\/uploads\/2025\/01\/Rumba-Paname-Affiche-NF-2.png","width":1280,"height":800},{"@type":"BreadcrumbList","@id":"https:\/\/lemelville.fr\/accueil\/evenements\/rumba-paname-2\/#breadcrumb","itemListElement":[{"@type":"ListItem","position":1,"name":"Accueil","item":"https:\/\/lemelville.fr\/accueil\/"},{"@type":"ListItem","position":2,"name":"\u00c9v\u00e8nements","item":"https:\/\/lemelville.fr\/accueil\/evenements\/"},{"@type":"ListItem","position":3,"name":"Rumba Paname"}]},{"@type":"WebSite","@id":"https:\/\/lemelville.fr\/accueil\/#website","url":"https:\/\/lemelville.fr\/accueil\/","name":"Le Melville","description":"Le Melville c\u2019est l\u2019\u00e9clectisme dans les verres, les assiettes et dans les oreilles. Du Jazz, de la world Music, souvent en live, une carte \u00e9l\u00e9gante de mets \u00e0 picorer et des cocktails sur mesure, le tout dans un \u00e9crin de bois et de velours.","publisher":{"@id":"https:\/\/lemelville.fr\/accueil\/#organization"},"potentialAction":[{"@type":"SearchAction","target":{"@type":"EntryPoint","urlTemplate":"https:\/\/lemelville.fr\/accueil\/?s={search_term_string}"},"query-input":{"@type":"PropertyValueSpecification","valueRequired":true,"valueName":"search_term_string"}}],"inLanguage":"fr-FR"},{"@type":"Organization","@id":"https:\/\/lemelville.fr\/accueil\/#organization","name":"Le Melville","url":"https:\/\/lemelville.fr\/accueil\/","logo":{"@type":"ImageObject","inLanguage":"fr-FR","@id":"https:\/\/lemelville.fr\/accueil\/#\/schema\/logo\/image\/","url":"https:\/\/lemelville.fr\/wp-content\/uploads\/2023\/09\/Logo-transparent-1-e1720022580951.png","contentUrl":"https:\/\/lemelville.fr\/wp-content\/uploads\/2023\/09\/Logo-transparent-1-e1720022580951.png","width":2000,"height":656,"caption":"Le Melville"},"image":{"@id":"https:\/\/lemelville.fr\/accueil\/#\/schema\/logo\/image\/"},"sameAs":["https:\/\/www.facebook.com\/people\/Le-Melville\/100085390055277\/","https:\/\/www.instagram.com\/lemelville_paris\/"]}]}},"_links":{"self":[{"href":"https:\/\/lemelville.fr\/accueil\/wp-json\/wp\/v2\/tribe_events\/3885","targetHints":{"allow":["GET"]}}],"collection":[{"href":"https:\/\/lemelville.fr\/accueil\/wp-json\/wp\/v2\/tribe_events"}],"about":[{"href":"https:\/\/lemelville.fr\/accueil\/wp-json\/wp\/v2\/types\/tribe_events"}],"author":[{"embeddable":true,"href":"https:\/\/lemelville.fr\/accueil\/wp-json\/wp\/v2\/users\/3"}],"version-history":[{"count":0,"href":"https:\/\/lemelville.fr\/accueil\/wp-json\/wp\/v2\/tribe_events\/3885\/revisions"}],"wp:featuredmedia":[{"embeddable":true,"href":"https:\/\/lemelville.fr\/accueil\/wp-json\/wp\/v2\/media\/3884"}],"wp:attachment":[{"href":"https:\/\/lemelville.fr\/accueil\/wp-json\/wp\/v2\/media?parent=3885"}],"wp:term":[{"taxonomy":"post_tag","embeddable":true,"href":"https:\/\/lemelville.fr\/accueil\/wp-json\/wp\/v2\/tags?post=3885"},{"taxonomy":"tribe_events_cat","embeddable":true,"href":"https:\/\/lemelville.fr\/accueil\/wp-json\/wp\/v2\/tribe_events_cat?post=3885"}],"curies":[{"name":"wp","href":"https:\/\/api.w.org\/{rel}","templated":true}]}}

<p>Arlet Feuillard, pianiste et percussionniste guadeloupéen, magnifie les rythmes caribéens. Passé du classique au jazz, il enflamme la scène aux côtés d&#8217;artistes tels que Franck Nicolas. En salsa ou latin jazz, sa musique latine envoûte grâce à son talent et son énergie.</p>
<p>Pianiste de formation classique, Arlet Feuillard commence également les percussions très jeune en pratiquant le Gwo Ka (musique traditionnelle Guadeloupéenne). Après avoir notamment étudié la musique classique à l&#8217;école de musique du Lamentin (Guadeloupe), au CRR de Paris et au Conservatoire Royal de Bruxelles , il décide finalement de se consacrer au jazz et aux musiques traditionnelles caribéennes, tant au piano qu&#8217;au percussions. </p>
<p>Il accompagne des artistes comme Franck Nicolas, Max Cilla, Jüde, ainsi que quelques ensembles de salsa. </p>
<p>Très attiré par les musiques latines, c&#8217;est tout naturellement qu&#8217;Arlet nous présente cette formation et ce répertoire issu de rythmiques afro-brésiliennes et afro-latines.<br />
Entre latin jazz et musiques traditionnelles, laissez-vous embarquer dans cet univers haut en couleurs </p>
<p>Arlet Feuillard : congas<br />
Jonathan Meyer : basse<br />
Samy Babiker : bongas<br />
David Lesprit : chant, sax<br />
Laurène Le Barazer : chant, percussions</p>

<p>Arlet Feuillard, pianiste et percussionniste guadeloupéen, magnifie les rythmes caribéens. Passé du classique au jazz, il enflamme la scène aux côtés d&#8217;artistes tels que Franck Nicolas. En salsa ou latin&hellip; <a class="more-link" href="https://lemelville.fr/accueil/evenements/rumba-paname-2/">Poursuivre la lecture <span class="screen-reader-text">Rumba Paname</span></a></p>

<!-- This site is optimized with the Yoast SEO Premium plugin v24.3 (Yoast SEO v27.1.1) - https://yoast.com/product/yoast-seo-premium-wordpress/ -->
<title>Rumba Paname - Le Melville</title>
<meta name="robots" content="index, follow, max-snippet:-1, max-image-preview:large, max-video-preview:-1" />
<link rel="canonical" href="https://lemelville.fr/accueil/evenements/rumba-paname-2/" />
<meta property="og:locale" content="fr_FR" />
<meta property="og:type" content="article" />
<meta property="og:title" content="Rumba Paname" />
<meta property="og:description" content="Arlet Feuillard, pianiste et percussionniste guadeloupéen, magnifie les rythmes caribéens. Passé du classique au jazz, il enflamme la scène aux côtés d&#8217;artistes tels que Franck Nicolas. En salsa ou latin&hellip; Poursuivre la lecture Rumba Paname" />
<meta property="og:url" content="https://lemelville.fr/accueil/evenements/rumba-paname-2/" />
<meta property="og:site_name" content="Le Melville" />
<meta property="article:publisher" content="https://www.facebook.com/people/Le-Melville/100085390055277/" />
<meta property="og:image" content="https://lemelville.fr/wp-content/uploads/2025/01/Rumba-Paname-Affiche-NF-2.png" />
	<meta property="og:image:width" content="1280" />
	<meta property="og:image:height" content="800" />
	<meta property="og:image:type" content="image/png" />
<meta name="twitter:card" content="summary_large_image" />
<meta name="twitter:label1" content="Durée de lecture estimée" />
	<meta name="twitter:data1" content="1 minute" />
<script type="application/ld+json" class="yoast-schema-graph">{"@context":"https://schema.org","@graph":[{"@type":"WebPage","@id":"https://lemelville.fr/accueil/evenements/rumba-paname-2/","url":"https://lemelville.fr/accueil/evenements/rumba-paname-2/","name":"Rumba Paname - Le Melville","isPartOf":{"@id":"https://lemelville.fr/accueil/#website"},"primaryImageOfPage":{"@id":"https://lemelville.fr/accueil/evenements/rumba-paname-2/#primaryimage"},"image":{"@id":"https://lemelville.fr/accueil/evenements/rumba-paname-2/#primaryimage"},"thumbnailUrl":"https://lemelville.fr/wp-content/uploads/2025/01/Rumba-Paname-Affiche-NF-2.png","datePublished":"2025-01-26T12:47:11+00:00","breadcrumb":{"@id":"https://lemelville.fr/accueil/evenements/rumba-paname-2/#breadcrumb"},"inLanguage":"fr-FR","potentialAction":[{"@type":"ReadAction","target":["https://lemelville.fr/accueil/evenements/rumba-paname-2/"]}]},{"@type":"ImageObject","inLanguage":"fr-FR","@id":"https://lemelville.fr/accueil/evenements/rumba-paname-2/#primaryimage","url":"https://lemelville.fr/wp-content/uploads/2025/01/Rumba-Paname-Affiche-NF-2.png","contentUrl":"https://lemelville.fr/wp-content/uploads/2025/01/Rumba-Paname-Affiche-NF-2.png","width":1280,"height":800},{"@type":"BreadcrumbList","@id":"https://lemelville.fr/accueil/evenements/rumba-paname-2/#breadcrumb","itemListElement":[{"@type":"ListItem","position":1,"name":"Accueil","item":"https://lemelville.fr/accueil/"},{"@type":"ListItem","position":2,"name":"Évènements","item":"https://lemelville.fr/accueil/evenements/"},{"@type":"ListItem","position":3,"name":"Rumba Paname"}]},{"@type":"WebSite","@id":"https://lemelville.fr/accueil/#website","url":"https://lemelville.fr/accueil/","name":"Le Melville","description":"Le Melville c’est l’éclectisme dans les verres, les assiettes et dans les oreilles. Du Jazz, de la world Music, souvent en live, une carte élégante de mets à picorer et des cocktails sur mesure, le tout dans un écrin de bois et de velours.","publisher":{"@id":"https://lemelville.fr/accueil/#organization"},"potentialAction":[{"@type":"SearchAction","target":{"@type":"EntryPoint","urlTemplate":"https://lemelville.fr/accueil/?s={search_term_string}"},"query-input":{"@type":"PropertyValueSpecification","valueRequired":true,"valueName":"search_term_string"}}],"inLanguage":"fr-FR"},{"@type":"Organization","@id":"https://lemelville.fr/accueil/#organization","name":"Le Melville","url":"https://lemelville.fr/accueil/","logo":{"@type":"ImageObject","inLanguage":"fr-FR","@id":"https://lemelville.fr/accueil/#/schema/logo/image/","url":"https://lemelville.fr/wp-content/uploads/2023/09/Logo-transparent-1-e1720022580951.png","contentUrl":"https://lemelville.fr/wp-content/uploads/2023/09/Logo-transparent-1-e1720022580951.png","width":2000,"height":656,"caption":"Le Melville"},"image":{"@id":"https://lemelville.fr/accueil/#/schema/logo/image/"},"sameAs":["https://www.facebook.com/people/Le-Melville/100085390055277/","https://www.instagram.com/lemelville_paris/"]}]}</script>
<!-- / Yoast SEO Premium plugin. -->

Arlet Feuillard, pianiste et percussionniste guadeloupéen, magnifie les rythmes caribéens. Passé du classique au jazz, il enflamme la scène aux côtés d&#8217;artistes tels que Franck Nicolas. En salsa ou latin&hellip; Poursuivre la lecture Rumba Paname

Évènements

Le Melville c’est l’éclectisme dans les verres, les assiettes et dans les oreilles. Du Jazz, de la world Music, souvent en live, une carte élégante de mets à picorer et des cocktails sur mesure, le tout dans un écrin de bois et de velours.
