{"id":3913,"date":"2025-02-10T14:06:31","date_gmt":"2025-02-10T13:06:31","guid":{"rendered":"https:\/\/lemelville.fr\/evenements\/sergio-gruz-trio\/"},"modified":"2025-02-10T14:06:31","modified_gmt":"2025-02-10T13:06:31","slug":"sergio-gruz-trio","status":"publish","type":"tribe_events","link":"https:\/\/lemelville.fr\/accueil\/evenements\/sergio-gruz-trio\/","title":{"rendered":"Sergio Gruz trio"},"content":{"rendered":"<p>Un trio jazz enflamm\u00e9 m\u00e9langeant le new bop aux influences latino, color\u00e9 et bien construit. Sergio Gruz au piano, virtuose m\u00e9lodique, Gabriel Midon \u00e0 la contrebasse et Fabrice Moreau \u00e0 la batterie. Une explosion de plaisir musical \u00e0 ne pas manquer ! \ud83c\udfb6\ud83d\udd25<\/p>\n<p>\u00ab &#8230; un trio jazz, dans une lign\u00e9e new bop, ouvert aux influences du folklore et de la chanson latino-am\u00e9ricains, un r\u00e9pertoire fort color\u00e9, contrast\u00e9 et bien construit. Dot\u00e9 d&#8217;un sens m\u00e9lodique manifeste\u2026 \u00bb &#8211; JazzMan<br \/>\n\u00ab Gruz est un pianiste expressif qui poss\u00e8de un sens indubitable de la m\u00e9lodie et de l&#8217;harmonie, une grande v\u00e9locit\u00e9 de la main droite, un peu \u00e0 la fa\u00e7on de Michel Petrucciani, une main gauche qui ponctue parfois par des accords ou par des contrepoints&#8230; Une musique du plaisir&#8230; \u00bb &#8211; JazzHot<br \/>\n\u00ab On est frapp\u00e9 par une main gauche tr\u00e8s pr\u00e9sente voire pr\u00e9dominante, alors que la droite est parfois nette et articul\u00e9e, parfois plus ornementale \u00bb &#8211; JazzMagazine<br \/>\nTout est dit !<\/p>\n<p>Sergio Gruz : piano<br \/>\nGabriel Midon : contrebasse<br \/>\nFabrice Moreau : batterie<\/p>\n","protected":false},"excerpt":{"rendered":"<p>Un trio jazz enflamm\u00e9 m\u00e9langeant le new bop aux influences latino, color\u00e9 et bien construit. Sergio Gruz au piano, virtuose m\u00e9lodique, Gabriel Midon \u00e0 la contrebasse et Fabrice Moreau \u00e0&hellip; <a class=\"more-link\" href=\"https:\/\/lemelville.fr\/accueil\/evenements\/sergio-gruz-trio\/\">Poursuivre la lecture <span class=\"screen-reader-text\">Sergio Gruz trio<\/span><\/a><\/p>\n","protected":false},"author":3,"featured_media":3912,"template":"","meta":{"_tribe_events_status":"","_tribe_events_status_reason":"","_tribe_events_is_hybrid":"","_tribe_events_is_virtual":"","_tribe_events_virtual_video_source":"","_tribe_events_virtual_embed_video":"","_tribe_events_virtual_linked_button_text":"","_tribe_events_virtual_linked_button":"","_tribe_events_virtual_show_embed_at":"","_tribe_events_virtual_show_embed_to":[],"_tribe_events_virtual_show_on_event":"","_tribe_events_virtual_show_on_views":"","_tribe_events_virtual_url":"","footnotes":""},"tags":[],"tribe_events_cat":[139],"class_list":["post-3913","tribe_events","type-tribe_events","status-publish","has-post-thumbnail","hentry","tribe_events_cat-latin-jazz","cat_latin-jazz","entry"],"yoast_head":"<!-- This site is optimized with the Yoast SEO Premium plugin v24.3 (Yoast SEO v27.1.1) - https:\/\/yoast.com\/product\/yoast-seo-premium-wordpress\/ -->\n<title>Sergio Gruz trio - Le Melville<\/title>\n<meta name=\"robots\" content=\"index, follow, max-snippet:-1, max-image-preview:large, max-video-preview:-1\" \/>\n<link rel=\"canonical\" href=\"https:\/\/lemelville.fr\/accueil\/evenements\/sergio-gruz-trio\/\" \/>\n<meta property=\"og:locale\" content=\"fr_FR\" \/>\n<meta property=\"og:type\" content=\"article\" \/>\n<meta property=\"og:title\" content=\"Sergio Gruz trio\" \/>\n<meta property=\"og:description\" content=\"Un trio jazz enflamm\u00e9 m\u00e9langeant le new bop aux influences latino, color\u00e9 et bien construit. Sergio Gruz au piano, virtuose m\u00e9lodique, Gabriel Midon \u00e0 la contrebasse et Fabrice Moreau \u00e0&hellip; Poursuivre la lecture Sergio Gruz trio\" \/>\n<meta property=\"og:url\" content=\"https:\/\/lemelville.fr\/accueil\/evenements\/sergio-gruz-trio\/\" \/>\n<meta property=\"og:site_name\" content=\"Le Melville\" \/>\n<meta property=\"article:publisher\" content=\"https:\/\/www.facebook.com\/people\/Le-Melville\/100085390055277\/\" \/>\n<meta property=\"og:image\" content=\"https:\/\/lemelville.fr\/wp-content\/uploads\/2025\/02\/Sergio-Gruz-250429-Affiche-NF.png\" \/>\n\t<meta property=\"og:image:width\" content=\"1280\" \/>\n\t<meta property=\"og:image:height\" content=\"800\" \/>\n\t<meta property=\"og:image:type\" content=\"image\/png\" \/>\n<meta name=\"twitter:card\" content=\"summary_large_image\" \/>\n<meta name=\"twitter:label1\" content=\"Dur\u00e9e de lecture estim\u00e9e\" \/>\n\t<meta name=\"twitter:data1\" content=\"1 minute\" \/>\n<script type=\"application\/ld+json\" class=\"yoast-schema-graph\">{\"@context\":\"https:\/\/schema.org\",\"@graph\":[{\"@type\":\"WebPage\",\"@id\":\"https:\/\/lemelville.fr\/accueil\/evenements\/sergio-gruz-trio\/\",\"url\":\"https:\/\/lemelville.fr\/accueil\/evenements\/sergio-gruz-trio\/\",\"name\":\"Sergio Gruz trio - Le Melville\",\"isPartOf\":{\"@id\":\"https:\/\/lemelville.fr\/accueil\/#website\"},\"primaryImageOfPage\":{\"@id\":\"https:\/\/lemelville.fr\/accueil\/evenements\/sergio-gruz-trio\/#primaryimage\"},\"image\":{\"@id\":\"https:\/\/lemelville.fr\/accueil\/evenements\/sergio-gruz-trio\/#primaryimage\"},\"thumbnailUrl\":\"https:\/\/lemelville.fr\/wp-content\/uploads\/2025\/02\/Sergio-Gruz-250429-Affiche-NF.png\",\"datePublished\":\"2025-02-10T13:06:31+00:00\",\"breadcrumb\":{\"@id\":\"https:\/\/lemelville.fr\/accueil\/evenements\/sergio-gruz-trio\/#breadcrumb\"},\"inLanguage\":\"fr-FR\",\"potentialAction\":[{\"@type\":\"ReadAction\",\"target\":[\"https:\/\/lemelville.fr\/accueil\/evenements\/sergio-gruz-trio\/\"]}]},{\"@type\":\"ImageObject\",\"inLanguage\":\"fr-FR\",\"@id\":\"https:\/\/lemelville.fr\/accueil\/evenements\/sergio-gruz-trio\/#primaryimage\",\"url\":\"https:\/\/lemelville.fr\/wp-content\/uploads\/2025\/02\/Sergio-Gruz-250429-Affiche-NF.png\",\"contentUrl\":\"https:\/\/lemelville.fr\/wp-content\/uploads\/2025\/02\/Sergio-Gruz-250429-Affiche-NF.png\",\"width\":1280,\"height\":800},{\"@type\":\"BreadcrumbList\",\"@id\":\"https:\/\/lemelville.fr\/accueil\/evenements\/sergio-gruz-trio\/#breadcrumb\",\"itemListElement\":[{\"@type\":\"ListItem\",\"position\":1,\"name\":\"Accueil\",\"item\":\"https:\/\/lemelville.fr\/accueil\/\"},{\"@type\":\"ListItem\",\"position\":2,\"name\":\"\u00c9v\u00e8nements\",\"item\":\"https:\/\/lemelville.fr\/accueil\/evenements\/\"},{\"@type\":\"ListItem\",\"position\":3,\"name\":\"Sergio Gruz trio\"}]},{\"@type\":\"WebSite\",\"@id\":\"https:\/\/lemelville.fr\/accueil\/#website\",\"url\":\"https:\/\/lemelville.fr\/accueil\/\",\"name\":\"Le Melville\",\"description\":\"Le Melville c\u2019est l\u2019\u00e9clectisme dans les verres, les assiettes et dans les oreilles. Du Jazz, de la world Music, souvent en live, une carte \u00e9l\u00e9gante de mets \u00e0 picorer et des cocktails sur mesure, le tout dans un \u00e9crin de bois et de velours.\",\"publisher\":{\"@id\":\"https:\/\/lemelville.fr\/accueil\/#organization\"},\"potentialAction\":[{\"@type\":\"SearchAction\",\"target\":{\"@type\":\"EntryPoint\",\"urlTemplate\":\"https:\/\/lemelville.fr\/accueil\/?s={search_term_string}\"},\"query-input\":{\"@type\":\"PropertyValueSpecification\",\"valueRequired\":true,\"valueName\":\"search_term_string\"}}],\"inLanguage\":\"fr-FR\"},{\"@type\":\"Organization\",\"@id\":\"https:\/\/lemelville.fr\/accueil\/#organization\",\"name\":\"Le Melville\",\"url\":\"https:\/\/lemelville.fr\/accueil\/\",\"logo\":{\"@type\":\"ImageObject\",\"inLanguage\":\"fr-FR\",\"@id\":\"https:\/\/lemelville.fr\/accueil\/#\/schema\/logo\/image\/\",\"url\":\"https:\/\/lemelville.fr\/wp-content\/uploads\/2023\/09\/Logo-transparent-1-e1720022580951.png\",\"contentUrl\":\"https:\/\/lemelville.fr\/wp-content\/uploads\/2023\/09\/Logo-transparent-1-e1720022580951.png\",\"width\":2000,\"height\":656,\"caption\":\"Le Melville\"},\"image\":{\"@id\":\"https:\/\/lemelville.fr\/accueil\/#\/schema\/logo\/image\/\"},\"sameAs\":[\"https:\/\/www.facebook.com\/people\/Le-Melville\/100085390055277\/\",\"https:\/\/www.instagram.com\/lemelville_paris\/\"]}]}<\/script>\n<!-- \/ Yoast SEO Premium plugin. -->","yoast_head_json":{"title":"Sergio Gruz trio - Le Melville","robots":{"index":"index","follow":"follow","max-snippet":"max-snippet:-1","max-image-preview":"max-image-preview:large","max-video-preview":"max-video-preview:-1"},"canonical":"https:\/\/lemelville.fr\/accueil\/evenements\/sergio-gruz-trio\/","og_locale":"fr_FR","og_type":"article","og_title":"Sergio Gruz trio","og_description":"Un trio jazz enflamm\u00e9 m\u00e9langeant le new bop aux influences latino, color\u00e9 et bien construit. Sergio Gruz au piano, virtuose m\u00e9lodique, Gabriel Midon \u00e0 la contrebasse et Fabrice Moreau \u00e0&hellip; Poursuivre la lecture Sergio Gruz trio","og_url":"https:\/\/lemelville.fr\/accueil\/evenements\/sergio-gruz-trio\/","og_site_name":"Le Melville","article_publisher":"https:\/\/www.facebook.com\/people\/Le-Melville\/100085390055277\/","og_image":[{"width":1280,"height":800,"url":"https:\/\/lemelville.fr\/wp-content\/uploads\/2025\/02\/Sergio-Gruz-250429-Affiche-NF.png","type":"image\/png"}],"twitter_card":"summary_large_image","twitter_misc":{"Dur\u00e9e de lecture estim\u00e9e":"1 minute"},"schema":{"@context":"https:\/\/schema.org","@graph":[{"@type":"WebPage","@id":"https:\/\/lemelville.fr\/accueil\/evenements\/sergio-gruz-trio\/","url":"https:\/\/lemelville.fr\/accueil\/evenements\/sergio-gruz-trio\/","name":"Sergio Gruz trio - Le Melville","isPartOf":{"@id":"https:\/\/lemelville.fr\/accueil\/#website"},"primaryImageOfPage":{"@id":"https:\/\/lemelville.fr\/accueil\/evenements\/sergio-gruz-trio\/#primaryimage"},"image":{"@id":"https:\/\/lemelville.fr\/accueil\/evenements\/sergio-gruz-trio\/#primaryimage"},"thumbnailUrl":"https:\/\/lemelville.fr\/wp-content\/uploads\/2025\/02\/Sergio-Gruz-250429-Affiche-NF.png","datePublished":"2025-02-10T13:06:31+00:00","breadcrumb":{"@id":"https:\/\/lemelville.fr\/accueil\/evenements\/sergio-gruz-trio\/#breadcrumb"},"inLanguage":"fr-FR","potentialAction":[{"@type":"ReadAction","target":["https:\/\/lemelville.fr\/accueil\/evenements\/sergio-gruz-trio\/"]}]},{"@type":"ImageObject","inLanguage":"fr-FR","@id":"https:\/\/lemelville.fr\/accueil\/evenements\/sergio-gruz-trio\/#primaryimage","url":"https:\/\/lemelville.fr\/wp-content\/uploads\/2025\/02\/Sergio-Gruz-250429-Affiche-NF.png","contentUrl":"https:\/\/lemelville.fr\/wp-content\/uploads\/2025\/02\/Sergio-Gruz-250429-Affiche-NF.png","width":1280,"height":800},{"@type":"BreadcrumbList","@id":"https:\/\/lemelville.fr\/accueil\/evenements\/sergio-gruz-trio\/#breadcrumb","itemListElement":[{"@type":"ListItem","position":1,"name":"Accueil","item":"https:\/\/lemelville.fr\/accueil\/"},{"@type":"ListItem","position":2,"name":"\u00c9v\u00e8nements","item":"https:\/\/lemelville.fr\/accueil\/evenements\/"},{"@type":"ListItem","position":3,"name":"Sergio Gruz trio"}]},{"@type":"WebSite","@id":"https:\/\/lemelville.fr\/accueil\/#website","url":"https:\/\/lemelville.fr\/accueil\/","name":"Le Melville","description":"Le Melville c\u2019est l\u2019\u00e9clectisme dans les verres, les assiettes et dans les oreilles. Du Jazz, de la world Music, souvent en live, une carte \u00e9l\u00e9gante de mets \u00e0 picorer et des cocktails sur mesure, le tout dans un \u00e9crin de bois et de velours.","publisher":{"@id":"https:\/\/lemelville.fr\/accueil\/#organization"},"potentialAction":[{"@type":"SearchAction","target":{"@type":"EntryPoint","urlTemplate":"https:\/\/lemelville.fr\/accueil\/?s={search_term_string}"},"query-input":{"@type":"PropertyValueSpecification","valueRequired":true,"valueName":"search_term_string"}}],"inLanguage":"fr-FR"},{"@type":"Organization","@id":"https:\/\/lemelville.fr\/accueil\/#organization","name":"Le Melville","url":"https:\/\/lemelville.fr\/accueil\/","logo":{"@type":"ImageObject","inLanguage":"fr-FR","@id":"https:\/\/lemelville.fr\/accueil\/#\/schema\/logo\/image\/","url":"https:\/\/lemelville.fr\/wp-content\/uploads\/2023\/09\/Logo-transparent-1-e1720022580951.png","contentUrl":"https:\/\/lemelville.fr\/wp-content\/uploads\/2023\/09\/Logo-transparent-1-e1720022580951.png","width":2000,"height":656,"caption":"Le Melville"},"image":{"@id":"https:\/\/lemelville.fr\/accueil\/#\/schema\/logo\/image\/"},"sameAs":["https:\/\/www.facebook.com\/people\/Le-Melville\/100085390055277\/","https:\/\/www.instagram.com\/lemelville_paris\/"]}]}},"_links":{"self":[{"href":"https:\/\/lemelville.fr\/accueil\/wp-json\/wp\/v2\/tribe_events\/3913","targetHints":{"allow":["GET"]}}],"collection":[{"href":"https:\/\/lemelville.fr\/accueil\/wp-json\/wp\/v2\/tribe_events"}],"about":[{"href":"https:\/\/lemelville.fr\/accueil\/wp-json\/wp\/v2\/types\/tribe_events"}],"author":[{"embeddable":true,"href":"https:\/\/lemelville.fr\/accueil\/wp-json\/wp\/v2\/users\/3"}],"version-history":[{"count":0,"href":"https:\/\/lemelville.fr\/accueil\/wp-json\/wp\/v2\/tribe_events\/3913\/revisions"}],"wp:featuredmedia":[{"embeddable":true,"href":"https:\/\/lemelville.fr\/accueil\/wp-json\/wp\/v2\/media\/3912"}],"wp:attachment":[{"href":"https:\/\/lemelville.fr\/accueil\/wp-json\/wp\/v2\/media?parent=3913"}],"wp:term":[{"taxonomy":"post_tag","embeddable":true,"href":"https:\/\/lemelville.fr\/accueil\/wp-json\/wp\/v2\/tags?post=3913"},{"taxonomy":"tribe_events_cat","embeddable":true,"href":"https:\/\/lemelville.fr\/accueil\/wp-json\/wp\/v2\/tribe_events_cat?post=3913"}],"curies":[{"name":"wp","href":"https:\/\/api.w.org\/{rel}","templated":true}]}}

<p>Un trio jazz enflammé mélangeant le new bop aux influences latino, coloré et bien construit. Sergio Gruz au piano, virtuose mélodique, Gabriel Midon à la contrebasse et Fabrice Moreau à la batterie. Une explosion de plaisir musical à ne pas manquer ! 🎶🔥</p>
<p>« &#8230; un trio jazz, dans une lignée new bop, ouvert aux influences du folklore et de la chanson latino-américains, un répertoire fort coloré, contrasté et bien construit. Doté d&#8217;un sens mélodique manifeste… » &#8211; JazzMan<br />
« Gruz est un pianiste expressif qui possède un sens indubitable de la mélodie et de l&#8217;harmonie, une grande vélocité de la main droite, un peu à la façon de Michel Petrucciani, une main gauche qui ponctue parfois par des accords ou par des contrepoints&#8230; Une musique du plaisir&#8230; » &#8211; JazzHot<br />
« On est frappé par une main gauche très présente voire prédominante, alors que la droite est parfois nette et articulée, parfois plus ornementale » &#8211; JazzMagazine<br />
Tout est dit !</p>
<p>Sergio Gruz : piano<br />
Gabriel Midon : contrebasse<br />
Fabrice Moreau : batterie</p>

<p>Un trio jazz enflammé mélangeant le new bop aux influences latino, coloré et bien construit. Sergio Gruz au piano, virtuose mélodique, Gabriel Midon à la contrebasse et Fabrice Moreau à&hellip; <a class="more-link" href="https://lemelville.fr/accueil/evenements/sergio-gruz-trio/">Poursuivre la lecture <span class="screen-reader-text">Sergio Gruz trio</span></a></p>

<!-- This site is optimized with the Yoast SEO Premium plugin v24.3 (Yoast SEO v27.1.1) - https://yoast.com/product/yoast-seo-premium-wordpress/ -->
<title>Sergio Gruz trio - Le Melville</title>
<meta name="robots" content="index, follow, max-snippet:-1, max-image-preview:large, max-video-preview:-1" />
<link rel="canonical" href="https://lemelville.fr/accueil/evenements/sergio-gruz-trio/" />
<meta property="og:locale" content="fr_FR" />
<meta property="og:type" content="article" />
<meta property="og:title" content="Sergio Gruz trio" />
<meta property="og:description" content="Un trio jazz enflammé mélangeant le new bop aux influences latino, coloré et bien construit. Sergio Gruz au piano, virtuose mélodique, Gabriel Midon à la contrebasse et Fabrice Moreau à&hellip; Poursuivre la lecture Sergio Gruz trio" />
<meta property="og:url" content="https://lemelville.fr/accueil/evenements/sergio-gruz-trio/" />
<meta property="og:site_name" content="Le Melville" />
<meta property="article:publisher" content="https://www.facebook.com/people/Le-Melville/100085390055277/" />
<meta property="og:image" content="https://lemelville.fr/wp-content/uploads/2025/02/Sergio-Gruz-250429-Affiche-NF.png" />
	<meta property="og:image:width" content="1280" />
	<meta property="og:image:height" content="800" />
	<meta property="og:image:type" content="image/png" />
<meta name="twitter:card" content="summary_large_image" />
<meta name="twitter:label1" content="Durée de lecture estimée" />
	<meta name="twitter:data1" content="1 minute" />
<script type="application/ld+json" class="yoast-schema-graph">{"@context":"https://schema.org","@graph":[{"@type":"WebPage","@id":"https://lemelville.fr/accueil/evenements/sergio-gruz-trio/","url":"https://lemelville.fr/accueil/evenements/sergio-gruz-trio/","name":"Sergio Gruz trio - Le Melville","isPartOf":{"@id":"https://lemelville.fr/accueil/#website"},"primaryImageOfPage":{"@id":"https://lemelville.fr/accueil/evenements/sergio-gruz-trio/#primaryimage"},"image":{"@id":"https://lemelville.fr/accueil/evenements/sergio-gruz-trio/#primaryimage"},"thumbnailUrl":"https://lemelville.fr/wp-content/uploads/2025/02/Sergio-Gruz-250429-Affiche-NF.png","datePublished":"2025-02-10T13:06:31+00:00","breadcrumb":{"@id":"https://lemelville.fr/accueil/evenements/sergio-gruz-trio/#breadcrumb"},"inLanguage":"fr-FR","potentialAction":[{"@type":"ReadAction","target":["https://lemelville.fr/accueil/evenements/sergio-gruz-trio/"]}]},{"@type":"ImageObject","inLanguage":"fr-FR","@id":"https://lemelville.fr/accueil/evenements/sergio-gruz-trio/#primaryimage","url":"https://lemelville.fr/wp-content/uploads/2025/02/Sergio-Gruz-250429-Affiche-NF.png","contentUrl":"https://lemelville.fr/wp-content/uploads/2025/02/Sergio-Gruz-250429-Affiche-NF.png","width":1280,"height":800},{"@type":"BreadcrumbList","@id":"https://lemelville.fr/accueil/evenements/sergio-gruz-trio/#breadcrumb","itemListElement":[{"@type":"ListItem","position":1,"name":"Accueil","item":"https://lemelville.fr/accueil/"},{"@type":"ListItem","position":2,"name":"Évènements","item":"https://lemelville.fr/accueil/evenements/"},{"@type":"ListItem","position":3,"name":"Sergio Gruz trio"}]},{"@type":"WebSite","@id":"https://lemelville.fr/accueil/#website","url":"https://lemelville.fr/accueil/","name":"Le Melville","description":"Le Melville c’est l’éclectisme dans les verres, les assiettes et dans les oreilles. Du Jazz, de la world Music, souvent en live, une carte élégante de mets à picorer et des cocktails sur mesure, le tout dans un écrin de bois et de velours.","publisher":{"@id":"https://lemelville.fr/accueil/#organization"},"potentialAction":[{"@type":"SearchAction","target":{"@type":"EntryPoint","urlTemplate":"https://lemelville.fr/accueil/?s={search_term_string}"},"query-input":{"@type":"PropertyValueSpecification","valueRequired":true,"valueName":"search_term_string"}}],"inLanguage":"fr-FR"},{"@type":"Organization","@id":"https://lemelville.fr/accueil/#organization","name":"Le Melville","url":"https://lemelville.fr/accueil/","logo":{"@type":"ImageObject","inLanguage":"fr-FR","@id":"https://lemelville.fr/accueil/#/schema/logo/image/","url":"https://lemelville.fr/wp-content/uploads/2023/09/Logo-transparent-1-e1720022580951.png","contentUrl":"https://lemelville.fr/wp-content/uploads/2023/09/Logo-transparent-1-e1720022580951.png","width":2000,"height":656,"caption":"Le Melville"},"image":{"@id":"https://lemelville.fr/accueil/#/schema/logo/image/"},"sameAs":["https://www.facebook.com/people/Le-Melville/100085390055277/","https://www.instagram.com/lemelville_paris/"]}]}</script>
<!-- / Yoast SEO Premium plugin. -->

Un trio jazz enflammé mélangeant le new bop aux influences latino, coloré et bien construit. Sergio Gruz au piano, virtuose mélodique, Gabriel Midon à la contrebasse et Fabrice Moreau à&hellip; Poursuivre la lecture Sergio Gruz trio

Évènements

Le Melville c’est l’éclectisme dans les verres, les assiettes et dans les oreilles. Du Jazz, de la world Music, souvent en live, une carte élégante de mets à picorer et des cocktails sur mesure, le tout dans un écrin de bois et de velours.
