{"id":3928,"date":"2025-02-11T11:19:01","date_gmt":"2025-02-11T10:19:01","guid":{"rendered":"https:\/\/lemelville.fr\/evenements\/sabato-di-costanzo-quartet\/"},"modified":"2025-02-11T11:19:01","modified_gmt":"2025-02-11T10:19:01","slug":"sabato-di-costanzo-quartet","status":"publish","type":"tribe_events","link":"https:\/\/lemelville.fr\/accueil\/evenements\/sabato-di-costanzo-quartet\/","title":{"rendered":"Sabato &#038; Di Costanzo quartet"},"content":{"rendered":"<p>Une fusion parfaite de jazz et de blues, un groupe en qu\u00eate du groove ultime pour des vibes feel good exceptionnelles : Jacques Di Costanzo au vibraphone, Nicola Sabato \u00e0 la contrebasse, Patrick Cabon au piano et Valentin Martel \u00e0 la batterie.<\/p>\n<p>Du jazz qui va au fond du blues, qui recherche le groove le plus lumineux, un groupe qui constitue une machine \u00e0 g\u00e9n\u00e9rer de la feel good music\u2026 ne cherchez plus, cela existe encore ! <\/p>\n<p>Jacques Di Costanzo : Vibraphone<br \/>\nNicola Sabato : Contrebasse<br \/>\nPatrick Cabon : Piano<br \/>\nValentin Martel : Batterie<\/p>\n","protected":false},"excerpt":{"rendered":"<p>Une fusion parfaite de jazz et de blues, un groupe en qu\u00eate du groove ultime pour des vibes feel good exceptionnelles : Jacques Di Costanzo au vibraphone, Nicola Sabato \u00e0&hellip; <a class=\"more-link\" href=\"https:\/\/lemelville.fr\/accueil\/evenements\/sabato-di-costanzo-quartet\/\">Poursuivre la lecture <span class=\"screen-reader-text\">Sabato &#038; Di Costanzo quartet<\/span><\/a><\/p>\n","protected":false},"author":3,"featured_media":3927,"template":"","meta":{"_tribe_events_status":"","_tribe_events_status_reason":"","_tribe_events_is_hybrid":"","_tribe_events_is_virtual":"","_tribe_events_virtual_video_source":"","_tribe_events_virtual_embed_video":"","_tribe_events_virtual_linked_button_text":"","_tribe_events_virtual_linked_button":"","_tribe_events_virtual_show_embed_at":"","_tribe_events_virtual_show_embed_to":[],"_tribe_events_virtual_show_on_event":"","_tribe_events_virtual_show_on_views":"","_tribe_events_virtual_url":"","footnotes":""},"tags":[],"tribe_events_cat":[88],"class_list":["post-3928","tribe_events","type-tribe_events","status-publish","has-post-thumbnail","hentry","tribe_events_cat-jazz-standard","cat_jazz-standard","entry"],"yoast_head":"<!-- This site is optimized with the Yoast SEO Premium plugin v24.3 (Yoast SEO v27.1.1) - https:\/\/yoast.com\/product\/yoast-seo-premium-wordpress\/ -->\n<title>Sabato &amp; Di Costanzo quartet - Le Melville<\/title>\n<meta name=\"robots\" content=\"index, follow, max-snippet:-1, max-image-preview:large, max-video-preview:-1\" \/>\n<link rel=\"canonical\" href=\"https:\/\/lemelville.fr\/accueil\/evenements\/sabato-di-costanzo-quartet\/\" \/>\n<meta property=\"og:locale\" content=\"fr_FR\" \/>\n<meta property=\"og:type\" content=\"article\" \/>\n<meta property=\"og:title\" content=\"Sabato &amp; Di Costanzo quartet\" \/>\n<meta property=\"og:description\" content=\"Une fusion parfaite de jazz et de blues, un groupe en qu\u00eate du groove ultime pour des vibes feel good exceptionnelles : Jacques Di Costanzo au vibraphone, Nicola Sabato \u00e0&hellip; Poursuivre la lecture Sabato &#038; Di Costanzo quartet\" \/>\n<meta property=\"og:url\" content=\"https:\/\/lemelville.fr\/accueil\/evenements\/sabato-di-costanzo-quartet\/\" \/>\n<meta property=\"og:site_name\" content=\"Le Melville\" \/>\n<meta property=\"article:publisher\" content=\"https:\/\/www.facebook.com\/people\/Le-Melville\/100085390055277\/\" \/>\n<meta property=\"og:image\" content=\"http:\/\/lemelville.fr\/wp-content\/uploads\/2025\/02\/Sabato-Constanzo-4tet-NF-V2-1.png\" \/>\n\t<meta property=\"og:image:width\" content=\"1280\" \/>\n\t<meta property=\"og:image:height\" content=\"800\" \/>\n\t<meta property=\"og:image:type\" content=\"image\/png\" \/>\n<meta name=\"twitter:card\" content=\"summary_large_image\" \/>\n<script type=\"application\/ld+json\" class=\"yoast-schema-graph\">{\"@context\":\"https:\/\/schema.org\",\"@graph\":[{\"@type\":\"WebPage\",\"@id\":\"https:\/\/lemelville.fr\/accueil\/evenements\/sabato-di-costanzo-quartet\/\",\"url\":\"https:\/\/lemelville.fr\/accueil\/evenements\/sabato-di-costanzo-quartet\/\",\"name\":\"Sabato & Di Costanzo quartet - Le Melville\",\"isPartOf\":{\"@id\":\"https:\/\/lemelville.fr\/accueil\/#website\"},\"primaryImageOfPage\":{\"@id\":\"https:\/\/lemelville.fr\/accueil\/evenements\/sabato-di-costanzo-quartet\/#primaryimage\"},\"image\":{\"@id\":\"https:\/\/lemelville.fr\/accueil\/evenements\/sabato-di-costanzo-quartet\/#primaryimage\"},\"thumbnailUrl\":\"https:\/\/lemelville.fr\/wp-content\/uploads\/2025\/02\/Sabato-Constanzo-4tet-NF-V2-1.png\",\"datePublished\":\"2025-02-11T10:19:01+00:00\",\"breadcrumb\":{\"@id\":\"https:\/\/lemelville.fr\/accueil\/evenements\/sabato-di-costanzo-quartet\/#breadcrumb\"},\"inLanguage\":\"fr-FR\",\"potentialAction\":[{\"@type\":\"ReadAction\",\"target\":[\"https:\/\/lemelville.fr\/accueil\/evenements\/sabato-di-costanzo-quartet\/\"]}]},{\"@type\":\"ImageObject\",\"inLanguage\":\"fr-FR\",\"@id\":\"https:\/\/lemelville.fr\/accueil\/evenements\/sabato-di-costanzo-quartet\/#primaryimage\",\"url\":\"https:\/\/lemelville.fr\/wp-content\/uploads\/2025\/02\/Sabato-Constanzo-4tet-NF-V2-1.png\",\"contentUrl\":\"https:\/\/lemelville.fr\/wp-content\/uploads\/2025\/02\/Sabato-Constanzo-4tet-NF-V2-1.png\",\"width\":1280,\"height\":800},{\"@type\":\"BreadcrumbList\",\"@id\":\"https:\/\/lemelville.fr\/accueil\/evenements\/sabato-di-costanzo-quartet\/#breadcrumb\",\"itemListElement\":[{\"@type\":\"ListItem\",\"position\":1,\"name\":\"Accueil\",\"item\":\"https:\/\/lemelville.fr\/accueil\/\"},{\"@type\":\"ListItem\",\"position\":2,\"name\":\"\u00c9v\u00e8nements\",\"item\":\"https:\/\/lemelville.fr\/accueil\/evenements\/\"},{\"@type\":\"ListItem\",\"position\":3,\"name\":\"Sabato &#038; Di Costanzo quartet\"}]},{\"@type\":\"WebSite\",\"@id\":\"https:\/\/lemelville.fr\/accueil\/#website\",\"url\":\"https:\/\/lemelville.fr\/accueil\/\",\"name\":\"Le Melville\",\"description\":\"Le Melville c\u2019est l\u2019\u00e9clectisme dans les verres, les assiettes et dans les oreilles. Du Jazz, de la world Music, souvent en live, une carte \u00e9l\u00e9gante de mets \u00e0 picorer et des cocktails sur mesure, le tout dans un \u00e9crin de bois et de velours.\",\"publisher\":{\"@id\":\"https:\/\/lemelville.fr\/accueil\/#organization\"},\"potentialAction\":[{\"@type\":\"SearchAction\",\"target\":{\"@type\":\"EntryPoint\",\"urlTemplate\":\"https:\/\/lemelville.fr\/accueil\/?s={search_term_string}\"},\"query-input\":{\"@type\":\"PropertyValueSpecification\",\"valueRequired\":true,\"valueName\":\"search_term_string\"}}],\"inLanguage\":\"fr-FR\"},{\"@type\":\"Organization\",\"@id\":\"https:\/\/lemelville.fr\/accueil\/#organization\",\"name\":\"Le Melville\",\"url\":\"https:\/\/lemelville.fr\/accueil\/\",\"logo\":{\"@type\":\"ImageObject\",\"inLanguage\":\"fr-FR\",\"@id\":\"https:\/\/lemelville.fr\/accueil\/#\/schema\/logo\/image\/\",\"url\":\"https:\/\/lemelville.fr\/wp-content\/uploads\/2023\/09\/Logo-transparent-1-e1720022580951.png\",\"contentUrl\":\"https:\/\/lemelville.fr\/wp-content\/uploads\/2023\/09\/Logo-transparent-1-e1720022580951.png\",\"width\":2000,\"height\":656,\"caption\":\"Le Melville\"},\"image\":{\"@id\":\"https:\/\/lemelville.fr\/accueil\/#\/schema\/logo\/image\/\"},\"sameAs\":[\"https:\/\/www.facebook.com\/people\/Le-Melville\/100085390055277\/\",\"https:\/\/www.instagram.com\/lemelville_paris\/\"]}]}<\/script>\n<!-- \/ Yoast SEO Premium plugin. -->","yoast_head_json":{"title":"Sabato & Di Costanzo quartet - Le Melville","robots":{"index":"index","follow":"follow","max-snippet":"max-snippet:-1","max-image-preview":"max-image-preview:large","max-video-preview":"max-video-preview:-1"},"canonical":"https:\/\/lemelville.fr\/accueil\/evenements\/sabato-di-costanzo-quartet\/","og_locale":"fr_FR","og_type":"article","og_title":"Sabato & Di Costanzo quartet","og_description":"Une fusion parfaite de jazz et de blues, un groupe en qu\u00eate du groove ultime pour des vibes feel good exceptionnelles : Jacques Di Costanzo au vibraphone, Nicola Sabato \u00e0&hellip; Poursuivre la lecture Sabato &#038; Di Costanzo quartet","og_url":"https:\/\/lemelville.fr\/accueil\/evenements\/sabato-di-costanzo-quartet\/","og_site_name":"Le Melville","article_publisher":"https:\/\/www.facebook.com\/people\/Le-Melville\/100085390055277\/","og_image":[{"width":1280,"height":800,"url":"http:\/\/lemelville.fr\/wp-content\/uploads\/2025\/02\/Sabato-Constanzo-4tet-NF-V2-1.png","type":"image\/png"}],"twitter_card":"summary_large_image","schema":{"@context":"https:\/\/schema.org","@graph":[{"@type":"WebPage","@id":"https:\/\/lemelville.fr\/accueil\/evenements\/sabato-di-costanzo-quartet\/","url":"https:\/\/lemelville.fr\/accueil\/evenements\/sabato-di-costanzo-quartet\/","name":"Sabato & Di Costanzo quartet - Le Melville","isPartOf":{"@id":"https:\/\/lemelville.fr\/accueil\/#website"},"primaryImageOfPage":{"@id":"https:\/\/lemelville.fr\/accueil\/evenements\/sabato-di-costanzo-quartet\/#primaryimage"},"image":{"@id":"https:\/\/lemelville.fr\/accueil\/evenements\/sabato-di-costanzo-quartet\/#primaryimage"},"thumbnailUrl":"https:\/\/lemelville.fr\/wp-content\/uploads\/2025\/02\/Sabato-Constanzo-4tet-NF-V2-1.png","datePublished":"2025-02-11T10:19:01+00:00","breadcrumb":{"@id":"https:\/\/lemelville.fr\/accueil\/evenements\/sabato-di-costanzo-quartet\/#breadcrumb"},"inLanguage":"fr-FR","potentialAction":[{"@type":"ReadAction","target":["https:\/\/lemelville.fr\/accueil\/evenements\/sabato-di-costanzo-quartet\/"]}]},{"@type":"ImageObject","inLanguage":"fr-FR","@id":"https:\/\/lemelville.fr\/accueil\/evenements\/sabato-di-costanzo-quartet\/#primaryimage","url":"https:\/\/lemelville.fr\/wp-content\/uploads\/2025\/02\/Sabato-Constanzo-4tet-NF-V2-1.png","contentUrl":"https:\/\/lemelville.fr\/wp-content\/uploads\/2025\/02\/Sabato-Constanzo-4tet-NF-V2-1.png","width":1280,"height":800},{"@type":"BreadcrumbList","@id":"https:\/\/lemelville.fr\/accueil\/evenements\/sabato-di-costanzo-quartet\/#breadcrumb","itemListElement":[{"@type":"ListItem","position":1,"name":"Accueil","item":"https:\/\/lemelville.fr\/accueil\/"},{"@type":"ListItem","position":2,"name":"\u00c9v\u00e8nements","item":"https:\/\/lemelville.fr\/accueil\/evenements\/"},{"@type":"ListItem","position":3,"name":"Sabato &#038; Di Costanzo quartet"}]},{"@type":"WebSite","@id":"https:\/\/lemelville.fr\/accueil\/#website","url":"https:\/\/lemelville.fr\/accueil\/","name":"Le Melville","description":"Le Melville c\u2019est l\u2019\u00e9clectisme dans les verres, les assiettes et dans les oreilles. Du Jazz, de la world Music, souvent en live, une carte \u00e9l\u00e9gante de mets \u00e0 picorer et des cocktails sur mesure, le tout dans un \u00e9crin de bois et de velours.","publisher":{"@id":"https:\/\/lemelville.fr\/accueil\/#organization"},"potentialAction":[{"@type":"SearchAction","target":{"@type":"EntryPoint","urlTemplate":"https:\/\/lemelville.fr\/accueil\/?s={search_term_string}"},"query-input":{"@type":"PropertyValueSpecification","valueRequired":true,"valueName":"search_term_string"}}],"inLanguage":"fr-FR"},{"@type":"Organization","@id":"https:\/\/lemelville.fr\/accueil\/#organization","name":"Le Melville","url":"https:\/\/lemelville.fr\/accueil\/","logo":{"@type":"ImageObject","inLanguage":"fr-FR","@id":"https:\/\/lemelville.fr\/accueil\/#\/schema\/logo\/image\/","url":"https:\/\/lemelville.fr\/wp-content\/uploads\/2023\/09\/Logo-transparent-1-e1720022580951.png","contentUrl":"https:\/\/lemelville.fr\/wp-content\/uploads\/2023\/09\/Logo-transparent-1-e1720022580951.png","width":2000,"height":656,"caption":"Le Melville"},"image":{"@id":"https:\/\/lemelville.fr\/accueil\/#\/schema\/logo\/image\/"},"sameAs":["https:\/\/www.facebook.com\/people\/Le-Melville\/100085390055277\/","https:\/\/www.instagram.com\/lemelville_paris\/"]}]}},"_links":{"self":[{"href":"https:\/\/lemelville.fr\/accueil\/wp-json\/wp\/v2\/tribe_events\/3928","targetHints":{"allow":["GET"]}}],"collection":[{"href":"https:\/\/lemelville.fr\/accueil\/wp-json\/wp\/v2\/tribe_events"}],"about":[{"href":"https:\/\/lemelville.fr\/accueil\/wp-json\/wp\/v2\/types\/tribe_events"}],"author":[{"embeddable":true,"href":"https:\/\/lemelville.fr\/accueil\/wp-json\/wp\/v2\/users\/3"}],"version-history":[{"count":0,"href":"https:\/\/lemelville.fr\/accueil\/wp-json\/wp\/v2\/tribe_events\/3928\/revisions"}],"wp:featuredmedia":[{"embeddable":true,"href":"https:\/\/lemelville.fr\/accueil\/wp-json\/wp\/v2\/media\/3927"}],"wp:attachment":[{"href":"https:\/\/lemelville.fr\/accueil\/wp-json\/wp\/v2\/media?parent=3928"}],"wp:term":[{"taxonomy":"post_tag","embeddable":true,"href":"https:\/\/lemelville.fr\/accueil\/wp-json\/wp\/v2\/tags?post=3928"},{"taxonomy":"tribe_events_cat","embeddable":true,"href":"https:\/\/lemelville.fr\/accueil\/wp-json\/wp\/v2\/tribe_events_cat?post=3928"}],"curies":[{"name":"wp","href":"https:\/\/api.w.org\/{rel}","templated":true}]}}

<p>Une fusion parfaite de jazz et de blues, un groupe en quête du groove ultime pour des vibes feel good exceptionnelles : Jacques Di Costanzo au vibraphone, Nicola Sabato à la contrebasse, Patrick Cabon au piano et Valentin Martel à la batterie.</p>
<p>Du jazz qui va au fond du blues, qui recherche le groove le plus lumineux, un groupe qui constitue une machine à générer de la feel good music… ne cherchez plus, cela existe encore ! </p>
<p>Jacques Di Costanzo : Vibraphone<br />
Nicola Sabato : Contrebasse<br />
Patrick Cabon : Piano<br />
Valentin Martel : Batterie</p>

<p>Une fusion parfaite de jazz et de blues, un groupe en quête du groove ultime pour des vibes feel good exceptionnelles : Jacques Di Costanzo au vibraphone, Nicola Sabato à&hellip; <a class="more-link" href="https://lemelville.fr/accueil/evenements/sabato-di-costanzo-quartet/">Poursuivre la lecture <span class="screen-reader-text">Sabato &#038; Di Costanzo quartet</span></a></p>

<!-- This site is optimized with the Yoast SEO Premium plugin v24.3 (Yoast SEO v27.1.1) - https://yoast.com/product/yoast-seo-premium-wordpress/ -->
<title>Sabato &amp; Di Costanzo quartet - Le Melville</title>
<meta name="robots" content="index, follow, max-snippet:-1, max-image-preview:large, max-video-preview:-1" />
<link rel="canonical" href="https://lemelville.fr/accueil/evenements/sabato-di-costanzo-quartet/" />
<meta property="og:locale" content="fr_FR" />
<meta property="og:type" content="article" />
<meta property="og:title" content="Sabato &amp; Di Costanzo quartet" />
<meta property="og:description" content="Une fusion parfaite de jazz et de blues, un groupe en quête du groove ultime pour des vibes feel good exceptionnelles : Jacques Di Costanzo au vibraphone, Nicola Sabato à&hellip; Poursuivre la lecture Sabato &#038; Di Costanzo quartet" />
<meta property="og:url" content="https://lemelville.fr/accueil/evenements/sabato-di-costanzo-quartet/" />
<meta property="og:site_name" content="Le Melville" />
<meta property="article:publisher" content="https://www.facebook.com/people/Le-Melville/100085390055277/" />
<meta property="og:image" content="http://lemelville.fr/wp-content/uploads/2025/02/Sabato-Constanzo-4tet-NF-V2-1.png" />
	<meta property="og:image:width" content="1280" />
	<meta property="og:image:height" content="800" />
	<meta property="og:image:type" content="image/png" />
<meta name="twitter:card" content="summary_large_image" />
<script type="application/ld+json" class="yoast-schema-graph">{"@context":"https://schema.org","@graph":[{"@type":"WebPage","@id":"https://lemelville.fr/accueil/evenements/sabato-di-costanzo-quartet/","url":"https://lemelville.fr/accueil/evenements/sabato-di-costanzo-quartet/","name":"Sabato & Di Costanzo quartet - Le Melville","isPartOf":{"@id":"https://lemelville.fr/accueil/#website"},"primaryImageOfPage":{"@id":"https://lemelville.fr/accueil/evenements/sabato-di-costanzo-quartet/#primaryimage"},"image":{"@id":"https://lemelville.fr/accueil/evenements/sabato-di-costanzo-quartet/#primaryimage"},"thumbnailUrl":"https://lemelville.fr/wp-content/uploads/2025/02/Sabato-Constanzo-4tet-NF-V2-1.png","datePublished":"2025-02-11T10:19:01+00:00","breadcrumb":{"@id":"https://lemelville.fr/accueil/evenements/sabato-di-costanzo-quartet/#breadcrumb"},"inLanguage":"fr-FR","potentialAction":[{"@type":"ReadAction","target":["https://lemelville.fr/accueil/evenements/sabato-di-costanzo-quartet/"]}]},{"@type":"ImageObject","inLanguage":"fr-FR","@id":"https://lemelville.fr/accueil/evenements/sabato-di-costanzo-quartet/#primaryimage","url":"https://lemelville.fr/wp-content/uploads/2025/02/Sabato-Constanzo-4tet-NF-V2-1.png","contentUrl":"https://lemelville.fr/wp-content/uploads/2025/02/Sabato-Constanzo-4tet-NF-V2-1.png","width":1280,"height":800},{"@type":"BreadcrumbList","@id":"https://lemelville.fr/accueil/evenements/sabato-di-costanzo-quartet/#breadcrumb","itemListElement":[{"@type":"ListItem","position":1,"name":"Accueil","item":"https://lemelville.fr/accueil/"},{"@type":"ListItem","position":2,"name":"Évènements","item":"https://lemelville.fr/accueil/evenements/"},{"@type":"ListItem","position":3,"name":"Sabato &#038; Di Costanzo quartet"}]},{"@type":"WebSite","@id":"https://lemelville.fr/accueil/#website","url":"https://lemelville.fr/accueil/","name":"Le Melville","description":"Le Melville c’est l’éclectisme dans les verres, les assiettes et dans les oreilles. Du Jazz, de la world Music, souvent en live, une carte élégante de mets à picorer et des cocktails sur mesure, le tout dans un écrin de bois et de velours.","publisher":{"@id":"https://lemelville.fr/accueil/#organization"},"potentialAction":[{"@type":"SearchAction","target":{"@type":"EntryPoint","urlTemplate":"https://lemelville.fr/accueil/?s={search_term_string}"},"query-input":{"@type":"PropertyValueSpecification","valueRequired":true,"valueName":"search_term_string"}}],"inLanguage":"fr-FR"},{"@type":"Organization","@id":"https://lemelville.fr/accueil/#organization","name":"Le Melville","url":"https://lemelville.fr/accueil/","logo":{"@type":"ImageObject","inLanguage":"fr-FR","@id":"https://lemelville.fr/accueil/#/schema/logo/image/","url":"https://lemelville.fr/wp-content/uploads/2023/09/Logo-transparent-1-e1720022580951.png","contentUrl":"https://lemelville.fr/wp-content/uploads/2023/09/Logo-transparent-1-e1720022580951.png","width":2000,"height":656,"caption":"Le Melville"},"image":{"@id":"https://lemelville.fr/accueil/#/schema/logo/image/"},"sameAs":["https://www.facebook.com/people/Le-Melville/100085390055277/","https://www.instagram.com/lemelville_paris/"]}]}</script>
<!-- / Yoast SEO Premium plugin. -->

Une fusion parfaite de jazz et de blues, un groupe en quête du groove ultime pour des vibes feel good exceptionnelles : Jacques Di Costanzo au vibraphone, Nicola Sabato à&hellip; Poursuivre la lecture Sabato &#038; Di Costanzo quartet

Évènements

Le Melville c’est l’éclectisme dans les verres, les assiettes et dans les oreilles. Du Jazz, de la world Music, souvent en live, une carte élégante de mets à picorer et des cocktails sur mesure, le tout dans un écrin de bois et de velours.
