{"id":3949,"date":"2025-02-17T18:22:00","date_gmt":"2025-02-17T17:22:00","guid":{"rendered":"https:\/\/lemelville.fr\/evenements\/the-blakettes\/"},"modified":"2025-02-17T18:22:00","modified_gmt":"2025-02-17T17:22:00","slug":"the-blakettes","status":"publish","type":"tribe_events","link":"https:\/\/lemelville.fr\/accueil\/evenements\/the-blakettes\/","title":{"rendered":"The Blakettes"},"content":{"rendered":"<p>Plonge dans l&#8217;univers survolt\u00e9 du groupe de jazz The Art Blakey Women&#8217;s Band, form\u00e9 par 4 passionn\u00e9es de Bebop et Hardbop. Les Blakettes revisient les classiques des ann\u00e9es 50-60 avec fougue et talent, rendant un vibrant hommage aux ic\u00f4nes du jazz. <\/p>\n<p>&#8220;The Blakettes &#8221; est un groupe de Jazz Bebop, Hardbop, cr\u00e9e par 4 femmes \u00e9perdument mordues pour ce jazz Am\u00e9ricain n\u00e9 dans les ann\u00e9es 50 et 60 sur la c\u00f4te est des Etats-Unis d&#8217;Am\u00e9rique. The Blakettes honorent les p\u00e8res et m\u00e8res fondateurs de cette musique tant \u00e9nergique que romantique. Grace \u00e0 la multitude de compositeurs, arrangeurs et interpr\u00e8tes de cette \u00e9poque, The Blakettes piochent, revisitent et cuisinent un r\u00e9pertoire riche et vivant. Elles invitent \u00e0 faire un voyage au coeur du jazz 60&#8217;s en rendant hommage avec passion \u00e0 ses cr\u00e9ateurs : Art Blakey, Wayne Shorter, Charles Mingus, Cedar Walton, Pharoa Sanders, Horace Silver et bien d&#8217;autres &#8230; <\/p>\n<p>Virginie Da\u00efde : sax t\u00e9nor<br \/>\nVal\u00e9rie Benzaquine : piano<br \/>\nElisabeth Keledjia : drums<br \/>\nMo\u00efra Montier-Dauriac :contrebasse.<\/p>\n","protected":false},"excerpt":{"rendered":"<p>Plonge dans l&#8217;univers survolt\u00e9 du groupe de jazz The Art Blakey Women&#8217;s Band, form\u00e9 par 4 passionn\u00e9es de Bebop et Hardbop. Les Blakettes revisient les classiques des ann\u00e9es 50-60 avec&hellip; <a class=\"more-link\" href=\"https:\/\/lemelville.fr\/accueil\/evenements\/the-blakettes\/\">Poursuivre la lecture <span class=\"screen-reader-text\">The Blakettes<\/span><\/a><\/p>\n","protected":false},"author":3,"featured_media":3948,"template":"","meta":{"_tribe_events_status":"","_tribe_events_status_reason":"","_tribe_events_is_hybrid":"","_tribe_events_is_virtual":"","_tribe_events_virtual_video_source":"","_tribe_events_virtual_embed_video":"","_tribe_events_virtual_linked_button_text":"","_tribe_events_virtual_linked_button":"","_tribe_events_virtual_show_embed_at":"","_tribe_events_virtual_show_embed_to":[],"_tribe_events_virtual_show_on_event":"","_tribe_events_virtual_show_on_views":"","_tribe_events_virtual_url":"","footnotes":""},"tags":[],"tribe_events_cat":[88],"class_list":["post-3949","tribe_events","type-tribe_events","status-publish","has-post-thumbnail","hentry","tribe_events_cat-jazz-standard","cat_jazz-standard","entry"],"yoast_head":"<!-- This site is optimized with the Yoast SEO Premium plugin v24.3 (Yoast SEO v27.1.1) - https:\/\/yoast.com\/product\/yoast-seo-premium-wordpress\/ -->\n<title>The Blakettes - Le Melville<\/title>\n<meta name=\"robots\" content=\"index, follow, max-snippet:-1, max-image-preview:large, max-video-preview:-1\" \/>\n<link rel=\"canonical\" href=\"https:\/\/lemelville.fr\/accueil\/evenements\/the-blakettes\/\" \/>\n<meta property=\"og:locale\" content=\"fr_FR\" \/>\n<meta property=\"og:type\" content=\"article\" \/>\n<meta property=\"og:title\" content=\"The Blakettes\" \/>\n<meta property=\"og:description\" content=\"Plonge dans l&#8217;univers survolt\u00e9 du groupe de jazz The Art Blakey Women&#8217;s Band, form\u00e9 par 4 passionn\u00e9es de Bebop et Hardbop. Les Blakettes revisient les classiques des ann\u00e9es 50-60 avec&hellip; Poursuivre la lecture The Blakettes\" \/>\n<meta property=\"og:url\" content=\"https:\/\/lemelville.fr\/accueil\/evenements\/the-blakettes\/\" \/>\n<meta property=\"og:site_name\" content=\"Le Melville\" \/>\n<meta property=\"article:publisher\" content=\"https:\/\/www.facebook.com\/people\/Le-Melville\/100085390055277\/\" \/>\n<meta property=\"og:image\" content=\"https:\/\/lemelville.fr\/wp-content\/uploads\/2025\/02\/Blakettes-2-Affiche-NF-1.png\" \/>\n\t<meta property=\"og:image:width\" content=\"1280\" \/>\n\t<meta property=\"og:image:height\" content=\"800\" \/>\n\t<meta property=\"og:image:type\" content=\"image\/png\" \/>\n<meta name=\"twitter:card\" content=\"summary_large_image\" \/>\n<meta name=\"twitter:label1\" content=\"Dur\u00e9e de lecture estim\u00e9e\" \/>\n\t<meta name=\"twitter:data1\" content=\"1 minute\" \/>\n<script type=\"application\/ld+json\" class=\"yoast-schema-graph\">{\"@context\":\"https:\/\/schema.org\",\"@graph\":[{\"@type\":\"WebPage\",\"@id\":\"https:\/\/lemelville.fr\/accueil\/evenements\/the-blakettes\/\",\"url\":\"https:\/\/lemelville.fr\/accueil\/evenements\/the-blakettes\/\",\"name\":\"The Blakettes - Le Melville\",\"isPartOf\":{\"@id\":\"https:\/\/lemelville.fr\/accueil\/#website\"},\"primaryImageOfPage\":{\"@id\":\"https:\/\/lemelville.fr\/accueil\/evenements\/the-blakettes\/#primaryimage\"},\"image\":{\"@id\":\"https:\/\/lemelville.fr\/accueil\/evenements\/the-blakettes\/#primaryimage\"},\"thumbnailUrl\":\"https:\/\/lemelville.fr\/wp-content\/uploads\/2025\/02\/Blakettes-2-Affiche-NF-1.png\",\"datePublished\":\"2025-02-17T17:22:00+00:00\",\"breadcrumb\":{\"@id\":\"https:\/\/lemelville.fr\/accueil\/evenements\/the-blakettes\/#breadcrumb\"},\"inLanguage\":\"fr-FR\",\"potentialAction\":[{\"@type\":\"ReadAction\",\"target\":[\"https:\/\/lemelville.fr\/accueil\/evenements\/the-blakettes\/\"]}]},{\"@type\":\"ImageObject\",\"inLanguage\":\"fr-FR\",\"@id\":\"https:\/\/lemelville.fr\/accueil\/evenements\/the-blakettes\/#primaryimage\",\"url\":\"https:\/\/lemelville.fr\/wp-content\/uploads\/2025\/02\/Blakettes-2-Affiche-NF-1.png\",\"contentUrl\":\"https:\/\/lemelville.fr\/wp-content\/uploads\/2025\/02\/Blakettes-2-Affiche-NF-1.png\",\"width\":1280,\"height\":800},{\"@type\":\"BreadcrumbList\",\"@id\":\"https:\/\/lemelville.fr\/accueil\/evenements\/the-blakettes\/#breadcrumb\",\"itemListElement\":[{\"@type\":\"ListItem\",\"position\":1,\"name\":\"Accueil\",\"item\":\"https:\/\/lemelville.fr\/accueil\/\"},{\"@type\":\"ListItem\",\"position\":2,\"name\":\"\u00c9v\u00e8nements\",\"item\":\"https:\/\/lemelville.fr\/accueil\/evenements\/\"},{\"@type\":\"ListItem\",\"position\":3,\"name\":\"The Blakettes\"}]},{\"@type\":\"WebSite\",\"@id\":\"https:\/\/lemelville.fr\/accueil\/#website\",\"url\":\"https:\/\/lemelville.fr\/accueil\/\",\"name\":\"Le Melville\",\"description\":\"Le Melville c\u2019est l\u2019\u00e9clectisme dans les verres, les assiettes et dans les oreilles. Du Jazz, de la world Music, souvent en live, une carte \u00e9l\u00e9gante de mets \u00e0 picorer et des cocktails sur mesure, le tout dans un \u00e9crin de bois et de velours.\",\"publisher\":{\"@id\":\"https:\/\/lemelville.fr\/accueil\/#organization\"},\"potentialAction\":[{\"@type\":\"SearchAction\",\"target\":{\"@type\":\"EntryPoint\",\"urlTemplate\":\"https:\/\/lemelville.fr\/accueil\/?s={search_term_string}\"},\"query-input\":{\"@type\":\"PropertyValueSpecification\",\"valueRequired\":true,\"valueName\":\"search_term_string\"}}],\"inLanguage\":\"fr-FR\"},{\"@type\":\"Organization\",\"@id\":\"https:\/\/lemelville.fr\/accueil\/#organization\",\"name\":\"Le Melville\",\"url\":\"https:\/\/lemelville.fr\/accueil\/\",\"logo\":{\"@type\":\"ImageObject\",\"inLanguage\":\"fr-FR\",\"@id\":\"https:\/\/lemelville.fr\/accueil\/#\/schema\/logo\/image\/\",\"url\":\"https:\/\/lemelville.fr\/wp-content\/uploads\/2023\/09\/Logo-transparent-1-e1720022580951.png\",\"contentUrl\":\"https:\/\/lemelville.fr\/wp-content\/uploads\/2023\/09\/Logo-transparent-1-e1720022580951.png\",\"width\":2000,\"height\":656,\"caption\":\"Le Melville\"},\"image\":{\"@id\":\"https:\/\/lemelville.fr\/accueil\/#\/schema\/logo\/image\/\"},\"sameAs\":[\"https:\/\/www.facebook.com\/people\/Le-Melville\/100085390055277\/\",\"https:\/\/www.instagram.com\/lemelville_paris\/\"]}]}<\/script>\n<!-- \/ Yoast SEO Premium plugin. -->","yoast_head_json":{"title":"The Blakettes - Le Melville","robots":{"index":"index","follow":"follow","max-snippet":"max-snippet:-1","max-image-preview":"max-image-preview:large","max-video-preview":"max-video-preview:-1"},"canonical":"https:\/\/lemelville.fr\/accueil\/evenements\/the-blakettes\/","og_locale":"fr_FR","og_type":"article","og_title":"The Blakettes","og_description":"Plonge dans l&#8217;univers survolt\u00e9 du groupe de jazz The Art Blakey Women&#8217;s Band, form\u00e9 par 4 passionn\u00e9es de Bebop et Hardbop. Les Blakettes revisient les classiques des ann\u00e9es 50-60 avec&hellip; Poursuivre la lecture The Blakettes","og_url":"https:\/\/lemelville.fr\/accueil\/evenements\/the-blakettes\/","og_site_name":"Le Melville","article_publisher":"https:\/\/www.facebook.com\/people\/Le-Melville\/100085390055277\/","og_image":[{"width":1280,"height":800,"url":"https:\/\/lemelville.fr\/wp-content\/uploads\/2025\/02\/Blakettes-2-Affiche-NF-1.png","type":"image\/png"}],"twitter_card":"summary_large_image","twitter_misc":{"Dur\u00e9e de lecture estim\u00e9e":"1 minute"},"schema":{"@context":"https:\/\/schema.org","@graph":[{"@type":"WebPage","@id":"https:\/\/lemelville.fr\/accueil\/evenements\/the-blakettes\/","url":"https:\/\/lemelville.fr\/accueil\/evenements\/the-blakettes\/","name":"The Blakettes - Le Melville","isPartOf":{"@id":"https:\/\/lemelville.fr\/accueil\/#website"},"primaryImageOfPage":{"@id":"https:\/\/lemelville.fr\/accueil\/evenements\/the-blakettes\/#primaryimage"},"image":{"@id":"https:\/\/lemelville.fr\/accueil\/evenements\/the-blakettes\/#primaryimage"},"thumbnailUrl":"https:\/\/lemelville.fr\/wp-content\/uploads\/2025\/02\/Blakettes-2-Affiche-NF-1.png","datePublished":"2025-02-17T17:22:00+00:00","breadcrumb":{"@id":"https:\/\/lemelville.fr\/accueil\/evenements\/the-blakettes\/#breadcrumb"},"inLanguage":"fr-FR","potentialAction":[{"@type":"ReadAction","target":["https:\/\/lemelville.fr\/accueil\/evenements\/the-blakettes\/"]}]},{"@type":"ImageObject","inLanguage":"fr-FR","@id":"https:\/\/lemelville.fr\/accueil\/evenements\/the-blakettes\/#primaryimage","url":"https:\/\/lemelville.fr\/wp-content\/uploads\/2025\/02\/Blakettes-2-Affiche-NF-1.png","contentUrl":"https:\/\/lemelville.fr\/wp-content\/uploads\/2025\/02\/Blakettes-2-Affiche-NF-1.png","width":1280,"height":800},{"@type":"BreadcrumbList","@id":"https:\/\/lemelville.fr\/accueil\/evenements\/the-blakettes\/#breadcrumb","itemListElement":[{"@type":"ListItem","position":1,"name":"Accueil","item":"https:\/\/lemelville.fr\/accueil\/"},{"@type":"ListItem","position":2,"name":"\u00c9v\u00e8nements","item":"https:\/\/lemelville.fr\/accueil\/evenements\/"},{"@type":"ListItem","position":3,"name":"The Blakettes"}]},{"@type":"WebSite","@id":"https:\/\/lemelville.fr\/accueil\/#website","url":"https:\/\/lemelville.fr\/accueil\/","name":"Le Melville","description":"Le Melville c\u2019est l\u2019\u00e9clectisme dans les verres, les assiettes et dans les oreilles. Du Jazz, de la world Music, souvent en live, une carte \u00e9l\u00e9gante de mets \u00e0 picorer et des cocktails sur mesure, le tout dans un \u00e9crin de bois et de velours.","publisher":{"@id":"https:\/\/lemelville.fr\/accueil\/#organization"},"potentialAction":[{"@type":"SearchAction","target":{"@type":"EntryPoint","urlTemplate":"https:\/\/lemelville.fr\/accueil\/?s={search_term_string}"},"query-input":{"@type":"PropertyValueSpecification","valueRequired":true,"valueName":"search_term_string"}}],"inLanguage":"fr-FR"},{"@type":"Organization","@id":"https:\/\/lemelville.fr\/accueil\/#organization","name":"Le Melville","url":"https:\/\/lemelville.fr\/accueil\/","logo":{"@type":"ImageObject","inLanguage":"fr-FR","@id":"https:\/\/lemelville.fr\/accueil\/#\/schema\/logo\/image\/","url":"https:\/\/lemelville.fr\/wp-content\/uploads\/2023\/09\/Logo-transparent-1-e1720022580951.png","contentUrl":"https:\/\/lemelville.fr\/wp-content\/uploads\/2023\/09\/Logo-transparent-1-e1720022580951.png","width":2000,"height":656,"caption":"Le Melville"},"image":{"@id":"https:\/\/lemelville.fr\/accueil\/#\/schema\/logo\/image\/"},"sameAs":["https:\/\/www.facebook.com\/people\/Le-Melville\/100085390055277\/","https:\/\/www.instagram.com\/lemelville_paris\/"]}]}},"_links":{"self":[{"href":"https:\/\/lemelville.fr\/accueil\/wp-json\/wp\/v2\/tribe_events\/3949","targetHints":{"allow":["GET"]}}],"collection":[{"href":"https:\/\/lemelville.fr\/accueil\/wp-json\/wp\/v2\/tribe_events"}],"about":[{"href":"https:\/\/lemelville.fr\/accueil\/wp-json\/wp\/v2\/types\/tribe_events"}],"author":[{"embeddable":true,"href":"https:\/\/lemelville.fr\/accueil\/wp-json\/wp\/v2\/users\/3"}],"version-history":[{"count":0,"href":"https:\/\/lemelville.fr\/accueil\/wp-json\/wp\/v2\/tribe_events\/3949\/revisions"}],"wp:featuredmedia":[{"embeddable":true,"href":"https:\/\/lemelville.fr\/accueil\/wp-json\/wp\/v2\/media\/3948"}],"wp:attachment":[{"href":"https:\/\/lemelville.fr\/accueil\/wp-json\/wp\/v2\/media?parent=3949"}],"wp:term":[{"taxonomy":"post_tag","embeddable":true,"href":"https:\/\/lemelville.fr\/accueil\/wp-json\/wp\/v2\/tags?post=3949"},{"taxonomy":"tribe_events_cat","embeddable":true,"href":"https:\/\/lemelville.fr\/accueil\/wp-json\/wp\/v2\/tribe_events_cat?post=3949"}],"curies":[{"name":"wp","href":"https:\/\/api.w.org\/{rel}","templated":true}]}}

<p>Plonge dans l&#8217;univers survolté du groupe de jazz The Art Blakey Women&#8217;s Band, formé par 4 passionnées de Bebop et Hardbop. Les Blakettes revisient les classiques des années 50-60 avec fougue et talent, rendant un vibrant hommage aux icônes du jazz. </p>
<p>&#8220;The Blakettes &#8221; est un groupe de Jazz Bebop, Hardbop, crée par 4 femmes éperdument mordues pour ce jazz Américain né dans les années 50 et 60 sur la côte est des Etats-Unis d&#8217;Amérique. The Blakettes honorent les pères et mères fondateurs de cette musique tant énergique que romantique. Grace à la multitude de compositeurs, arrangeurs et interprètes de cette époque, The Blakettes piochent, revisitent et cuisinent un répertoire riche et vivant. Elles invitent à faire un voyage au coeur du jazz 60&#8217;s en rendant hommage avec passion à ses créateurs : Art Blakey, Wayne Shorter, Charles Mingus, Cedar Walton, Pharoa Sanders, Horace Silver et bien d&#8217;autres &#8230; </p>
<p>Virginie Daïde : sax ténor<br />
Valérie Benzaquine : piano<br />
Elisabeth Keledjia : drums<br />
Moïra Montier-Dauriac :contrebasse.</p>

<p>Plonge dans l&#8217;univers survolté du groupe de jazz The Art Blakey Women&#8217;s Band, formé par 4 passionnées de Bebop et Hardbop. Les Blakettes revisient les classiques des années 50-60 avec&hellip; <a class="more-link" href="https://lemelville.fr/accueil/evenements/the-blakettes/">Poursuivre la lecture <span class="screen-reader-text">The Blakettes</span></a></p>

<!-- This site is optimized with the Yoast SEO Premium plugin v24.3 (Yoast SEO v27.1.1) - https://yoast.com/product/yoast-seo-premium-wordpress/ -->
<title>The Blakettes - Le Melville</title>
<meta name="robots" content="index, follow, max-snippet:-1, max-image-preview:large, max-video-preview:-1" />
<link rel="canonical" href="https://lemelville.fr/accueil/evenements/the-blakettes/" />
<meta property="og:locale" content="fr_FR" />
<meta property="og:type" content="article" />
<meta property="og:title" content="The Blakettes" />
<meta property="og:description" content="Plonge dans l&#8217;univers survolté du groupe de jazz The Art Blakey Women&#8217;s Band, formé par 4 passionnées de Bebop et Hardbop. Les Blakettes revisient les classiques des années 50-60 avec&hellip; Poursuivre la lecture The Blakettes" />
<meta property="og:url" content="https://lemelville.fr/accueil/evenements/the-blakettes/" />
<meta property="og:site_name" content="Le Melville" />
<meta property="article:publisher" content="https://www.facebook.com/people/Le-Melville/100085390055277/" />
<meta property="og:image" content="https://lemelville.fr/wp-content/uploads/2025/02/Blakettes-2-Affiche-NF-1.png" />
	<meta property="og:image:width" content="1280" />
	<meta property="og:image:height" content="800" />
	<meta property="og:image:type" content="image/png" />
<meta name="twitter:card" content="summary_large_image" />
<meta name="twitter:label1" content="Durée de lecture estimée" />
	<meta name="twitter:data1" content="1 minute" />
<script type="application/ld+json" class="yoast-schema-graph">{"@context":"https://schema.org","@graph":[{"@type":"WebPage","@id":"https://lemelville.fr/accueil/evenements/the-blakettes/","url":"https://lemelville.fr/accueil/evenements/the-blakettes/","name":"The Blakettes - Le Melville","isPartOf":{"@id":"https://lemelville.fr/accueil/#website"},"primaryImageOfPage":{"@id":"https://lemelville.fr/accueil/evenements/the-blakettes/#primaryimage"},"image":{"@id":"https://lemelville.fr/accueil/evenements/the-blakettes/#primaryimage"},"thumbnailUrl":"https://lemelville.fr/wp-content/uploads/2025/02/Blakettes-2-Affiche-NF-1.png","datePublished":"2025-02-17T17:22:00+00:00","breadcrumb":{"@id":"https://lemelville.fr/accueil/evenements/the-blakettes/#breadcrumb"},"inLanguage":"fr-FR","potentialAction":[{"@type":"ReadAction","target":["https://lemelville.fr/accueil/evenements/the-blakettes/"]}]},{"@type":"ImageObject","inLanguage":"fr-FR","@id":"https://lemelville.fr/accueil/evenements/the-blakettes/#primaryimage","url":"https://lemelville.fr/wp-content/uploads/2025/02/Blakettes-2-Affiche-NF-1.png","contentUrl":"https://lemelville.fr/wp-content/uploads/2025/02/Blakettes-2-Affiche-NF-1.png","width":1280,"height":800},{"@type":"BreadcrumbList","@id":"https://lemelville.fr/accueil/evenements/the-blakettes/#breadcrumb","itemListElement":[{"@type":"ListItem","position":1,"name":"Accueil","item":"https://lemelville.fr/accueil/"},{"@type":"ListItem","position":2,"name":"Évènements","item":"https://lemelville.fr/accueil/evenements/"},{"@type":"ListItem","position":3,"name":"The Blakettes"}]},{"@type":"WebSite","@id":"https://lemelville.fr/accueil/#website","url":"https://lemelville.fr/accueil/","name":"Le Melville","description":"Le Melville c’est l’éclectisme dans les verres, les assiettes et dans les oreilles. Du Jazz, de la world Music, souvent en live, une carte élégante de mets à picorer et des cocktails sur mesure, le tout dans un écrin de bois et de velours.","publisher":{"@id":"https://lemelville.fr/accueil/#organization"},"potentialAction":[{"@type":"SearchAction","target":{"@type":"EntryPoint","urlTemplate":"https://lemelville.fr/accueil/?s={search_term_string}"},"query-input":{"@type":"PropertyValueSpecification","valueRequired":true,"valueName":"search_term_string"}}],"inLanguage":"fr-FR"},{"@type":"Organization","@id":"https://lemelville.fr/accueil/#organization","name":"Le Melville","url":"https://lemelville.fr/accueil/","logo":{"@type":"ImageObject","inLanguage":"fr-FR","@id":"https://lemelville.fr/accueil/#/schema/logo/image/","url":"https://lemelville.fr/wp-content/uploads/2023/09/Logo-transparent-1-e1720022580951.png","contentUrl":"https://lemelville.fr/wp-content/uploads/2023/09/Logo-transparent-1-e1720022580951.png","width":2000,"height":656,"caption":"Le Melville"},"image":{"@id":"https://lemelville.fr/accueil/#/schema/logo/image/"},"sameAs":["https://www.facebook.com/people/Le-Melville/100085390055277/","https://www.instagram.com/lemelville_paris/"]}]}</script>
<!-- / Yoast SEO Premium plugin. -->

Plonge dans l&#8217;univers survolté du groupe de jazz The Art Blakey Women&#8217;s Band, formé par 4 passionnées de Bebop et Hardbop. Les Blakettes revisient les classiques des années 50-60 avec&hellip; Poursuivre la lecture The Blakettes

Évènements

Le Melville c’est l’éclectisme dans les verres, les assiettes et dans les oreilles. Du Jazz, de la world Music, souvent en live, une carte élégante de mets à picorer et des cocktails sur mesure, le tout dans un écrin de bois et de velours.
