{"id":3962,"date":"2025-02-25T10:15:10","date_gmt":"2025-02-25T09:15:10","guid":{"rendered":"https:\/\/lemelville.fr\/evenements\/alexis-valet-noe-huchard-trio\/"},"modified":"2025-02-25T10:15:10","modified_gmt":"2025-02-25T09:15:10","slug":"alexis-valet-noe-huchard-trio","status":"publish","type":"tribe_events","link":"https:\/\/lemelville.fr\/accueil\/evenements\/alexis-valet-noe-huchard-trio\/","title":{"rendered":"Alexis Valet &#038; No\u00e9 Huchard Trio"},"content":{"rendered":"<p>Alexis Valet, No\u00e9 Huchard et Cl\u00e9ment Daldosso revisitent le Great American Songbook au Melville. Malgr\u00e9 l&#8217;absence de batterie, leur swing enflamme la sc\u00e8ne avec leur trio vibraphone-piano-contrebasse. Une performance musicale \u00e9tincelante qui vaut le d\u00e9tour.<\/p>\n<p>Alexis Valet et No\u00e9 Huchard  reviennent au Melville pour interpr\u00e9ter le r\u00e9pertoire du Great American Songbook. Avec Cl\u00e9ment Daldosso \u00e0 la contrebasse, leur swing nous fait oublier l&#8217;absence de Batterie. Les trois complices font briller par leur musique cette formation rare, vibraphone, piano et contrebasse.<\/p>\n<p>Clement Daldosso : contrebasse<br \/>\nAlexis Valet : vibraphone<br \/>\nNo\u00e9 Huchard : piano<\/p>\n","protected":false},"excerpt":{"rendered":"<p>Alexis Valet, No\u00e9 Huchard et Cl\u00e9ment Daldosso revisitent le Great American Songbook au Melville. Malgr\u00e9 l&#8217;absence de batterie, leur swing enflamme la sc\u00e8ne avec leur trio vibraphone-piano-contrebasse. Une performance musicale&hellip; <a class=\"more-link\" href=\"https:\/\/lemelville.fr\/accueil\/evenements\/alexis-valet-noe-huchard-trio\/\">Poursuivre la lecture <span class=\"screen-reader-text\">Alexis Valet &#038; No\u00e9 Huchard Trio<\/span><\/a><\/p>\n","protected":false},"author":3,"featured_media":3961,"template":"","meta":{"_tribe_events_status":"","_tribe_events_status_reason":"","_tribe_events_is_hybrid":"","_tribe_events_is_virtual":"","_tribe_events_virtual_video_source":"","_tribe_events_virtual_embed_video":"","_tribe_events_virtual_linked_button_text":"","_tribe_events_virtual_linked_button":"","_tribe_events_virtual_show_embed_at":"","_tribe_events_virtual_show_embed_to":[],"_tribe_events_virtual_show_on_event":"","_tribe_events_virtual_show_on_views":"","_tribe_events_virtual_url":"","footnotes":""},"tags":[],"tribe_events_cat":[88],"class_list":["post-3962","tribe_events","type-tribe_events","status-publish","has-post-thumbnail","hentry","tribe_events_cat-jazz-standard","cat_jazz-standard","entry"],"yoast_head":"<!-- This site is optimized with the Yoast SEO Premium plugin v24.3 (Yoast SEO v27.1.1) - https:\/\/yoast.com\/product\/yoast-seo-premium-wordpress\/ -->\n<title>Alexis Valet &amp; No\u00e9 Huchard Trio - Le Melville<\/title>\n<meta name=\"robots\" content=\"index, follow, max-snippet:-1, max-image-preview:large, max-video-preview:-1\" \/>\n<link rel=\"canonical\" href=\"https:\/\/lemelville.fr\/accueil\/evenements\/alexis-valet-noe-huchard-trio\/\" \/>\n<meta property=\"og:locale\" content=\"fr_FR\" \/>\n<meta property=\"og:type\" content=\"article\" \/>\n<meta property=\"og:title\" content=\"Alexis Valet &amp; No\u00e9 Huchard Trio\" \/>\n<meta property=\"og:description\" content=\"Alexis Valet, No\u00e9 Huchard et Cl\u00e9ment Daldosso revisitent le Great American Songbook au Melville. Malgr\u00e9 l&#8217;absence de batterie, leur swing enflamme la sc\u00e8ne avec leur trio vibraphone-piano-contrebasse. Une performance musicale&hellip; Poursuivre la lecture Alexis Valet &#038; No\u00e9 Huchard Trio\" \/>\n<meta property=\"og:url\" content=\"https:\/\/lemelville.fr\/accueil\/evenements\/alexis-valet-noe-huchard-trio\/\" \/>\n<meta property=\"og:site_name\" content=\"Le Melville\" \/>\n<meta property=\"article:publisher\" content=\"https:\/\/www.facebook.com\/people\/Le-Melville\/100085390055277\/\" \/>\n<meta property=\"og:image\" content=\"https:\/\/lemelville.fr\/wp-content\/uploads\/2025\/02\/Valet-Huchard-Trio-Affiche-NF.png\" \/>\n\t<meta property=\"og:image:width\" content=\"1280\" \/>\n\t<meta property=\"og:image:height\" content=\"800\" \/>\n\t<meta property=\"og:image:type\" content=\"image\/png\" \/>\n<meta name=\"twitter:card\" content=\"summary_large_image\" \/>\n<script type=\"application\/ld+json\" class=\"yoast-schema-graph\">{\"@context\":\"https:\/\/schema.org\",\"@graph\":[{\"@type\":\"WebPage\",\"@id\":\"https:\/\/lemelville.fr\/accueil\/evenements\/alexis-valet-noe-huchard-trio\/\",\"url\":\"https:\/\/lemelville.fr\/accueil\/evenements\/alexis-valet-noe-huchard-trio\/\",\"name\":\"Alexis Valet & No\u00e9 Huchard Trio - Le Melville\",\"isPartOf\":{\"@id\":\"https:\/\/lemelville.fr\/accueil\/#website\"},\"primaryImageOfPage\":{\"@id\":\"https:\/\/lemelville.fr\/accueil\/evenements\/alexis-valet-noe-huchard-trio\/#primaryimage\"},\"image\":{\"@id\":\"https:\/\/lemelville.fr\/accueil\/evenements\/alexis-valet-noe-huchard-trio\/#primaryimage\"},\"thumbnailUrl\":\"https:\/\/lemelville.fr\/wp-content\/uploads\/2025\/02\/Valet-Huchard-Trio-Affiche-NF.png\",\"datePublished\":\"2025-02-25T09:15:10+00:00\",\"breadcrumb\":{\"@id\":\"https:\/\/lemelville.fr\/accueil\/evenements\/alexis-valet-noe-huchard-trio\/#breadcrumb\"},\"inLanguage\":\"fr-FR\",\"potentialAction\":[{\"@type\":\"ReadAction\",\"target\":[\"https:\/\/lemelville.fr\/accueil\/evenements\/alexis-valet-noe-huchard-trio\/\"]}]},{\"@type\":\"ImageObject\",\"inLanguage\":\"fr-FR\",\"@id\":\"https:\/\/lemelville.fr\/accueil\/evenements\/alexis-valet-noe-huchard-trio\/#primaryimage\",\"url\":\"https:\/\/lemelville.fr\/wp-content\/uploads\/2025\/02\/Valet-Huchard-Trio-Affiche-NF.png\",\"contentUrl\":\"https:\/\/lemelville.fr\/wp-content\/uploads\/2025\/02\/Valet-Huchard-Trio-Affiche-NF.png\",\"width\":1280,\"height\":800},{\"@type\":\"BreadcrumbList\",\"@id\":\"https:\/\/lemelville.fr\/accueil\/evenements\/alexis-valet-noe-huchard-trio\/#breadcrumb\",\"itemListElement\":[{\"@type\":\"ListItem\",\"position\":1,\"name\":\"Accueil\",\"item\":\"https:\/\/lemelville.fr\/accueil\/\"},{\"@type\":\"ListItem\",\"position\":2,\"name\":\"\u00c9v\u00e8nements\",\"item\":\"https:\/\/lemelville.fr\/accueil\/evenements\/\"},{\"@type\":\"ListItem\",\"position\":3,\"name\":\"Alexis Valet &#038; No\u00e9 Huchard Trio\"}]},{\"@type\":\"WebSite\",\"@id\":\"https:\/\/lemelville.fr\/accueil\/#website\",\"url\":\"https:\/\/lemelville.fr\/accueil\/\",\"name\":\"Le Melville\",\"description\":\"Le Melville c\u2019est l\u2019\u00e9clectisme dans les verres, les assiettes et dans les oreilles. Du Jazz, de la world Music, souvent en live, une carte \u00e9l\u00e9gante de mets \u00e0 picorer et des cocktails sur mesure, le tout dans un \u00e9crin de bois et de velours.\",\"publisher\":{\"@id\":\"https:\/\/lemelville.fr\/accueil\/#organization\"},\"potentialAction\":[{\"@type\":\"SearchAction\",\"target\":{\"@type\":\"EntryPoint\",\"urlTemplate\":\"https:\/\/lemelville.fr\/accueil\/?s={search_term_string}\"},\"query-input\":{\"@type\":\"PropertyValueSpecification\",\"valueRequired\":true,\"valueName\":\"search_term_string\"}}],\"inLanguage\":\"fr-FR\"},{\"@type\":\"Organization\",\"@id\":\"https:\/\/lemelville.fr\/accueil\/#organization\",\"name\":\"Le Melville\",\"url\":\"https:\/\/lemelville.fr\/accueil\/\",\"logo\":{\"@type\":\"ImageObject\",\"inLanguage\":\"fr-FR\",\"@id\":\"https:\/\/lemelville.fr\/accueil\/#\/schema\/logo\/image\/\",\"url\":\"https:\/\/lemelville.fr\/wp-content\/uploads\/2023\/09\/Logo-transparent-1-e1720022580951.png\",\"contentUrl\":\"https:\/\/lemelville.fr\/wp-content\/uploads\/2023\/09\/Logo-transparent-1-e1720022580951.png\",\"width\":2000,\"height\":656,\"caption\":\"Le Melville\"},\"image\":{\"@id\":\"https:\/\/lemelville.fr\/accueil\/#\/schema\/logo\/image\/\"},\"sameAs\":[\"https:\/\/www.facebook.com\/people\/Le-Melville\/100085390055277\/\",\"https:\/\/www.instagram.com\/lemelville_paris\/\"]}]}<\/script>\n<!-- \/ Yoast SEO Premium plugin. -->","yoast_head_json":{"title":"Alexis Valet & No\u00e9 Huchard Trio - Le Melville","robots":{"index":"index","follow":"follow","max-snippet":"max-snippet:-1","max-image-preview":"max-image-preview:large","max-video-preview":"max-video-preview:-1"},"canonical":"https:\/\/lemelville.fr\/accueil\/evenements\/alexis-valet-noe-huchard-trio\/","og_locale":"fr_FR","og_type":"article","og_title":"Alexis Valet & No\u00e9 Huchard Trio","og_description":"Alexis Valet, No\u00e9 Huchard et Cl\u00e9ment Daldosso revisitent le Great American Songbook au Melville. Malgr\u00e9 l&#8217;absence de batterie, leur swing enflamme la sc\u00e8ne avec leur trio vibraphone-piano-contrebasse. Une performance musicale&hellip; Poursuivre la lecture Alexis Valet &#038; No\u00e9 Huchard Trio","og_url":"https:\/\/lemelville.fr\/accueil\/evenements\/alexis-valet-noe-huchard-trio\/","og_site_name":"Le Melville","article_publisher":"https:\/\/www.facebook.com\/people\/Le-Melville\/100085390055277\/","og_image":[{"width":1280,"height":800,"url":"https:\/\/lemelville.fr\/wp-content\/uploads\/2025\/02\/Valet-Huchard-Trio-Affiche-NF.png","type":"image\/png"}],"twitter_card":"summary_large_image","schema":{"@context":"https:\/\/schema.org","@graph":[{"@type":"WebPage","@id":"https:\/\/lemelville.fr\/accueil\/evenements\/alexis-valet-noe-huchard-trio\/","url":"https:\/\/lemelville.fr\/accueil\/evenements\/alexis-valet-noe-huchard-trio\/","name":"Alexis Valet & No\u00e9 Huchard Trio - Le Melville","isPartOf":{"@id":"https:\/\/lemelville.fr\/accueil\/#website"},"primaryImageOfPage":{"@id":"https:\/\/lemelville.fr\/accueil\/evenements\/alexis-valet-noe-huchard-trio\/#primaryimage"},"image":{"@id":"https:\/\/lemelville.fr\/accueil\/evenements\/alexis-valet-noe-huchard-trio\/#primaryimage"},"thumbnailUrl":"https:\/\/lemelville.fr\/wp-content\/uploads\/2025\/02\/Valet-Huchard-Trio-Affiche-NF.png","datePublished":"2025-02-25T09:15:10+00:00","breadcrumb":{"@id":"https:\/\/lemelville.fr\/accueil\/evenements\/alexis-valet-noe-huchard-trio\/#breadcrumb"},"inLanguage":"fr-FR","potentialAction":[{"@type":"ReadAction","target":["https:\/\/lemelville.fr\/accueil\/evenements\/alexis-valet-noe-huchard-trio\/"]}]},{"@type":"ImageObject","inLanguage":"fr-FR","@id":"https:\/\/lemelville.fr\/accueil\/evenements\/alexis-valet-noe-huchard-trio\/#primaryimage","url":"https:\/\/lemelville.fr\/wp-content\/uploads\/2025\/02\/Valet-Huchard-Trio-Affiche-NF.png","contentUrl":"https:\/\/lemelville.fr\/wp-content\/uploads\/2025\/02\/Valet-Huchard-Trio-Affiche-NF.png","width":1280,"height":800},{"@type":"BreadcrumbList","@id":"https:\/\/lemelville.fr\/accueil\/evenements\/alexis-valet-noe-huchard-trio\/#breadcrumb","itemListElement":[{"@type":"ListItem","position":1,"name":"Accueil","item":"https:\/\/lemelville.fr\/accueil\/"},{"@type":"ListItem","position":2,"name":"\u00c9v\u00e8nements","item":"https:\/\/lemelville.fr\/accueil\/evenements\/"},{"@type":"ListItem","position":3,"name":"Alexis Valet &#038; No\u00e9 Huchard Trio"}]},{"@type":"WebSite","@id":"https:\/\/lemelville.fr\/accueil\/#website","url":"https:\/\/lemelville.fr\/accueil\/","name":"Le Melville","description":"Le Melville c\u2019est l\u2019\u00e9clectisme dans les verres, les assiettes et dans les oreilles. Du Jazz, de la world Music, souvent en live, une carte \u00e9l\u00e9gante de mets \u00e0 picorer et des cocktails sur mesure, le tout dans un \u00e9crin de bois et de velours.","publisher":{"@id":"https:\/\/lemelville.fr\/accueil\/#organization"},"potentialAction":[{"@type":"SearchAction","target":{"@type":"EntryPoint","urlTemplate":"https:\/\/lemelville.fr\/accueil\/?s={search_term_string}"},"query-input":{"@type":"PropertyValueSpecification","valueRequired":true,"valueName":"search_term_string"}}],"inLanguage":"fr-FR"},{"@type":"Organization","@id":"https:\/\/lemelville.fr\/accueil\/#organization","name":"Le Melville","url":"https:\/\/lemelville.fr\/accueil\/","logo":{"@type":"ImageObject","inLanguage":"fr-FR","@id":"https:\/\/lemelville.fr\/accueil\/#\/schema\/logo\/image\/","url":"https:\/\/lemelville.fr\/wp-content\/uploads\/2023\/09\/Logo-transparent-1-e1720022580951.png","contentUrl":"https:\/\/lemelville.fr\/wp-content\/uploads\/2023\/09\/Logo-transparent-1-e1720022580951.png","width":2000,"height":656,"caption":"Le Melville"},"image":{"@id":"https:\/\/lemelville.fr\/accueil\/#\/schema\/logo\/image\/"},"sameAs":["https:\/\/www.facebook.com\/people\/Le-Melville\/100085390055277\/","https:\/\/www.instagram.com\/lemelville_paris\/"]}]}},"_links":{"self":[{"href":"https:\/\/lemelville.fr\/accueil\/wp-json\/wp\/v2\/tribe_events\/3962","targetHints":{"allow":["GET"]}}],"collection":[{"href":"https:\/\/lemelville.fr\/accueil\/wp-json\/wp\/v2\/tribe_events"}],"about":[{"href":"https:\/\/lemelville.fr\/accueil\/wp-json\/wp\/v2\/types\/tribe_events"}],"author":[{"embeddable":true,"href":"https:\/\/lemelville.fr\/accueil\/wp-json\/wp\/v2\/users\/3"}],"version-history":[{"count":0,"href":"https:\/\/lemelville.fr\/accueil\/wp-json\/wp\/v2\/tribe_events\/3962\/revisions"}],"wp:featuredmedia":[{"embeddable":true,"href":"https:\/\/lemelville.fr\/accueil\/wp-json\/wp\/v2\/media\/3961"}],"wp:attachment":[{"href":"https:\/\/lemelville.fr\/accueil\/wp-json\/wp\/v2\/media?parent=3962"}],"wp:term":[{"taxonomy":"post_tag","embeddable":true,"href":"https:\/\/lemelville.fr\/accueil\/wp-json\/wp\/v2\/tags?post=3962"},{"taxonomy":"tribe_events_cat","embeddable":true,"href":"https:\/\/lemelville.fr\/accueil\/wp-json\/wp\/v2\/tribe_events_cat?post=3962"}],"curies":[{"name":"wp","href":"https:\/\/api.w.org\/{rel}","templated":true}]}}

Alexis Valet &#038; Noé Huchard Trio

<p>Alexis Valet, Noé Huchard et Clément Daldosso revisitent le Great American Songbook au Melville. Malgré l&#8217;absence de batterie, leur swing enflamme la scène avec leur trio vibraphone-piano-contrebasse. Une performance musicale étincelante qui vaut le détour.</p>
<p>Alexis Valet et Noé Huchard  reviennent au Melville pour interpréter le répertoire du Great American Songbook. Avec Clément Daldosso à la contrebasse, leur swing nous fait oublier l&#8217;absence de Batterie. Les trois complices font briller par leur musique cette formation rare, vibraphone, piano et contrebasse.</p>
<p>Clement Daldosso : contrebasse<br />
Alexis Valet : vibraphone<br />
Noé Huchard : piano</p>

<p>Alexis Valet, Noé Huchard et Clément Daldosso revisitent le Great American Songbook au Melville. Malgré l&#8217;absence de batterie, leur swing enflamme la scène avec leur trio vibraphone-piano-contrebasse. Une performance musicale&hellip; <a class="more-link" href="https://lemelville.fr/accueil/evenements/alexis-valet-noe-huchard-trio/">Poursuivre la lecture <span class="screen-reader-text">Alexis Valet &#038; Noé Huchard Trio</span></a></p>

<!-- This site is optimized with the Yoast SEO Premium plugin v24.3 (Yoast SEO v27.1.1) - https://yoast.com/product/yoast-seo-premium-wordpress/ -->
<title>Alexis Valet &amp; Noé Huchard Trio - Le Melville</title>
<meta name="robots" content="index, follow, max-snippet:-1, max-image-preview:large, max-video-preview:-1" />
<link rel="canonical" href="https://lemelville.fr/accueil/evenements/alexis-valet-noe-huchard-trio/" />
<meta property="og:locale" content="fr_FR" />
<meta property="og:type" content="article" />
<meta property="og:title" content="Alexis Valet &amp; Noé Huchard Trio" />
<meta property="og:description" content="Alexis Valet, Noé Huchard et Clément Daldosso revisitent le Great American Songbook au Melville. Malgré l&#8217;absence de batterie, leur swing enflamme la scène avec leur trio vibraphone-piano-contrebasse. Une performance musicale&hellip; Poursuivre la lecture Alexis Valet &#038; Noé Huchard Trio" />
<meta property="og:url" content="https://lemelville.fr/accueil/evenements/alexis-valet-noe-huchard-trio/" />
<meta property="og:site_name" content="Le Melville" />
<meta property="article:publisher" content="https://www.facebook.com/people/Le-Melville/100085390055277/" />
<meta property="og:image" content="https://lemelville.fr/wp-content/uploads/2025/02/Valet-Huchard-Trio-Affiche-NF.png" />
	<meta property="og:image:width" content="1280" />
	<meta property="og:image:height" content="800" />
	<meta property="og:image:type" content="image/png" />
<meta name="twitter:card" content="summary_large_image" />
<script type="application/ld+json" class="yoast-schema-graph">{"@context":"https://schema.org","@graph":[{"@type":"WebPage","@id":"https://lemelville.fr/accueil/evenements/alexis-valet-noe-huchard-trio/","url":"https://lemelville.fr/accueil/evenements/alexis-valet-noe-huchard-trio/","name":"Alexis Valet & Noé Huchard Trio - Le Melville","isPartOf":{"@id":"https://lemelville.fr/accueil/#website"},"primaryImageOfPage":{"@id":"https://lemelville.fr/accueil/evenements/alexis-valet-noe-huchard-trio/#primaryimage"},"image":{"@id":"https://lemelville.fr/accueil/evenements/alexis-valet-noe-huchard-trio/#primaryimage"},"thumbnailUrl":"https://lemelville.fr/wp-content/uploads/2025/02/Valet-Huchard-Trio-Affiche-NF.png","datePublished":"2025-02-25T09:15:10+00:00","breadcrumb":{"@id":"https://lemelville.fr/accueil/evenements/alexis-valet-noe-huchard-trio/#breadcrumb"},"inLanguage":"fr-FR","potentialAction":[{"@type":"ReadAction","target":["https://lemelville.fr/accueil/evenements/alexis-valet-noe-huchard-trio/"]}]},{"@type":"ImageObject","inLanguage":"fr-FR","@id":"https://lemelville.fr/accueil/evenements/alexis-valet-noe-huchard-trio/#primaryimage","url":"https://lemelville.fr/wp-content/uploads/2025/02/Valet-Huchard-Trio-Affiche-NF.png","contentUrl":"https://lemelville.fr/wp-content/uploads/2025/02/Valet-Huchard-Trio-Affiche-NF.png","width":1280,"height":800},{"@type":"BreadcrumbList","@id":"https://lemelville.fr/accueil/evenements/alexis-valet-noe-huchard-trio/#breadcrumb","itemListElement":[{"@type":"ListItem","position":1,"name":"Accueil","item":"https://lemelville.fr/accueil/"},{"@type":"ListItem","position":2,"name":"Évènements","item":"https://lemelville.fr/accueil/evenements/"},{"@type":"ListItem","position":3,"name":"Alexis Valet &#038; Noé Huchard Trio"}]},{"@type":"WebSite","@id":"https://lemelville.fr/accueil/#website","url":"https://lemelville.fr/accueil/","name":"Le Melville","description":"Le Melville c’est l’éclectisme dans les verres, les assiettes et dans les oreilles. Du Jazz, de la world Music, souvent en live, une carte élégante de mets à picorer et des cocktails sur mesure, le tout dans un écrin de bois et de velours.","publisher":{"@id":"https://lemelville.fr/accueil/#organization"},"potentialAction":[{"@type":"SearchAction","target":{"@type":"EntryPoint","urlTemplate":"https://lemelville.fr/accueil/?s={search_term_string}"},"query-input":{"@type":"PropertyValueSpecification","valueRequired":true,"valueName":"search_term_string"}}],"inLanguage":"fr-FR"},{"@type":"Organization","@id":"https://lemelville.fr/accueil/#organization","name":"Le Melville","url":"https://lemelville.fr/accueil/","logo":{"@type":"ImageObject","inLanguage":"fr-FR","@id":"https://lemelville.fr/accueil/#/schema/logo/image/","url":"https://lemelville.fr/wp-content/uploads/2023/09/Logo-transparent-1-e1720022580951.png","contentUrl":"https://lemelville.fr/wp-content/uploads/2023/09/Logo-transparent-1-e1720022580951.png","width":2000,"height":656,"caption":"Le Melville"},"image":{"@id":"https://lemelville.fr/accueil/#/schema/logo/image/"},"sameAs":["https://www.facebook.com/people/Le-Melville/100085390055277/","https://www.instagram.com/lemelville_paris/"]}]}</script>
<!-- / Yoast SEO Premium plugin. -->

Alexis Valet & Noé Huchard Trio - Le Melville

Alexis Valet & Noé Huchard Trio

Alexis Valet, Noé Huchard et Clément Daldosso revisitent le Great American Songbook au Melville. Malgré l&#8217;absence de batterie, leur swing enflamme la scène avec leur trio vibraphone-piano-contrebasse. Une performance musicale&hellip; Poursuivre la lecture Alexis Valet &#038; Noé Huchard Trio

Évènements

Le Melville c’est l’éclectisme dans les verres, les assiettes et dans les oreilles. Du Jazz, de la world Music, souvent en live, une carte élégante de mets à picorer et des cocktails sur mesure, le tout dans un écrin de bois et de velours.
