{"id":3972,"date":"2025-02-25T12:42:37","date_gmt":"2025-02-25T11:42:37","guid":{"rendered":"https:\/\/lemelville.fr\/evenements\/olivier-robin-quartet\/"},"modified":"2025-02-25T12:42:37","modified_gmt":"2025-02-25T11:42:37","slug":"olivier-robin-quartet","status":"publish","type":"tribe_events","link":"https:\/\/lemelville.fr\/accueil\/evenements\/olivier-robin-quartet\/","title":{"rendered":"Olivier Robin Quartet"},"content":{"rendered":"<p>Un Quartet de jazz dirig\u00e9 par le batteur Olivier Robin, inspir\u00e9 du Hard-Bop avec des compositions originales pleines d&#8217;\u00e9nergie. Des solistes passionn\u00e9s et une batterie de premier plan. Un concert vibrant avec Alex Terrier, Albert Bover et Duylinh Nguyen. \u00c9nergie, modernit\u00e9 et brillance au rendez-vous !<\/p>\n<p>Un Quartet de haut vol dirige\u0301 par le batteur OlivierRobin qui s\u2019inspire avec fougue et e\u0301le\u0301gance des grandes heures du jazz. Du Hard-Bop intemporel et re\u0301jouissant aux compositions originales emplies d\u2019une e\u0301nergie joyeuse et impatiente qui assume une batterie de premier plan au service de solistes engage\u0301s. \u00ab Musique since\u0300re, brillante et terriblement efficace \u00bb (Jazzmagazine),<br \/>\n\u00ab Un univers qui s\u2019inscrit dans la tradition d\u2019un jazz moderne \u00bb (jazz Hot) \u00ab Energie superbe et communicative \u00bb (Les Dnj)<\/p>\n<p>Pour ce concert, il sera entour\u00e9 du saxophoniste Alex Terrier, du pianiste Albert Bover et du Contrebassiste Duylinh Nguyen.<\/p>\n<p>Alexandre Terrier : sax<br \/>\nAlbert Bover : piano<br \/>\nDuylinh Nguyen : basse<br \/>\nOlivier Robin : batterie<\/p>\n","protected":false},"excerpt":{"rendered":"<p>Un Quartet de jazz dirig\u00e9 par le batteur Olivier Robin, inspir\u00e9 du Hard-Bop avec des compositions originales pleines d&#8217;\u00e9nergie. Des solistes passionn\u00e9s et une batterie de premier plan. Un concert&hellip; <a class=\"more-link\" href=\"https:\/\/lemelville.fr\/accueil\/evenements\/olivier-robin-quartet\/\">Poursuivre la lecture <span class=\"screen-reader-text\">Olivier Robin Quartet<\/span><\/a><\/p>\n","protected":false},"author":3,"featured_media":3971,"template":"","meta":{"_tribe_events_status":"","_tribe_events_status_reason":"","_tribe_events_is_hybrid":"","_tribe_events_is_virtual":"","_tribe_events_virtual_video_source":"","_tribe_events_virtual_embed_video":"","_tribe_events_virtual_linked_button_text":"","_tribe_events_virtual_linked_button":"","_tribe_events_virtual_show_embed_at":"","_tribe_events_virtual_show_embed_to":[],"_tribe_events_virtual_show_on_event":"","_tribe_events_virtual_show_on_views":"","_tribe_events_virtual_url":"","footnotes":""},"tags":[],"tribe_events_cat":[88],"class_list":["post-3972","tribe_events","type-tribe_events","status-publish","has-post-thumbnail","hentry","tribe_events_cat-jazz-standard","cat_jazz-standard","entry"],"yoast_head":"<!-- This site is optimized with the Yoast SEO Premium plugin v24.3 (Yoast SEO v27.1.1) - https:\/\/yoast.com\/product\/yoast-seo-premium-wordpress\/ -->\n<title>Olivier Robin Quartet - Le Melville<\/title>\n<meta name=\"robots\" content=\"index, follow, max-snippet:-1, max-image-preview:large, max-video-preview:-1\" \/>\n<link rel=\"canonical\" href=\"https:\/\/lemelville.fr\/accueil\/evenements\/olivier-robin-quartet\/\" \/>\n<meta property=\"og:locale\" content=\"fr_FR\" \/>\n<meta property=\"og:type\" content=\"article\" \/>\n<meta property=\"og:title\" content=\"Olivier Robin Quartet\" \/>\n<meta property=\"og:description\" content=\"Un Quartet de jazz dirig\u00e9 par le batteur Olivier Robin, inspir\u00e9 du Hard-Bop avec des compositions originales pleines d&#8217;\u00e9nergie. Des solistes passionn\u00e9s et une batterie de premier plan. Un concert&hellip; Poursuivre la lecture Olivier Robin Quartet\" \/>\n<meta property=\"og:url\" content=\"https:\/\/lemelville.fr\/accueil\/evenements\/olivier-robin-quartet\/\" \/>\n<meta property=\"og:site_name\" content=\"Le Melville\" \/>\n<meta property=\"article:publisher\" content=\"https:\/\/www.facebook.com\/people\/Le-Melville\/100085390055277\/\" \/>\n<meta property=\"og:image\" content=\"https:\/\/lemelville.fr\/wp-content\/uploads\/2025\/02\/Olivier-Robin-4tet-Affiche-NF.png\" \/>\n\t<meta property=\"og:image:width\" content=\"1280\" \/>\n\t<meta property=\"og:image:height\" content=\"800\" \/>\n\t<meta property=\"og:image:type\" content=\"image\/png\" \/>\n<meta name=\"twitter:card\" content=\"summary_large_image\" \/>\n<meta name=\"twitter:label1\" content=\"Dur\u00e9e de lecture estim\u00e9e\" \/>\n\t<meta name=\"twitter:data1\" content=\"1 minute\" \/>\n<script type=\"application\/ld+json\" class=\"yoast-schema-graph\">{\"@context\":\"https:\/\/schema.org\",\"@graph\":[{\"@type\":\"WebPage\",\"@id\":\"https:\/\/lemelville.fr\/accueil\/evenements\/olivier-robin-quartet\/\",\"url\":\"https:\/\/lemelville.fr\/accueil\/evenements\/olivier-robin-quartet\/\",\"name\":\"Olivier Robin Quartet - Le Melville\",\"isPartOf\":{\"@id\":\"https:\/\/lemelville.fr\/accueil\/#website\"},\"primaryImageOfPage\":{\"@id\":\"https:\/\/lemelville.fr\/accueil\/evenements\/olivier-robin-quartet\/#primaryimage\"},\"image\":{\"@id\":\"https:\/\/lemelville.fr\/accueil\/evenements\/olivier-robin-quartet\/#primaryimage\"},\"thumbnailUrl\":\"https:\/\/lemelville.fr\/wp-content\/uploads\/2025\/02\/Olivier-Robin-4tet-Affiche-NF.png\",\"datePublished\":\"2025-02-25T11:42:37+00:00\",\"breadcrumb\":{\"@id\":\"https:\/\/lemelville.fr\/accueil\/evenements\/olivier-robin-quartet\/#breadcrumb\"},\"inLanguage\":\"fr-FR\",\"potentialAction\":[{\"@type\":\"ReadAction\",\"target\":[\"https:\/\/lemelville.fr\/accueil\/evenements\/olivier-robin-quartet\/\"]}]},{\"@type\":\"ImageObject\",\"inLanguage\":\"fr-FR\",\"@id\":\"https:\/\/lemelville.fr\/accueil\/evenements\/olivier-robin-quartet\/#primaryimage\",\"url\":\"https:\/\/lemelville.fr\/wp-content\/uploads\/2025\/02\/Olivier-Robin-4tet-Affiche-NF.png\",\"contentUrl\":\"https:\/\/lemelville.fr\/wp-content\/uploads\/2025\/02\/Olivier-Robin-4tet-Affiche-NF.png\",\"width\":1280,\"height\":800},{\"@type\":\"BreadcrumbList\",\"@id\":\"https:\/\/lemelville.fr\/accueil\/evenements\/olivier-robin-quartet\/#breadcrumb\",\"itemListElement\":[{\"@type\":\"ListItem\",\"position\":1,\"name\":\"Accueil\",\"item\":\"https:\/\/lemelville.fr\/accueil\/\"},{\"@type\":\"ListItem\",\"position\":2,\"name\":\"\u00c9v\u00e8nements\",\"item\":\"https:\/\/lemelville.fr\/accueil\/evenements\/\"},{\"@type\":\"ListItem\",\"position\":3,\"name\":\"Olivier Robin Quartet\"}]},{\"@type\":\"WebSite\",\"@id\":\"https:\/\/lemelville.fr\/accueil\/#website\",\"url\":\"https:\/\/lemelville.fr\/accueil\/\",\"name\":\"Le Melville\",\"description\":\"Le Melville c\u2019est l\u2019\u00e9clectisme dans les verres, les assiettes et dans les oreilles. Du Jazz, de la world Music, souvent en live, une carte \u00e9l\u00e9gante de mets \u00e0 picorer et des cocktails sur mesure, le tout dans un \u00e9crin de bois et de velours.\",\"publisher\":{\"@id\":\"https:\/\/lemelville.fr\/accueil\/#organization\"},\"potentialAction\":[{\"@type\":\"SearchAction\",\"target\":{\"@type\":\"EntryPoint\",\"urlTemplate\":\"https:\/\/lemelville.fr\/accueil\/?s={search_term_string}\"},\"query-input\":{\"@type\":\"PropertyValueSpecification\",\"valueRequired\":true,\"valueName\":\"search_term_string\"}}],\"inLanguage\":\"fr-FR\"},{\"@type\":\"Organization\",\"@id\":\"https:\/\/lemelville.fr\/accueil\/#organization\",\"name\":\"Le Melville\",\"url\":\"https:\/\/lemelville.fr\/accueil\/\",\"logo\":{\"@type\":\"ImageObject\",\"inLanguage\":\"fr-FR\",\"@id\":\"https:\/\/lemelville.fr\/accueil\/#\/schema\/logo\/image\/\",\"url\":\"https:\/\/lemelville.fr\/wp-content\/uploads\/2023\/09\/Logo-transparent-1-e1720022580951.png\",\"contentUrl\":\"https:\/\/lemelville.fr\/wp-content\/uploads\/2023\/09\/Logo-transparent-1-e1720022580951.png\",\"width\":2000,\"height\":656,\"caption\":\"Le Melville\"},\"image\":{\"@id\":\"https:\/\/lemelville.fr\/accueil\/#\/schema\/logo\/image\/\"},\"sameAs\":[\"https:\/\/www.facebook.com\/people\/Le-Melville\/100085390055277\/\",\"https:\/\/www.instagram.com\/lemelville_paris\/\"]}]}<\/script>\n<!-- \/ Yoast SEO Premium plugin. -->","yoast_head_json":{"title":"Olivier Robin Quartet - Le Melville","robots":{"index":"index","follow":"follow","max-snippet":"max-snippet:-1","max-image-preview":"max-image-preview:large","max-video-preview":"max-video-preview:-1"},"canonical":"https:\/\/lemelville.fr\/accueil\/evenements\/olivier-robin-quartet\/","og_locale":"fr_FR","og_type":"article","og_title":"Olivier Robin Quartet","og_description":"Un Quartet de jazz dirig\u00e9 par le batteur Olivier Robin, inspir\u00e9 du Hard-Bop avec des compositions originales pleines d&#8217;\u00e9nergie. Des solistes passionn\u00e9s et une batterie de premier plan. Un concert&hellip; Poursuivre la lecture Olivier Robin Quartet","og_url":"https:\/\/lemelville.fr\/accueil\/evenements\/olivier-robin-quartet\/","og_site_name":"Le Melville","article_publisher":"https:\/\/www.facebook.com\/people\/Le-Melville\/100085390055277\/","og_image":[{"width":1280,"height":800,"url":"https:\/\/lemelville.fr\/wp-content\/uploads\/2025\/02\/Olivier-Robin-4tet-Affiche-NF.png","type":"image\/png"}],"twitter_card":"summary_large_image","twitter_misc":{"Dur\u00e9e de lecture estim\u00e9e":"1 minute"},"schema":{"@context":"https:\/\/schema.org","@graph":[{"@type":"WebPage","@id":"https:\/\/lemelville.fr\/accueil\/evenements\/olivier-robin-quartet\/","url":"https:\/\/lemelville.fr\/accueil\/evenements\/olivier-robin-quartet\/","name":"Olivier Robin Quartet - Le Melville","isPartOf":{"@id":"https:\/\/lemelville.fr\/accueil\/#website"},"primaryImageOfPage":{"@id":"https:\/\/lemelville.fr\/accueil\/evenements\/olivier-robin-quartet\/#primaryimage"},"image":{"@id":"https:\/\/lemelville.fr\/accueil\/evenements\/olivier-robin-quartet\/#primaryimage"},"thumbnailUrl":"https:\/\/lemelville.fr\/wp-content\/uploads\/2025\/02\/Olivier-Robin-4tet-Affiche-NF.png","datePublished":"2025-02-25T11:42:37+00:00","breadcrumb":{"@id":"https:\/\/lemelville.fr\/accueil\/evenements\/olivier-robin-quartet\/#breadcrumb"},"inLanguage":"fr-FR","potentialAction":[{"@type":"ReadAction","target":["https:\/\/lemelville.fr\/accueil\/evenements\/olivier-robin-quartet\/"]}]},{"@type":"ImageObject","inLanguage":"fr-FR","@id":"https:\/\/lemelville.fr\/accueil\/evenements\/olivier-robin-quartet\/#primaryimage","url":"https:\/\/lemelville.fr\/wp-content\/uploads\/2025\/02\/Olivier-Robin-4tet-Affiche-NF.png","contentUrl":"https:\/\/lemelville.fr\/wp-content\/uploads\/2025\/02\/Olivier-Robin-4tet-Affiche-NF.png","width":1280,"height":800},{"@type":"BreadcrumbList","@id":"https:\/\/lemelville.fr\/accueil\/evenements\/olivier-robin-quartet\/#breadcrumb","itemListElement":[{"@type":"ListItem","position":1,"name":"Accueil","item":"https:\/\/lemelville.fr\/accueil\/"},{"@type":"ListItem","position":2,"name":"\u00c9v\u00e8nements","item":"https:\/\/lemelville.fr\/accueil\/evenements\/"},{"@type":"ListItem","position":3,"name":"Olivier Robin Quartet"}]},{"@type":"WebSite","@id":"https:\/\/lemelville.fr\/accueil\/#website","url":"https:\/\/lemelville.fr\/accueil\/","name":"Le Melville","description":"Le Melville c\u2019est l\u2019\u00e9clectisme dans les verres, les assiettes et dans les oreilles. Du Jazz, de la world Music, souvent en live, une carte \u00e9l\u00e9gante de mets \u00e0 picorer et des cocktails sur mesure, le tout dans un \u00e9crin de bois et de velours.","publisher":{"@id":"https:\/\/lemelville.fr\/accueil\/#organization"},"potentialAction":[{"@type":"SearchAction","target":{"@type":"EntryPoint","urlTemplate":"https:\/\/lemelville.fr\/accueil\/?s={search_term_string}"},"query-input":{"@type":"PropertyValueSpecification","valueRequired":true,"valueName":"search_term_string"}}],"inLanguage":"fr-FR"},{"@type":"Organization","@id":"https:\/\/lemelville.fr\/accueil\/#organization","name":"Le Melville","url":"https:\/\/lemelville.fr\/accueil\/","logo":{"@type":"ImageObject","inLanguage":"fr-FR","@id":"https:\/\/lemelville.fr\/accueil\/#\/schema\/logo\/image\/","url":"https:\/\/lemelville.fr\/wp-content\/uploads\/2023\/09\/Logo-transparent-1-e1720022580951.png","contentUrl":"https:\/\/lemelville.fr\/wp-content\/uploads\/2023\/09\/Logo-transparent-1-e1720022580951.png","width":2000,"height":656,"caption":"Le Melville"},"image":{"@id":"https:\/\/lemelville.fr\/accueil\/#\/schema\/logo\/image\/"},"sameAs":["https:\/\/www.facebook.com\/people\/Le-Melville\/100085390055277\/","https:\/\/www.instagram.com\/lemelville_paris\/"]}]}},"_links":{"self":[{"href":"https:\/\/lemelville.fr\/accueil\/wp-json\/wp\/v2\/tribe_events\/3972","targetHints":{"allow":["GET"]}}],"collection":[{"href":"https:\/\/lemelville.fr\/accueil\/wp-json\/wp\/v2\/tribe_events"}],"about":[{"href":"https:\/\/lemelville.fr\/accueil\/wp-json\/wp\/v2\/types\/tribe_events"}],"author":[{"embeddable":true,"href":"https:\/\/lemelville.fr\/accueil\/wp-json\/wp\/v2\/users\/3"}],"version-history":[{"count":0,"href":"https:\/\/lemelville.fr\/accueil\/wp-json\/wp\/v2\/tribe_events\/3972\/revisions"}],"wp:featuredmedia":[{"embeddable":true,"href":"https:\/\/lemelville.fr\/accueil\/wp-json\/wp\/v2\/media\/3971"}],"wp:attachment":[{"href":"https:\/\/lemelville.fr\/accueil\/wp-json\/wp\/v2\/media?parent=3972"}],"wp:term":[{"taxonomy":"post_tag","embeddable":true,"href":"https:\/\/lemelville.fr\/accueil\/wp-json\/wp\/v2\/tags?post=3972"},{"taxonomy":"tribe_events_cat","embeddable":true,"href":"https:\/\/lemelville.fr\/accueil\/wp-json\/wp\/v2\/tribe_events_cat?post=3972"}],"curies":[{"name":"wp","href":"https:\/\/api.w.org\/{rel}","templated":true}]}}

<p>Un Quartet de jazz dirigé par le batteur Olivier Robin, inspiré du Hard-Bop avec des compositions originales pleines d&#8217;énergie. Des solistes passionnés et une batterie de premier plan. Un concert vibrant avec Alex Terrier, Albert Bover et Duylinh Nguyen. Énergie, modernité et brillance au rendez-vous !</p>
<p>Un Quartet de haut vol dirigé par le batteur OlivierRobin qui s’inspire avec fougue et élégance des grandes heures du jazz. Du Hard-Bop intemporel et réjouissant aux compositions originales emplies d’une énergie joyeuse et impatiente qui assume une batterie de premier plan au service de solistes engagés. « Musique sincère, brillante et terriblement efficace » (Jazzmagazine),<br />
« Un univers qui s’inscrit dans la tradition d’un jazz moderne » (jazz Hot) « Energie superbe et communicative » (Les Dnj)</p>
<p>Pour ce concert, il sera entouré du saxophoniste Alex Terrier, du pianiste Albert Bover et du Contrebassiste Duylinh Nguyen.</p>
<p>Alexandre Terrier : sax<br />
Albert Bover : piano<br />
Duylinh Nguyen : basse<br />
Olivier Robin : batterie</p>

<p>Un Quartet de jazz dirigé par le batteur Olivier Robin, inspiré du Hard-Bop avec des compositions originales pleines d&#8217;énergie. Des solistes passionnés et une batterie de premier plan. Un concert&hellip; <a class="more-link" href="https://lemelville.fr/accueil/evenements/olivier-robin-quartet/">Poursuivre la lecture <span class="screen-reader-text">Olivier Robin Quartet</span></a></p>

<!-- This site is optimized with the Yoast SEO Premium plugin v24.3 (Yoast SEO v27.1.1) - https://yoast.com/product/yoast-seo-premium-wordpress/ -->
<title>Olivier Robin Quartet - Le Melville</title>
<meta name="robots" content="index, follow, max-snippet:-1, max-image-preview:large, max-video-preview:-1" />
<link rel="canonical" href="https://lemelville.fr/accueil/evenements/olivier-robin-quartet/" />
<meta property="og:locale" content="fr_FR" />
<meta property="og:type" content="article" />
<meta property="og:title" content="Olivier Robin Quartet" />
<meta property="og:description" content="Un Quartet de jazz dirigé par le batteur Olivier Robin, inspiré du Hard-Bop avec des compositions originales pleines d&#8217;énergie. Des solistes passionnés et une batterie de premier plan. Un concert&hellip; Poursuivre la lecture Olivier Robin Quartet" />
<meta property="og:url" content="https://lemelville.fr/accueil/evenements/olivier-robin-quartet/" />
<meta property="og:site_name" content="Le Melville" />
<meta property="article:publisher" content="https://www.facebook.com/people/Le-Melville/100085390055277/" />
<meta property="og:image" content="https://lemelville.fr/wp-content/uploads/2025/02/Olivier-Robin-4tet-Affiche-NF.png" />
	<meta property="og:image:width" content="1280" />
	<meta property="og:image:height" content="800" />
	<meta property="og:image:type" content="image/png" />
<meta name="twitter:card" content="summary_large_image" />
<meta name="twitter:label1" content="Durée de lecture estimée" />
	<meta name="twitter:data1" content="1 minute" />
<script type="application/ld+json" class="yoast-schema-graph">{"@context":"https://schema.org","@graph":[{"@type":"WebPage","@id":"https://lemelville.fr/accueil/evenements/olivier-robin-quartet/","url":"https://lemelville.fr/accueil/evenements/olivier-robin-quartet/","name":"Olivier Robin Quartet - Le Melville","isPartOf":{"@id":"https://lemelville.fr/accueil/#website"},"primaryImageOfPage":{"@id":"https://lemelville.fr/accueil/evenements/olivier-robin-quartet/#primaryimage"},"image":{"@id":"https://lemelville.fr/accueil/evenements/olivier-robin-quartet/#primaryimage"},"thumbnailUrl":"https://lemelville.fr/wp-content/uploads/2025/02/Olivier-Robin-4tet-Affiche-NF.png","datePublished":"2025-02-25T11:42:37+00:00","breadcrumb":{"@id":"https://lemelville.fr/accueil/evenements/olivier-robin-quartet/#breadcrumb"},"inLanguage":"fr-FR","potentialAction":[{"@type":"ReadAction","target":["https://lemelville.fr/accueil/evenements/olivier-robin-quartet/"]}]},{"@type":"ImageObject","inLanguage":"fr-FR","@id":"https://lemelville.fr/accueil/evenements/olivier-robin-quartet/#primaryimage","url":"https://lemelville.fr/wp-content/uploads/2025/02/Olivier-Robin-4tet-Affiche-NF.png","contentUrl":"https://lemelville.fr/wp-content/uploads/2025/02/Olivier-Robin-4tet-Affiche-NF.png","width":1280,"height":800},{"@type":"BreadcrumbList","@id":"https://lemelville.fr/accueil/evenements/olivier-robin-quartet/#breadcrumb","itemListElement":[{"@type":"ListItem","position":1,"name":"Accueil","item":"https://lemelville.fr/accueil/"},{"@type":"ListItem","position":2,"name":"Évènements","item":"https://lemelville.fr/accueil/evenements/"},{"@type":"ListItem","position":3,"name":"Olivier Robin Quartet"}]},{"@type":"WebSite","@id":"https://lemelville.fr/accueil/#website","url":"https://lemelville.fr/accueil/","name":"Le Melville","description":"Le Melville c’est l’éclectisme dans les verres, les assiettes et dans les oreilles. Du Jazz, de la world Music, souvent en live, une carte élégante de mets à picorer et des cocktails sur mesure, le tout dans un écrin de bois et de velours.","publisher":{"@id":"https://lemelville.fr/accueil/#organization"},"potentialAction":[{"@type":"SearchAction","target":{"@type":"EntryPoint","urlTemplate":"https://lemelville.fr/accueil/?s={search_term_string}"},"query-input":{"@type":"PropertyValueSpecification","valueRequired":true,"valueName":"search_term_string"}}],"inLanguage":"fr-FR"},{"@type":"Organization","@id":"https://lemelville.fr/accueil/#organization","name":"Le Melville","url":"https://lemelville.fr/accueil/","logo":{"@type":"ImageObject","inLanguage":"fr-FR","@id":"https://lemelville.fr/accueil/#/schema/logo/image/","url":"https://lemelville.fr/wp-content/uploads/2023/09/Logo-transparent-1-e1720022580951.png","contentUrl":"https://lemelville.fr/wp-content/uploads/2023/09/Logo-transparent-1-e1720022580951.png","width":2000,"height":656,"caption":"Le Melville"},"image":{"@id":"https://lemelville.fr/accueil/#/schema/logo/image/"},"sameAs":["https://www.facebook.com/people/Le-Melville/100085390055277/","https://www.instagram.com/lemelville_paris/"]}]}</script>
<!-- / Yoast SEO Premium plugin. -->

Un Quartet de jazz dirigé par le batteur Olivier Robin, inspiré du Hard-Bop avec des compositions originales pleines d&#8217;énergie. Des solistes passionnés et une batterie de premier plan. Un concert&hellip; Poursuivre la lecture Olivier Robin Quartet

Évènements

Le Melville c’est l’éclectisme dans les verres, les assiettes et dans les oreilles. Du Jazz, de la world Music, souvent en live, une carte élégante de mets à picorer et des cocktails sur mesure, le tout dans un écrin de bois et de velours.
