{"id":3977,"date":"2025-02-27T09:45:51","date_gmt":"2025-02-27T08:45:51","guid":{"rendered":"https:\/\/lemelville.fr\/evenements\/gassin-sabato-couto-trio\/"},"modified":"2025-02-27T09:45:51","modified_gmt":"2025-02-27T08:45:51","slug":"gassin-sabato-couto-trio","status":"publish","type":"tribe_events","link":"https:\/\/lemelville.fr\/accueil\/evenements\/gassin-sabato-couto-trio\/","title":{"rendered":"Gassin Sabato Couto Trio"},"content":{"rendered":"<p>Ce trio fusionne brillamment ces influences pour cr\u00e9er une musique envo\u00fbtante, \u00e9l\u00e9gante et pleine de virtuosit\u00e9.<\/p>\n<p>Le trio musical du pianiste Daniel Gassin, du bassiste Nicola Sabato et du batteur Miguel Couto m\u00e8ne une recherche passionnante sur les rythmes \u00e0 l&#8217;origine du jazz et des rythmes br\u00e9siliens. Leur musique fusionne avec \u00e9l\u00e9gance et virtuosit\u00e9 ces influences pour cr\u00e9er un son unique et captivant. <\/p>\n<p>Daniel Gassin : piano<br \/>\nNicola Sabato : contrebasse<br \/>\nMiguel Brigido Brandao Couto : batterie<\/p>\n","protected":false},"excerpt":{"rendered":"<p>Ce trio fusionne brillamment ces influences pour cr\u00e9er une musique envo\u00fbtante, \u00e9l\u00e9gante et pleine de virtuosit\u00e9. Le trio musical du pianiste Daniel Gassin, du bassiste Nicola Sabato et du batteur&hellip; <a class=\"more-link\" href=\"https:\/\/lemelville.fr\/accueil\/evenements\/gassin-sabato-couto-trio\/\">Poursuivre la lecture <span class=\"screen-reader-text\">Gassin Sabato Couto Trio<\/span><\/a><\/p>\n","protected":false},"author":3,"featured_media":3976,"template":"","meta":{"_tribe_events_status":"","_tribe_events_status_reason":"","_tribe_events_is_hybrid":"","_tribe_events_is_virtual":"","_tribe_events_virtual_video_source":"","_tribe_events_virtual_embed_video":"","_tribe_events_virtual_linked_button_text":"","_tribe_events_virtual_linked_button":"","_tribe_events_virtual_show_embed_at":"","_tribe_events_virtual_show_embed_to":[],"_tribe_events_virtual_show_on_event":"","_tribe_events_virtual_show_on_views":"","_tribe_events_virtual_url":"","footnotes":""},"tags":[],"tribe_events_cat":[88,139],"class_list":["post-3977","tribe_events","type-tribe_events","status-publish","has-post-thumbnail","hentry","tribe_events_cat-jazz-standard","tribe_events_cat-latin-jazz","cat_jazz-standard","cat_latin-jazz","entry"],"yoast_head":"<!-- This site is optimized with the Yoast SEO Premium plugin v24.3 (Yoast SEO v27.1.1) - https:\/\/yoast.com\/product\/yoast-seo-premium-wordpress\/ -->\n<title>Gassin Sabato Couto Trio - Le Melville<\/title>\n<meta name=\"robots\" content=\"index, follow, max-snippet:-1, max-image-preview:large, max-video-preview:-1\" \/>\n<link rel=\"canonical\" href=\"https:\/\/lemelville.fr\/accueil\/evenements\/gassin-sabato-couto-trio\/\" \/>\n<meta property=\"og:locale\" content=\"fr_FR\" \/>\n<meta property=\"og:type\" content=\"article\" \/>\n<meta property=\"og:title\" content=\"Gassin Sabato Couto Trio\" \/>\n<meta property=\"og:description\" content=\"Ce trio fusionne brillamment ces influences pour cr\u00e9er une musique envo\u00fbtante, \u00e9l\u00e9gante et pleine de virtuosit\u00e9. Le trio musical du pianiste Daniel Gassin, du bassiste Nicola Sabato et du batteur&hellip; Poursuivre la lecture Gassin Sabato Couto Trio\" \/>\n<meta property=\"og:url\" content=\"https:\/\/lemelville.fr\/accueil\/evenements\/gassin-sabato-couto-trio\/\" \/>\n<meta property=\"og:site_name\" content=\"Le Melville\" \/>\n<meta property=\"article:publisher\" content=\"https:\/\/www.facebook.com\/people\/Le-Melville\/100085390055277\/\" \/>\n<meta property=\"og:image\" content=\"http:\/\/lemelville.fr\/wp-content\/uploads\/2025\/02\/GSC-Trio-Affiche-NV.png\" \/>\n\t<meta property=\"og:image:width\" content=\"1529\" \/>\n\t<meta property=\"og:image:height\" content=\"1081\" \/>\n\t<meta property=\"og:image:type\" content=\"image\/png\" \/>\n<meta name=\"twitter:card\" content=\"summary_large_image\" \/>\n<script type=\"application\/ld+json\" class=\"yoast-schema-graph\">{\"@context\":\"https:\/\/schema.org\",\"@graph\":[{\"@type\":\"WebPage\",\"@id\":\"https:\/\/lemelville.fr\/accueil\/evenements\/gassin-sabato-couto-trio\/\",\"url\":\"https:\/\/lemelville.fr\/accueil\/evenements\/gassin-sabato-couto-trio\/\",\"name\":\"Gassin Sabato Couto Trio - Le Melville\",\"isPartOf\":{\"@id\":\"https:\/\/lemelville.fr\/accueil\/#website\"},\"primaryImageOfPage\":{\"@id\":\"https:\/\/lemelville.fr\/accueil\/evenements\/gassin-sabato-couto-trio\/#primaryimage\"},\"image\":{\"@id\":\"https:\/\/lemelville.fr\/accueil\/evenements\/gassin-sabato-couto-trio\/#primaryimage\"},\"thumbnailUrl\":\"https:\/\/lemelville.fr\/wp-content\/uploads\/2025\/02\/GSC-Trio-Affiche-NV.png\",\"datePublished\":\"2025-02-27T08:45:51+00:00\",\"breadcrumb\":{\"@id\":\"https:\/\/lemelville.fr\/accueil\/evenements\/gassin-sabato-couto-trio\/#breadcrumb\"},\"inLanguage\":\"fr-FR\",\"potentialAction\":[{\"@type\":\"ReadAction\",\"target\":[\"https:\/\/lemelville.fr\/accueil\/evenements\/gassin-sabato-couto-trio\/\"]}]},{\"@type\":\"ImageObject\",\"inLanguage\":\"fr-FR\",\"@id\":\"https:\/\/lemelville.fr\/accueil\/evenements\/gassin-sabato-couto-trio\/#primaryimage\",\"url\":\"https:\/\/lemelville.fr\/wp-content\/uploads\/2025\/02\/GSC-Trio-Affiche-NV.png\",\"contentUrl\":\"https:\/\/lemelville.fr\/wp-content\/uploads\/2025\/02\/GSC-Trio-Affiche-NV.png\",\"width\":1529,\"height\":1081},{\"@type\":\"BreadcrumbList\",\"@id\":\"https:\/\/lemelville.fr\/accueil\/evenements\/gassin-sabato-couto-trio\/#breadcrumb\",\"itemListElement\":[{\"@type\":\"ListItem\",\"position\":1,\"name\":\"Accueil\",\"item\":\"https:\/\/lemelville.fr\/accueil\/\"},{\"@type\":\"ListItem\",\"position\":2,\"name\":\"\u00c9v\u00e8nements\",\"item\":\"https:\/\/lemelville.fr\/accueil\/evenements\/\"},{\"@type\":\"ListItem\",\"position\":3,\"name\":\"Gassin Sabato Couto Trio\"}]},{\"@type\":\"WebSite\",\"@id\":\"https:\/\/lemelville.fr\/accueil\/#website\",\"url\":\"https:\/\/lemelville.fr\/accueil\/\",\"name\":\"Le Melville\",\"description\":\"Le Melville c\u2019est l\u2019\u00e9clectisme dans les verres, les assiettes et dans les oreilles. Du Jazz, de la world Music, souvent en live, une carte \u00e9l\u00e9gante de mets \u00e0 picorer et des cocktails sur mesure, le tout dans un \u00e9crin de bois et de velours.\",\"publisher\":{\"@id\":\"https:\/\/lemelville.fr\/accueil\/#organization\"},\"potentialAction\":[{\"@type\":\"SearchAction\",\"target\":{\"@type\":\"EntryPoint\",\"urlTemplate\":\"https:\/\/lemelville.fr\/accueil\/?s={search_term_string}\"},\"query-input\":{\"@type\":\"PropertyValueSpecification\",\"valueRequired\":true,\"valueName\":\"search_term_string\"}}],\"inLanguage\":\"fr-FR\"},{\"@type\":\"Organization\",\"@id\":\"https:\/\/lemelville.fr\/accueil\/#organization\",\"name\":\"Le Melville\",\"url\":\"https:\/\/lemelville.fr\/accueil\/\",\"logo\":{\"@type\":\"ImageObject\",\"inLanguage\":\"fr-FR\",\"@id\":\"https:\/\/lemelville.fr\/accueil\/#\/schema\/logo\/image\/\",\"url\":\"https:\/\/lemelville.fr\/wp-content\/uploads\/2023\/09\/Logo-transparent-1-e1720022580951.png\",\"contentUrl\":\"https:\/\/lemelville.fr\/wp-content\/uploads\/2023\/09\/Logo-transparent-1-e1720022580951.png\",\"width\":2000,\"height\":656,\"caption\":\"Le Melville\"},\"image\":{\"@id\":\"https:\/\/lemelville.fr\/accueil\/#\/schema\/logo\/image\/\"},\"sameAs\":[\"https:\/\/www.facebook.com\/people\/Le-Melville\/100085390055277\/\",\"https:\/\/www.instagram.com\/lemelville_paris\/\"]}]}<\/script>\n<!-- \/ Yoast SEO Premium plugin. -->","yoast_head_json":{"title":"Gassin Sabato Couto Trio - Le Melville","robots":{"index":"index","follow":"follow","max-snippet":"max-snippet:-1","max-image-preview":"max-image-preview:large","max-video-preview":"max-video-preview:-1"},"canonical":"https:\/\/lemelville.fr\/accueil\/evenements\/gassin-sabato-couto-trio\/","og_locale":"fr_FR","og_type":"article","og_title":"Gassin Sabato Couto Trio","og_description":"Ce trio fusionne brillamment ces influences pour cr\u00e9er une musique envo\u00fbtante, \u00e9l\u00e9gante et pleine de virtuosit\u00e9. Le trio musical du pianiste Daniel Gassin, du bassiste Nicola Sabato et du batteur&hellip; Poursuivre la lecture Gassin Sabato Couto Trio","og_url":"https:\/\/lemelville.fr\/accueil\/evenements\/gassin-sabato-couto-trio\/","og_site_name":"Le Melville","article_publisher":"https:\/\/www.facebook.com\/people\/Le-Melville\/100085390055277\/","og_image":[{"width":1529,"height":1081,"url":"http:\/\/lemelville.fr\/wp-content\/uploads\/2025\/02\/GSC-Trio-Affiche-NV.png","type":"image\/png"}],"twitter_card":"summary_large_image","schema":{"@context":"https:\/\/schema.org","@graph":[{"@type":"WebPage","@id":"https:\/\/lemelville.fr\/accueil\/evenements\/gassin-sabato-couto-trio\/","url":"https:\/\/lemelville.fr\/accueil\/evenements\/gassin-sabato-couto-trio\/","name":"Gassin Sabato Couto Trio - Le Melville","isPartOf":{"@id":"https:\/\/lemelville.fr\/accueil\/#website"},"primaryImageOfPage":{"@id":"https:\/\/lemelville.fr\/accueil\/evenements\/gassin-sabato-couto-trio\/#primaryimage"},"image":{"@id":"https:\/\/lemelville.fr\/accueil\/evenements\/gassin-sabato-couto-trio\/#primaryimage"},"thumbnailUrl":"https:\/\/lemelville.fr\/wp-content\/uploads\/2025\/02\/GSC-Trio-Affiche-NV.png","datePublished":"2025-02-27T08:45:51+00:00","breadcrumb":{"@id":"https:\/\/lemelville.fr\/accueil\/evenements\/gassin-sabato-couto-trio\/#breadcrumb"},"inLanguage":"fr-FR","potentialAction":[{"@type":"ReadAction","target":["https:\/\/lemelville.fr\/accueil\/evenements\/gassin-sabato-couto-trio\/"]}]},{"@type":"ImageObject","inLanguage":"fr-FR","@id":"https:\/\/lemelville.fr\/accueil\/evenements\/gassin-sabato-couto-trio\/#primaryimage","url":"https:\/\/lemelville.fr\/wp-content\/uploads\/2025\/02\/GSC-Trio-Affiche-NV.png","contentUrl":"https:\/\/lemelville.fr\/wp-content\/uploads\/2025\/02\/GSC-Trio-Affiche-NV.png","width":1529,"height":1081},{"@type":"BreadcrumbList","@id":"https:\/\/lemelville.fr\/accueil\/evenements\/gassin-sabato-couto-trio\/#breadcrumb","itemListElement":[{"@type":"ListItem","position":1,"name":"Accueil","item":"https:\/\/lemelville.fr\/accueil\/"},{"@type":"ListItem","position":2,"name":"\u00c9v\u00e8nements","item":"https:\/\/lemelville.fr\/accueil\/evenements\/"},{"@type":"ListItem","position":3,"name":"Gassin Sabato Couto Trio"}]},{"@type":"WebSite","@id":"https:\/\/lemelville.fr\/accueil\/#website","url":"https:\/\/lemelville.fr\/accueil\/","name":"Le Melville","description":"Le Melville c\u2019est l\u2019\u00e9clectisme dans les verres, les assiettes et dans les oreilles. Du Jazz, de la world Music, souvent en live, une carte \u00e9l\u00e9gante de mets \u00e0 picorer et des cocktails sur mesure, le tout dans un \u00e9crin de bois et de velours.","publisher":{"@id":"https:\/\/lemelville.fr\/accueil\/#organization"},"potentialAction":[{"@type":"SearchAction","target":{"@type":"EntryPoint","urlTemplate":"https:\/\/lemelville.fr\/accueil\/?s={search_term_string}"},"query-input":{"@type":"PropertyValueSpecification","valueRequired":true,"valueName":"search_term_string"}}],"inLanguage":"fr-FR"},{"@type":"Organization","@id":"https:\/\/lemelville.fr\/accueil\/#organization","name":"Le Melville","url":"https:\/\/lemelville.fr\/accueil\/","logo":{"@type":"ImageObject","inLanguage":"fr-FR","@id":"https:\/\/lemelville.fr\/accueil\/#\/schema\/logo\/image\/","url":"https:\/\/lemelville.fr\/wp-content\/uploads\/2023\/09\/Logo-transparent-1-e1720022580951.png","contentUrl":"https:\/\/lemelville.fr\/wp-content\/uploads\/2023\/09\/Logo-transparent-1-e1720022580951.png","width":2000,"height":656,"caption":"Le Melville"},"image":{"@id":"https:\/\/lemelville.fr\/accueil\/#\/schema\/logo\/image\/"},"sameAs":["https:\/\/www.facebook.com\/people\/Le-Melville\/100085390055277\/","https:\/\/www.instagram.com\/lemelville_paris\/"]}]}},"_links":{"self":[{"href":"https:\/\/lemelville.fr\/accueil\/wp-json\/wp\/v2\/tribe_events\/3977","targetHints":{"allow":["GET"]}}],"collection":[{"href":"https:\/\/lemelville.fr\/accueil\/wp-json\/wp\/v2\/tribe_events"}],"about":[{"href":"https:\/\/lemelville.fr\/accueil\/wp-json\/wp\/v2\/types\/tribe_events"}],"author":[{"embeddable":true,"href":"https:\/\/lemelville.fr\/accueil\/wp-json\/wp\/v2\/users\/3"}],"version-history":[{"count":0,"href":"https:\/\/lemelville.fr\/accueil\/wp-json\/wp\/v2\/tribe_events\/3977\/revisions"}],"wp:featuredmedia":[{"embeddable":true,"href":"https:\/\/lemelville.fr\/accueil\/wp-json\/wp\/v2\/media\/3976"}],"wp:attachment":[{"href":"https:\/\/lemelville.fr\/accueil\/wp-json\/wp\/v2\/media?parent=3977"}],"wp:term":[{"taxonomy":"post_tag","embeddable":true,"href":"https:\/\/lemelville.fr\/accueil\/wp-json\/wp\/v2\/tags?post=3977"},{"taxonomy":"tribe_events_cat","embeddable":true,"href":"https:\/\/lemelville.fr\/accueil\/wp-json\/wp\/v2\/tribe_events_cat?post=3977"}],"curies":[{"name":"wp","href":"https:\/\/api.w.org\/{rel}","templated":true}]}}

<p>Ce trio fusionne brillamment ces influences pour créer une musique envoûtante, élégante et pleine de virtuosité.</p>
<p>Le trio musical du pianiste Daniel Gassin, du bassiste Nicola Sabato et du batteur Miguel Couto mène une recherche passionnante sur les rythmes à l&#8217;origine du jazz et des rythmes brésiliens. Leur musique fusionne avec élégance et virtuosité ces influences pour créer un son unique et captivant. </p>
<p>Daniel Gassin : piano<br />
Nicola Sabato : contrebasse<br />
Miguel Brigido Brandao Couto : batterie</p>

<p>Ce trio fusionne brillamment ces influences pour créer une musique envoûtante, élégante et pleine de virtuosité. Le trio musical du pianiste Daniel Gassin, du bassiste Nicola Sabato et du batteur&hellip; <a class="more-link" href="https://lemelville.fr/accueil/evenements/gassin-sabato-couto-trio/">Poursuivre la lecture <span class="screen-reader-text">Gassin Sabato Couto Trio</span></a></p>

<!-- This site is optimized with the Yoast SEO Premium plugin v24.3 (Yoast SEO v27.1.1) - https://yoast.com/product/yoast-seo-premium-wordpress/ -->
<title>Gassin Sabato Couto Trio - Le Melville</title>
<meta name="robots" content="index, follow, max-snippet:-1, max-image-preview:large, max-video-preview:-1" />
<link rel="canonical" href="https://lemelville.fr/accueil/evenements/gassin-sabato-couto-trio/" />
<meta property="og:locale" content="fr_FR" />
<meta property="og:type" content="article" />
<meta property="og:title" content="Gassin Sabato Couto Trio" />
<meta property="og:description" content="Ce trio fusionne brillamment ces influences pour créer une musique envoûtante, élégante et pleine de virtuosité. Le trio musical du pianiste Daniel Gassin, du bassiste Nicola Sabato et du batteur&hellip; Poursuivre la lecture Gassin Sabato Couto Trio" />
<meta property="og:url" content="https://lemelville.fr/accueil/evenements/gassin-sabato-couto-trio/" />
<meta property="og:site_name" content="Le Melville" />
<meta property="article:publisher" content="https://www.facebook.com/people/Le-Melville/100085390055277/" />
<meta property="og:image" content="http://lemelville.fr/wp-content/uploads/2025/02/GSC-Trio-Affiche-NV.png" />
	<meta property="og:image:width" content="1529" />
	<meta property="og:image:height" content="1081" />
	<meta property="og:image:type" content="image/png" />
<meta name="twitter:card" content="summary_large_image" />
<script type="application/ld+json" class="yoast-schema-graph">{"@context":"https://schema.org","@graph":[{"@type":"WebPage","@id":"https://lemelville.fr/accueil/evenements/gassin-sabato-couto-trio/","url":"https://lemelville.fr/accueil/evenements/gassin-sabato-couto-trio/","name":"Gassin Sabato Couto Trio - Le Melville","isPartOf":{"@id":"https://lemelville.fr/accueil/#website"},"primaryImageOfPage":{"@id":"https://lemelville.fr/accueil/evenements/gassin-sabato-couto-trio/#primaryimage"},"image":{"@id":"https://lemelville.fr/accueil/evenements/gassin-sabato-couto-trio/#primaryimage"},"thumbnailUrl":"https://lemelville.fr/wp-content/uploads/2025/02/GSC-Trio-Affiche-NV.png","datePublished":"2025-02-27T08:45:51+00:00","breadcrumb":{"@id":"https://lemelville.fr/accueil/evenements/gassin-sabato-couto-trio/#breadcrumb"},"inLanguage":"fr-FR","potentialAction":[{"@type":"ReadAction","target":["https://lemelville.fr/accueil/evenements/gassin-sabato-couto-trio/"]}]},{"@type":"ImageObject","inLanguage":"fr-FR","@id":"https://lemelville.fr/accueil/evenements/gassin-sabato-couto-trio/#primaryimage","url":"https://lemelville.fr/wp-content/uploads/2025/02/GSC-Trio-Affiche-NV.png","contentUrl":"https://lemelville.fr/wp-content/uploads/2025/02/GSC-Trio-Affiche-NV.png","width":1529,"height":1081},{"@type":"BreadcrumbList","@id":"https://lemelville.fr/accueil/evenements/gassin-sabato-couto-trio/#breadcrumb","itemListElement":[{"@type":"ListItem","position":1,"name":"Accueil","item":"https://lemelville.fr/accueil/"},{"@type":"ListItem","position":2,"name":"Évènements","item":"https://lemelville.fr/accueil/evenements/"},{"@type":"ListItem","position":3,"name":"Gassin Sabato Couto Trio"}]},{"@type":"WebSite","@id":"https://lemelville.fr/accueil/#website","url":"https://lemelville.fr/accueil/","name":"Le Melville","description":"Le Melville c’est l’éclectisme dans les verres, les assiettes et dans les oreilles. Du Jazz, de la world Music, souvent en live, une carte élégante de mets à picorer et des cocktails sur mesure, le tout dans un écrin de bois et de velours.","publisher":{"@id":"https://lemelville.fr/accueil/#organization"},"potentialAction":[{"@type":"SearchAction","target":{"@type":"EntryPoint","urlTemplate":"https://lemelville.fr/accueil/?s={search_term_string}"},"query-input":{"@type":"PropertyValueSpecification","valueRequired":true,"valueName":"search_term_string"}}],"inLanguage":"fr-FR"},{"@type":"Organization","@id":"https://lemelville.fr/accueil/#organization","name":"Le Melville","url":"https://lemelville.fr/accueil/","logo":{"@type":"ImageObject","inLanguage":"fr-FR","@id":"https://lemelville.fr/accueil/#/schema/logo/image/","url":"https://lemelville.fr/wp-content/uploads/2023/09/Logo-transparent-1-e1720022580951.png","contentUrl":"https://lemelville.fr/wp-content/uploads/2023/09/Logo-transparent-1-e1720022580951.png","width":2000,"height":656,"caption":"Le Melville"},"image":{"@id":"https://lemelville.fr/accueil/#/schema/logo/image/"},"sameAs":["https://www.facebook.com/people/Le-Melville/100085390055277/","https://www.instagram.com/lemelville_paris/"]}]}</script>
<!-- / Yoast SEO Premium plugin. -->

Ce trio fusionne brillamment ces influences pour créer une musique envoûtante, élégante et pleine de virtuosité. Le trio musical du pianiste Daniel Gassin, du bassiste Nicola Sabato et du batteur&hellip; Poursuivre la lecture Gassin Sabato Couto Trio

Évènements

Le Melville c’est l’éclectisme dans les verres, les assiettes et dans les oreilles. Du Jazz, de la world Music, souvent en live, une carte élégante de mets à picorer et des cocktails sur mesure, le tout dans un écrin de bois et de velours.
