{"id":3992,"date":"2025-02-27T13:18:23","date_gmt":"2025-02-27T12:18:23","guid":{"rendered":"https:\/\/lemelville.fr\/evenements\/paul-carr-project-4tet\/"},"modified":"2025-02-27T13:18:23","modified_gmt":"2025-02-27T12:18:23","slug":"paul-carr-project-4tet","status":"publish","type":"tribe_events","link":"https:\/\/lemelville.fr\/accueil\/evenements\/paul-carr-project-4tet\/","title":{"rendered":"Paul Carr Project 4tet"},"content":{"rendered":"<p>Paul Carr, musicien de renom, cumule les succ\u00e8s avec 10 enregistrements au top du classement Jazz Week. Son dernier opus, le Paul Carr Legacy Quartet, promet un festival musical avec des pointures comme Buster Williams et Lewis Nash. De la Maison-Blanche \u00e0 la Jordanie, ses performances enflamment le monde entier. <\/p>\n<p>Paul a publi\u00e9 10 enregistrements, dont plusieurs ont atteint le top 10 du classement de Jazz Week. Son enregistrement le plus r\u00e9cent est le Paul Carr Legacy Quartet, avec le grand bassiste Buster Williams, le pianiste Bruce Barth et le c\u00e9l\u00e8bre batteur Lewis Nash. Paul Carr s&#8217;est produit dans le monde entier, notamment en Am\u00e9rique du Sud, en Europe et au Moyen-Orient. Il a eu le grand honneur de se produire lors de nombreux \u00e9v\u00e9nements priv\u00e9s organis\u00e9s par le pr\u00e9sident Clinton et pour feu le roi Hussein et la reine Noir de Jordanie dans leur r\u00e9sidence d&#8217;Aqaba, en Jordanie. Il dirige cinq formations : le Paul Carr Quartet, qui pr\u00e9sente les enregistrements de jazz traditionnel de Paul ; le Paul Carr Legacy Quartet, qui r\u00e9unit des musiciens de renom qu&#8217;il admire ; le Paul Carr Collective, dans lequel Paul collabore avec divers musiciens pour pr\u00e9senter des compositions originales et des reprises arrang\u00e9es par les membres ; le Carr-Keys, une collaboration entre Paul Carr et Marshall Keys, qui fusionne les styles de jazz traditionnel et contemporain afin de permettre au public de mieux appr\u00e9cier les deux styles ; et enfin le Mid-Atlantic Jazz Orchestra, qui c\u00e9l\u00e8bre le big band. <\/p>\n<p>Paul Carr : sax<br \/>\nGautier Montegu  : piano<\/p>\n","protected":false},"excerpt":{"rendered":"<p>Paul Carr, musicien de renom, cumule les succ\u00e8s avec 10 enregistrements au top du classement Jazz Week. Son dernier opus, le Paul Carr Legacy Quartet, promet un festival musical avec&hellip; <a class=\"more-link\" href=\"https:\/\/lemelville.fr\/accueil\/evenements\/paul-carr-project-4tet\/\">Poursuivre la lecture <span class=\"screen-reader-text\">Paul Carr Project 4tet<\/span><\/a><\/p>\n","protected":false},"author":3,"featured_media":3991,"template":"","meta":{"_tribe_events_status":"","_tribe_events_status_reason":"","_tribe_events_is_hybrid":"","_tribe_events_is_virtual":"","_tribe_events_virtual_video_source":"","_tribe_events_virtual_embed_video":"","_tribe_events_virtual_linked_button_text":"","_tribe_events_virtual_linked_button":"","_tribe_events_virtual_show_embed_at":"","_tribe_events_virtual_show_embed_to":[],"_tribe_events_virtual_show_on_event":"","_tribe_events_virtual_show_on_views":"","_tribe_events_virtual_url":"","footnotes":""},"tags":[],"tribe_events_cat":[88,139],"class_list":["post-3992","tribe_events","type-tribe_events","status-publish","has-post-thumbnail","hentry","tribe_events_cat-jazz-standard","tribe_events_cat-latin-jazz","cat_jazz-standard","cat_latin-jazz","entry"],"yoast_head":"<!-- This site is optimized with the Yoast SEO Premium plugin v24.3 (Yoast SEO v27.1.1) - https:\/\/yoast.com\/product\/yoast-seo-premium-wordpress\/ -->\n<title>Paul Carr Project 4tet - Le Melville<\/title>\n<meta name=\"robots\" content=\"index, follow, max-snippet:-1, max-image-preview:large, max-video-preview:-1\" \/>\n<link rel=\"canonical\" href=\"https:\/\/lemelville.fr\/accueil\/evenements\/paul-carr-project-4tet\/\" \/>\n<meta property=\"og:locale\" content=\"fr_FR\" \/>\n<meta property=\"og:type\" content=\"article\" \/>\n<meta property=\"og:title\" content=\"Paul Carr Project 4tet\" \/>\n<meta property=\"og:description\" content=\"Paul Carr, musicien de renom, cumule les succ\u00e8s avec 10 enregistrements au top du classement Jazz Week. Son dernier opus, le Paul Carr Legacy Quartet, promet un festival musical avec&hellip; Poursuivre la lecture Paul Carr Project 4tet\" \/>\n<meta property=\"og:url\" content=\"https:\/\/lemelville.fr\/accueil\/evenements\/paul-carr-project-4tet\/\" \/>\n<meta property=\"og:site_name\" content=\"Le Melville\" \/>\n<meta property=\"article:publisher\" content=\"https:\/\/www.facebook.com\/people\/Le-Melville\/100085390055277\/\" \/>\n<meta property=\"og:image\" content=\"http:\/\/lemelville.fr\/wp-content\/uploads\/2025\/02\/Paul-Carr-Project-Affiche-NF.png\" \/>\n\t<meta property=\"og:image:width\" content=\"1280\" \/>\n\t<meta property=\"og:image:height\" content=\"800\" \/>\n\t<meta property=\"og:image:type\" content=\"image\/png\" \/>\n<meta name=\"twitter:card\" content=\"summary_large_image\" \/>\n<meta name=\"twitter:label1\" content=\"Dur\u00e9e de lecture estim\u00e9e\" \/>\n\t<meta name=\"twitter:data1\" content=\"1 minute\" \/>\n<script type=\"application\/ld+json\" class=\"yoast-schema-graph\">{\"@context\":\"https:\/\/schema.org\",\"@graph\":[{\"@type\":\"WebPage\",\"@id\":\"https:\/\/lemelville.fr\/accueil\/evenements\/paul-carr-project-4tet\/\",\"url\":\"https:\/\/lemelville.fr\/accueil\/evenements\/paul-carr-project-4tet\/\",\"name\":\"Paul Carr Project 4tet - Le Melville\",\"isPartOf\":{\"@id\":\"https:\/\/lemelville.fr\/accueil\/#website\"},\"primaryImageOfPage\":{\"@id\":\"https:\/\/lemelville.fr\/accueil\/evenements\/paul-carr-project-4tet\/#primaryimage\"},\"image\":{\"@id\":\"https:\/\/lemelville.fr\/accueil\/evenements\/paul-carr-project-4tet\/#primaryimage\"},\"thumbnailUrl\":\"https:\/\/lemelville.fr\/wp-content\/uploads\/2025\/02\/Paul-Carr-Project-Affiche-NF.png\",\"datePublished\":\"2025-02-27T12:18:23+00:00\",\"breadcrumb\":{\"@id\":\"https:\/\/lemelville.fr\/accueil\/evenements\/paul-carr-project-4tet\/#breadcrumb\"},\"inLanguage\":\"fr-FR\",\"potentialAction\":[{\"@type\":\"ReadAction\",\"target\":[\"https:\/\/lemelville.fr\/accueil\/evenements\/paul-carr-project-4tet\/\"]}]},{\"@type\":\"ImageObject\",\"inLanguage\":\"fr-FR\",\"@id\":\"https:\/\/lemelville.fr\/accueil\/evenements\/paul-carr-project-4tet\/#primaryimage\",\"url\":\"https:\/\/lemelville.fr\/wp-content\/uploads\/2025\/02\/Paul-Carr-Project-Affiche-NF.png\",\"contentUrl\":\"https:\/\/lemelville.fr\/wp-content\/uploads\/2025\/02\/Paul-Carr-Project-Affiche-NF.png\",\"width\":1280,\"height\":800},{\"@type\":\"BreadcrumbList\",\"@id\":\"https:\/\/lemelville.fr\/accueil\/evenements\/paul-carr-project-4tet\/#breadcrumb\",\"itemListElement\":[{\"@type\":\"ListItem\",\"position\":1,\"name\":\"Accueil\",\"item\":\"https:\/\/lemelville.fr\/accueil\/\"},{\"@type\":\"ListItem\",\"position\":2,\"name\":\"\u00c9v\u00e8nements\",\"item\":\"https:\/\/lemelville.fr\/accueil\/evenements\/\"},{\"@type\":\"ListItem\",\"position\":3,\"name\":\"Paul Carr Project 4tet\"}]},{\"@type\":\"WebSite\",\"@id\":\"https:\/\/lemelville.fr\/accueil\/#website\",\"url\":\"https:\/\/lemelville.fr\/accueil\/\",\"name\":\"Le Melville\",\"description\":\"Le Melville c\u2019est l\u2019\u00e9clectisme dans les verres, les assiettes et dans les oreilles. Du Jazz, de la world Music, souvent en live, une carte \u00e9l\u00e9gante de mets \u00e0 picorer et des cocktails sur mesure, le tout dans un \u00e9crin de bois et de velours.\",\"publisher\":{\"@id\":\"https:\/\/lemelville.fr\/accueil\/#organization\"},\"potentialAction\":[{\"@type\":\"SearchAction\",\"target\":{\"@type\":\"EntryPoint\",\"urlTemplate\":\"https:\/\/lemelville.fr\/accueil\/?s={search_term_string}\"},\"query-input\":{\"@type\":\"PropertyValueSpecification\",\"valueRequired\":true,\"valueName\":\"search_term_string\"}}],\"inLanguage\":\"fr-FR\"},{\"@type\":\"Organization\",\"@id\":\"https:\/\/lemelville.fr\/accueil\/#organization\",\"name\":\"Le Melville\",\"url\":\"https:\/\/lemelville.fr\/accueil\/\",\"logo\":{\"@type\":\"ImageObject\",\"inLanguage\":\"fr-FR\",\"@id\":\"https:\/\/lemelville.fr\/accueil\/#\/schema\/logo\/image\/\",\"url\":\"https:\/\/lemelville.fr\/wp-content\/uploads\/2023\/09\/Logo-transparent-1-e1720022580951.png\",\"contentUrl\":\"https:\/\/lemelville.fr\/wp-content\/uploads\/2023\/09\/Logo-transparent-1-e1720022580951.png\",\"width\":2000,\"height\":656,\"caption\":\"Le Melville\"},\"image\":{\"@id\":\"https:\/\/lemelville.fr\/accueil\/#\/schema\/logo\/image\/\"},\"sameAs\":[\"https:\/\/www.facebook.com\/people\/Le-Melville\/100085390055277\/\",\"https:\/\/www.instagram.com\/lemelville_paris\/\"]}]}<\/script>\n<!-- \/ Yoast SEO Premium plugin. -->","yoast_head_json":{"title":"Paul Carr Project 4tet - Le Melville","robots":{"index":"index","follow":"follow","max-snippet":"max-snippet:-1","max-image-preview":"max-image-preview:large","max-video-preview":"max-video-preview:-1"},"canonical":"https:\/\/lemelville.fr\/accueil\/evenements\/paul-carr-project-4tet\/","og_locale":"fr_FR","og_type":"article","og_title":"Paul Carr Project 4tet","og_description":"Paul Carr, musicien de renom, cumule les succ\u00e8s avec 10 enregistrements au top du classement Jazz Week. Son dernier opus, le Paul Carr Legacy Quartet, promet un festival musical avec&hellip; Poursuivre la lecture Paul Carr Project 4tet","og_url":"https:\/\/lemelville.fr\/accueil\/evenements\/paul-carr-project-4tet\/","og_site_name":"Le Melville","article_publisher":"https:\/\/www.facebook.com\/people\/Le-Melville\/100085390055277\/","og_image":[{"width":1280,"height":800,"url":"http:\/\/lemelville.fr\/wp-content\/uploads\/2025\/02\/Paul-Carr-Project-Affiche-NF.png","type":"image\/png"}],"twitter_card":"summary_large_image","twitter_misc":{"Dur\u00e9e de lecture estim\u00e9e":"1 minute"},"schema":{"@context":"https:\/\/schema.org","@graph":[{"@type":"WebPage","@id":"https:\/\/lemelville.fr\/accueil\/evenements\/paul-carr-project-4tet\/","url":"https:\/\/lemelville.fr\/accueil\/evenements\/paul-carr-project-4tet\/","name":"Paul Carr Project 4tet - Le Melville","isPartOf":{"@id":"https:\/\/lemelville.fr\/accueil\/#website"},"primaryImageOfPage":{"@id":"https:\/\/lemelville.fr\/accueil\/evenements\/paul-carr-project-4tet\/#primaryimage"},"image":{"@id":"https:\/\/lemelville.fr\/accueil\/evenements\/paul-carr-project-4tet\/#primaryimage"},"thumbnailUrl":"https:\/\/lemelville.fr\/wp-content\/uploads\/2025\/02\/Paul-Carr-Project-Affiche-NF.png","datePublished":"2025-02-27T12:18:23+00:00","breadcrumb":{"@id":"https:\/\/lemelville.fr\/accueil\/evenements\/paul-carr-project-4tet\/#breadcrumb"},"inLanguage":"fr-FR","potentialAction":[{"@type":"ReadAction","target":["https:\/\/lemelville.fr\/accueil\/evenements\/paul-carr-project-4tet\/"]}]},{"@type":"ImageObject","inLanguage":"fr-FR","@id":"https:\/\/lemelville.fr\/accueil\/evenements\/paul-carr-project-4tet\/#primaryimage","url":"https:\/\/lemelville.fr\/wp-content\/uploads\/2025\/02\/Paul-Carr-Project-Affiche-NF.png","contentUrl":"https:\/\/lemelville.fr\/wp-content\/uploads\/2025\/02\/Paul-Carr-Project-Affiche-NF.png","width":1280,"height":800},{"@type":"BreadcrumbList","@id":"https:\/\/lemelville.fr\/accueil\/evenements\/paul-carr-project-4tet\/#breadcrumb","itemListElement":[{"@type":"ListItem","position":1,"name":"Accueil","item":"https:\/\/lemelville.fr\/accueil\/"},{"@type":"ListItem","position":2,"name":"\u00c9v\u00e8nements","item":"https:\/\/lemelville.fr\/accueil\/evenements\/"},{"@type":"ListItem","position":3,"name":"Paul Carr Project 4tet"}]},{"@type":"WebSite","@id":"https:\/\/lemelville.fr\/accueil\/#website","url":"https:\/\/lemelville.fr\/accueil\/","name":"Le Melville","description":"Le Melville c\u2019est l\u2019\u00e9clectisme dans les verres, les assiettes et dans les oreilles. Du Jazz, de la world Music, souvent en live, une carte \u00e9l\u00e9gante de mets \u00e0 picorer et des cocktails sur mesure, le tout dans un \u00e9crin de bois et de velours.","publisher":{"@id":"https:\/\/lemelville.fr\/accueil\/#organization"},"potentialAction":[{"@type":"SearchAction","target":{"@type":"EntryPoint","urlTemplate":"https:\/\/lemelville.fr\/accueil\/?s={search_term_string}"},"query-input":{"@type":"PropertyValueSpecification","valueRequired":true,"valueName":"search_term_string"}}],"inLanguage":"fr-FR"},{"@type":"Organization","@id":"https:\/\/lemelville.fr\/accueil\/#organization","name":"Le Melville","url":"https:\/\/lemelville.fr\/accueil\/","logo":{"@type":"ImageObject","inLanguage":"fr-FR","@id":"https:\/\/lemelville.fr\/accueil\/#\/schema\/logo\/image\/","url":"https:\/\/lemelville.fr\/wp-content\/uploads\/2023\/09\/Logo-transparent-1-e1720022580951.png","contentUrl":"https:\/\/lemelville.fr\/wp-content\/uploads\/2023\/09\/Logo-transparent-1-e1720022580951.png","width":2000,"height":656,"caption":"Le Melville"},"image":{"@id":"https:\/\/lemelville.fr\/accueil\/#\/schema\/logo\/image\/"},"sameAs":["https:\/\/www.facebook.com\/people\/Le-Melville\/100085390055277\/","https:\/\/www.instagram.com\/lemelville_paris\/"]}]}},"_links":{"self":[{"href":"https:\/\/lemelville.fr\/accueil\/wp-json\/wp\/v2\/tribe_events\/3992","targetHints":{"allow":["GET"]}}],"collection":[{"href":"https:\/\/lemelville.fr\/accueil\/wp-json\/wp\/v2\/tribe_events"}],"about":[{"href":"https:\/\/lemelville.fr\/accueil\/wp-json\/wp\/v2\/types\/tribe_events"}],"author":[{"embeddable":true,"href":"https:\/\/lemelville.fr\/accueil\/wp-json\/wp\/v2\/users\/3"}],"version-history":[{"count":0,"href":"https:\/\/lemelville.fr\/accueil\/wp-json\/wp\/v2\/tribe_events\/3992\/revisions"}],"wp:featuredmedia":[{"embeddable":true,"href":"https:\/\/lemelville.fr\/accueil\/wp-json\/wp\/v2\/media\/3991"}],"wp:attachment":[{"href":"https:\/\/lemelville.fr\/accueil\/wp-json\/wp\/v2\/media?parent=3992"}],"wp:term":[{"taxonomy":"post_tag","embeddable":true,"href":"https:\/\/lemelville.fr\/accueil\/wp-json\/wp\/v2\/tags?post=3992"},{"taxonomy":"tribe_events_cat","embeddable":true,"href":"https:\/\/lemelville.fr\/accueil\/wp-json\/wp\/v2\/tribe_events_cat?post=3992"}],"curies":[{"name":"wp","href":"https:\/\/api.w.org\/{rel}","templated":true}]}}

<p>Paul Carr, musicien de renom, cumule les succès avec 10 enregistrements au top du classement Jazz Week. Son dernier opus, le Paul Carr Legacy Quartet, promet un festival musical avec des pointures comme Buster Williams et Lewis Nash. De la Maison-Blanche à la Jordanie, ses performances enflamment le monde entier. </p>
<p>Paul a publié 10 enregistrements, dont plusieurs ont atteint le top 10 du classement de Jazz Week. Son enregistrement le plus récent est le Paul Carr Legacy Quartet, avec le grand bassiste Buster Williams, le pianiste Bruce Barth et le célèbre batteur Lewis Nash. Paul Carr s&#8217;est produit dans le monde entier, notamment en Amérique du Sud, en Europe et au Moyen-Orient. Il a eu le grand honneur de se produire lors de nombreux événements privés organisés par le président Clinton et pour feu le roi Hussein et la reine Noir de Jordanie dans leur résidence d&#8217;Aqaba, en Jordanie. Il dirige cinq formations : le Paul Carr Quartet, qui présente les enregistrements de jazz traditionnel de Paul ; le Paul Carr Legacy Quartet, qui réunit des musiciens de renom qu&#8217;il admire ; le Paul Carr Collective, dans lequel Paul collabore avec divers musiciens pour présenter des compositions originales et des reprises arrangées par les membres ; le Carr-Keys, une collaboration entre Paul Carr et Marshall Keys, qui fusionne les styles de jazz traditionnel et contemporain afin de permettre au public de mieux apprécier les deux styles ; et enfin le Mid-Atlantic Jazz Orchestra, qui célèbre le big band. </p>
<p>Paul Carr : sax<br />
Gautier Montegu  : piano</p>

<p>Paul Carr, musicien de renom, cumule les succès avec 10 enregistrements au top du classement Jazz Week. Son dernier opus, le Paul Carr Legacy Quartet, promet un festival musical avec&hellip; <a class="more-link" href="https://lemelville.fr/accueil/evenements/paul-carr-project-4tet/">Poursuivre la lecture <span class="screen-reader-text">Paul Carr Project 4tet</span></a></p>

<!-- This site is optimized with the Yoast SEO Premium plugin v24.3 (Yoast SEO v27.1.1) - https://yoast.com/product/yoast-seo-premium-wordpress/ -->
<title>Paul Carr Project 4tet - Le Melville</title>
<meta name="robots" content="index, follow, max-snippet:-1, max-image-preview:large, max-video-preview:-1" />
<link rel="canonical" href="https://lemelville.fr/accueil/evenements/paul-carr-project-4tet/" />
<meta property="og:locale" content="fr_FR" />
<meta property="og:type" content="article" />
<meta property="og:title" content="Paul Carr Project 4tet" />
<meta property="og:description" content="Paul Carr, musicien de renom, cumule les succès avec 10 enregistrements au top du classement Jazz Week. Son dernier opus, le Paul Carr Legacy Quartet, promet un festival musical avec&hellip; Poursuivre la lecture Paul Carr Project 4tet" />
<meta property="og:url" content="https://lemelville.fr/accueil/evenements/paul-carr-project-4tet/" />
<meta property="og:site_name" content="Le Melville" />
<meta property="article:publisher" content="https://www.facebook.com/people/Le-Melville/100085390055277/" />
<meta property="og:image" content="http://lemelville.fr/wp-content/uploads/2025/02/Paul-Carr-Project-Affiche-NF.png" />
	<meta property="og:image:width" content="1280" />
	<meta property="og:image:height" content="800" />
	<meta property="og:image:type" content="image/png" />
<meta name="twitter:card" content="summary_large_image" />
<meta name="twitter:label1" content="Durée de lecture estimée" />
	<meta name="twitter:data1" content="1 minute" />
<script type="application/ld+json" class="yoast-schema-graph">{"@context":"https://schema.org","@graph":[{"@type":"WebPage","@id":"https://lemelville.fr/accueil/evenements/paul-carr-project-4tet/","url":"https://lemelville.fr/accueil/evenements/paul-carr-project-4tet/","name":"Paul Carr Project 4tet - Le Melville","isPartOf":{"@id":"https://lemelville.fr/accueil/#website"},"primaryImageOfPage":{"@id":"https://lemelville.fr/accueil/evenements/paul-carr-project-4tet/#primaryimage"},"image":{"@id":"https://lemelville.fr/accueil/evenements/paul-carr-project-4tet/#primaryimage"},"thumbnailUrl":"https://lemelville.fr/wp-content/uploads/2025/02/Paul-Carr-Project-Affiche-NF.png","datePublished":"2025-02-27T12:18:23+00:00","breadcrumb":{"@id":"https://lemelville.fr/accueil/evenements/paul-carr-project-4tet/#breadcrumb"},"inLanguage":"fr-FR","potentialAction":[{"@type":"ReadAction","target":["https://lemelville.fr/accueil/evenements/paul-carr-project-4tet/"]}]},{"@type":"ImageObject","inLanguage":"fr-FR","@id":"https://lemelville.fr/accueil/evenements/paul-carr-project-4tet/#primaryimage","url":"https://lemelville.fr/wp-content/uploads/2025/02/Paul-Carr-Project-Affiche-NF.png","contentUrl":"https://lemelville.fr/wp-content/uploads/2025/02/Paul-Carr-Project-Affiche-NF.png","width":1280,"height":800},{"@type":"BreadcrumbList","@id":"https://lemelville.fr/accueil/evenements/paul-carr-project-4tet/#breadcrumb","itemListElement":[{"@type":"ListItem","position":1,"name":"Accueil","item":"https://lemelville.fr/accueil/"},{"@type":"ListItem","position":2,"name":"Évènements","item":"https://lemelville.fr/accueil/evenements/"},{"@type":"ListItem","position":3,"name":"Paul Carr Project 4tet"}]},{"@type":"WebSite","@id":"https://lemelville.fr/accueil/#website","url":"https://lemelville.fr/accueil/","name":"Le Melville","description":"Le Melville c’est l’éclectisme dans les verres, les assiettes et dans les oreilles. Du Jazz, de la world Music, souvent en live, une carte élégante de mets à picorer et des cocktails sur mesure, le tout dans un écrin de bois et de velours.","publisher":{"@id":"https://lemelville.fr/accueil/#organization"},"potentialAction":[{"@type":"SearchAction","target":{"@type":"EntryPoint","urlTemplate":"https://lemelville.fr/accueil/?s={search_term_string}"},"query-input":{"@type":"PropertyValueSpecification","valueRequired":true,"valueName":"search_term_string"}}],"inLanguage":"fr-FR"},{"@type":"Organization","@id":"https://lemelville.fr/accueil/#organization","name":"Le Melville","url":"https://lemelville.fr/accueil/","logo":{"@type":"ImageObject","inLanguage":"fr-FR","@id":"https://lemelville.fr/accueil/#/schema/logo/image/","url":"https://lemelville.fr/wp-content/uploads/2023/09/Logo-transparent-1-e1720022580951.png","contentUrl":"https://lemelville.fr/wp-content/uploads/2023/09/Logo-transparent-1-e1720022580951.png","width":2000,"height":656,"caption":"Le Melville"},"image":{"@id":"https://lemelville.fr/accueil/#/schema/logo/image/"},"sameAs":["https://www.facebook.com/people/Le-Melville/100085390055277/","https://www.instagram.com/lemelville_paris/"]}]}</script>
<!-- / Yoast SEO Premium plugin. -->

Paul Carr, musicien de renom, cumule les succès avec 10 enregistrements au top du classement Jazz Week. Son dernier opus, le Paul Carr Legacy Quartet, promet un festival musical avec&hellip; Poursuivre la lecture Paul Carr Project 4tet

Évènements

Le Melville c’est l’éclectisme dans les verres, les assiettes et dans les oreilles. Du Jazz, de la world Music, souvent en live, une carte élégante de mets à picorer et des cocktails sur mesure, le tout dans un écrin de bois et de velours.
