{"id":4014,"date":"2025-02-28T11:59:23","date_gmt":"2025-02-28T10:59:23","guid":{"rendered":"https:\/\/lemelville.fr\/evenements\/damien-groleau-trio\/"},"modified":"2025-02-28T11:59:23","modified_gmt":"2025-02-28T10:59:23","slug":"damien-groleau-trio","status":"publish","type":"tribe_events","link":"https:\/\/lemelville.fr\/accueil\/evenements\/damien-groleau-trio\/","title":{"rendered":"Damien Groleau Trio"},"content":{"rendered":"<p>Trois musiciens nomm\u00e9s Damien unissent leurs talents pour cr\u00e9er une harmonie parfaite. Damien Groleau, Damien Franc\u0327on et Damien Varaillon nous emm\u00e8nent dans un voyage musical envo\u00fbtant, m\u00e9langeant classiques et cr\u00e9ations originales. Leur complicit\u00e9 se fait entendre, pour notre plus grand plaisir<\/p>\n<p>Piano, basse, batterie; la peinture du trio. Damien Groleau, Damien Franc\u0327on et Damien Varaillon sont trois musiciens cosmopolites qui arpentent la plane\u0300te depuis longtemps. Damien Groleau commence en solo ses concerts au piano jusqu\u2019au jour, pas si lointain, ou\u0300 les deux autres le rejoignent. Sacre\u0301e union. La rythmique colle aux morceaux du pianiste. L\u2019univers de ce dernier devient celui des autres. Leur entente s\u2019entend. Ils jouent les classiques comme leurs propres compositions. <\/p>\n<p>\u00ab Des compositions lumineuses et sensibles (\u2026) Une vraie re\u0301ve\u0301lation \u00bb\u2028Parisjazzclub <\/p>\n<p>\u00ab Musique moderne et inge\u0301nieuse \u00bb\u2028Te\u0301le\u0301rama Sortir, Louis-Julien Nicolao <\/p>\n<p>Damien Groleau : piano<br \/>\nDamien Francon : batterie<br \/>\nDamien Varaillon : contrebasse<\/p>\n","protected":false},"excerpt":{"rendered":"<p>Trois musiciens nomm\u00e9s Damien unissent leurs talents pour cr\u00e9er une harmonie parfaite. Damien Groleau, Damien Franc\u0327on et Damien Varaillon nous emm\u00e8nent dans un voyage musical envo\u00fbtant, m\u00e9langeant classiques et cr\u00e9ations&hellip; <a class=\"more-link\" href=\"https:\/\/lemelville.fr\/accueil\/evenements\/damien-groleau-trio\/\">Poursuivre la lecture <span class=\"screen-reader-text\">Damien Groleau Trio<\/span><\/a><\/p>\n","protected":false},"author":3,"featured_media":4013,"template":"","meta":{"_tribe_events_status":"","_tribe_events_status_reason":"","_tribe_events_is_hybrid":"","_tribe_events_is_virtual":"","_tribe_events_virtual_video_source":"","_tribe_events_virtual_embed_video":"","_tribe_events_virtual_linked_button_text":"","_tribe_events_virtual_linked_button":"","_tribe_events_virtual_show_embed_at":"","_tribe_events_virtual_show_embed_to":[],"_tribe_events_virtual_show_on_event":"","_tribe_events_virtual_show_on_views":"","_tribe_events_virtual_url":"","footnotes":""},"tags":[],"tribe_events_cat":[88],"class_list":["post-4014","tribe_events","type-tribe_events","status-publish","has-post-thumbnail","hentry","tribe_events_cat-jazz-standard","cat_jazz-standard","entry"],"yoast_head":"<!-- This site is optimized with the Yoast SEO Premium plugin v24.3 (Yoast SEO v27.1.1) - https:\/\/yoast.com\/product\/yoast-seo-premium-wordpress\/ -->\n<title>Damien Groleau Trio - Le Melville<\/title>\n<meta name=\"robots\" content=\"index, follow, max-snippet:-1, max-image-preview:large, max-video-preview:-1\" \/>\n<link rel=\"canonical\" href=\"https:\/\/lemelville.fr\/accueil\/evenements\/damien-groleau-trio\/\" \/>\n<meta property=\"og:locale\" content=\"fr_FR\" \/>\n<meta property=\"og:type\" content=\"article\" \/>\n<meta property=\"og:title\" content=\"Damien Groleau Trio\" \/>\n<meta property=\"og:description\" content=\"Trois musiciens nomm\u00e9s Damien unissent leurs talents pour cr\u00e9er une harmonie parfaite. Damien Groleau, Damien Franc\u0327on et Damien Varaillon nous emm\u00e8nent dans un voyage musical envo\u00fbtant, m\u00e9langeant classiques et cr\u00e9ations&hellip; Poursuivre la lecture Damien Groleau Trio\" \/>\n<meta property=\"og:url\" content=\"https:\/\/lemelville.fr\/accueil\/evenements\/damien-groleau-trio\/\" \/>\n<meta property=\"og:site_name\" content=\"Le Melville\" \/>\n<meta property=\"article:publisher\" content=\"https:\/\/www.facebook.com\/people\/Le-Melville\/100085390055277\/\" \/>\n<meta property=\"og:image\" content=\"https:\/\/lemelville.fr\/wp-content\/uploads\/2025\/02\/Damien-Groleau-Trio-Affiche-NV.png\" \/>\n\t<meta property=\"og:image:width\" content=\"1529\" \/>\n\t<meta property=\"og:image:height\" content=\"1081\" \/>\n\t<meta property=\"og:image:type\" content=\"image\/png\" \/>\n<meta name=\"twitter:card\" content=\"summary_large_image\" \/>\n<meta name=\"twitter:label1\" content=\"Dur\u00e9e de lecture estim\u00e9e\" \/>\n\t<meta name=\"twitter:data1\" content=\"1 minute\" \/>\n<script type=\"application\/ld+json\" class=\"yoast-schema-graph\">{\"@context\":\"https:\/\/schema.org\",\"@graph\":[{\"@type\":\"WebPage\",\"@id\":\"https:\/\/lemelville.fr\/accueil\/evenements\/damien-groleau-trio\/\",\"url\":\"https:\/\/lemelville.fr\/accueil\/evenements\/damien-groleau-trio\/\",\"name\":\"Damien Groleau Trio - Le Melville\",\"isPartOf\":{\"@id\":\"https:\/\/lemelville.fr\/accueil\/#website\"},\"primaryImageOfPage\":{\"@id\":\"https:\/\/lemelville.fr\/accueil\/evenements\/damien-groleau-trio\/#primaryimage\"},\"image\":{\"@id\":\"https:\/\/lemelville.fr\/accueil\/evenements\/damien-groleau-trio\/#primaryimage\"},\"thumbnailUrl\":\"https:\/\/lemelville.fr\/wp-content\/uploads\/2025\/02\/Damien-Groleau-Trio-Affiche-NV.png\",\"datePublished\":\"2025-02-28T10:59:23+00:00\",\"breadcrumb\":{\"@id\":\"https:\/\/lemelville.fr\/accueil\/evenements\/damien-groleau-trio\/#breadcrumb\"},\"inLanguage\":\"fr-FR\",\"potentialAction\":[{\"@type\":\"ReadAction\",\"target\":[\"https:\/\/lemelville.fr\/accueil\/evenements\/damien-groleau-trio\/\"]}]},{\"@type\":\"ImageObject\",\"inLanguage\":\"fr-FR\",\"@id\":\"https:\/\/lemelville.fr\/accueil\/evenements\/damien-groleau-trio\/#primaryimage\",\"url\":\"https:\/\/lemelville.fr\/wp-content\/uploads\/2025\/02\/Damien-Groleau-Trio-Affiche-NV.png\",\"contentUrl\":\"https:\/\/lemelville.fr\/wp-content\/uploads\/2025\/02\/Damien-Groleau-Trio-Affiche-NV.png\",\"width\":1529,\"height\":1081},{\"@type\":\"BreadcrumbList\",\"@id\":\"https:\/\/lemelville.fr\/accueil\/evenements\/damien-groleau-trio\/#breadcrumb\",\"itemListElement\":[{\"@type\":\"ListItem\",\"position\":1,\"name\":\"Accueil\",\"item\":\"https:\/\/lemelville.fr\/accueil\/\"},{\"@type\":\"ListItem\",\"position\":2,\"name\":\"\u00c9v\u00e8nements\",\"item\":\"https:\/\/lemelville.fr\/accueil\/evenements\/\"},{\"@type\":\"ListItem\",\"position\":3,\"name\":\"Damien Groleau Trio\"}]},{\"@type\":\"WebSite\",\"@id\":\"https:\/\/lemelville.fr\/accueil\/#website\",\"url\":\"https:\/\/lemelville.fr\/accueil\/\",\"name\":\"Le Melville\",\"description\":\"Le Melville c\u2019est l\u2019\u00e9clectisme dans les verres, les assiettes et dans les oreilles. Du Jazz, de la world Music, souvent en live, une carte \u00e9l\u00e9gante de mets \u00e0 picorer et des cocktails sur mesure, le tout dans un \u00e9crin de bois et de velours.\",\"publisher\":{\"@id\":\"https:\/\/lemelville.fr\/accueil\/#organization\"},\"potentialAction\":[{\"@type\":\"SearchAction\",\"target\":{\"@type\":\"EntryPoint\",\"urlTemplate\":\"https:\/\/lemelville.fr\/accueil\/?s={search_term_string}\"},\"query-input\":{\"@type\":\"PropertyValueSpecification\",\"valueRequired\":true,\"valueName\":\"search_term_string\"}}],\"inLanguage\":\"fr-FR\"},{\"@type\":\"Organization\",\"@id\":\"https:\/\/lemelville.fr\/accueil\/#organization\",\"name\":\"Le Melville\",\"url\":\"https:\/\/lemelville.fr\/accueil\/\",\"logo\":{\"@type\":\"ImageObject\",\"inLanguage\":\"fr-FR\",\"@id\":\"https:\/\/lemelville.fr\/accueil\/#\/schema\/logo\/image\/\",\"url\":\"https:\/\/lemelville.fr\/wp-content\/uploads\/2023\/09\/Logo-transparent-1-e1720022580951.png\",\"contentUrl\":\"https:\/\/lemelville.fr\/wp-content\/uploads\/2023\/09\/Logo-transparent-1-e1720022580951.png\",\"width\":2000,\"height\":656,\"caption\":\"Le Melville\"},\"image\":{\"@id\":\"https:\/\/lemelville.fr\/accueil\/#\/schema\/logo\/image\/\"},\"sameAs\":[\"https:\/\/www.facebook.com\/people\/Le-Melville\/100085390055277\/\",\"https:\/\/www.instagram.com\/lemelville_paris\/\"]}]}<\/script>\n<!-- \/ Yoast SEO Premium plugin. -->","yoast_head_json":{"title":"Damien Groleau Trio - Le Melville","robots":{"index":"index","follow":"follow","max-snippet":"max-snippet:-1","max-image-preview":"max-image-preview:large","max-video-preview":"max-video-preview:-1"},"canonical":"https:\/\/lemelville.fr\/accueil\/evenements\/damien-groleau-trio\/","og_locale":"fr_FR","og_type":"article","og_title":"Damien Groleau Trio","og_description":"Trois musiciens nomm\u00e9s Damien unissent leurs talents pour cr\u00e9er une harmonie parfaite. Damien Groleau, Damien Franc\u0327on et Damien Varaillon nous emm\u00e8nent dans un voyage musical envo\u00fbtant, m\u00e9langeant classiques et cr\u00e9ations&hellip; Poursuivre la lecture Damien Groleau Trio","og_url":"https:\/\/lemelville.fr\/accueil\/evenements\/damien-groleau-trio\/","og_site_name":"Le Melville","article_publisher":"https:\/\/www.facebook.com\/people\/Le-Melville\/100085390055277\/","og_image":[{"width":1529,"height":1081,"url":"https:\/\/lemelville.fr\/wp-content\/uploads\/2025\/02\/Damien-Groleau-Trio-Affiche-NV.png","type":"image\/png"}],"twitter_card":"summary_large_image","twitter_misc":{"Dur\u00e9e de lecture estim\u00e9e":"1 minute"},"schema":{"@context":"https:\/\/schema.org","@graph":[{"@type":"WebPage","@id":"https:\/\/lemelville.fr\/accueil\/evenements\/damien-groleau-trio\/","url":"https:\/\/lemelville.fr\/accueil\/evenements\/damien-groleau-trio\/","name":"Damien Groleau Trio - Le Melville","isPartOf":{"@id":"https:\/\/lemelville.fr\/accueil\/#website"},"primaryImageOfPage":{"@id":"https:\/\/lemelville.fr\/accueil\/evenements\/damien-groleau-trio\/#primaryimage"},"image":{"@id":"https:\/\/lemelville.fr\/accueil\/evenements\/damien-groleau-trio\/#primaryimage"},"thumbnailUrl":"https:\/\/lemelville.fr\/wp-content\/uploads\/2025\/02\/Damien-Groleau-Trio-Affiche-NV.png","datePublished":"2025-02-28T10:59:23+00:00","breadcrumb":{"@id":"https:\/\/lemelville.fr\/accueil\/evenements\/damien-groleau-trio\/#breadcrumb"},"inLanguage":"fr-FR","potentialAction":[{"@type":"ReadAction","target":["https:\/\/lemelville.fr\/accueil\/evenements\/damien-groleau-trio\/"]}]},{"@type":"ImageObject","inLanguage":"fr-FR","@id":"https:\/\/lemelville.fr\/accueil\/evenements\/damien-groleau-trio\/#primaryimage","url":"https:\/\/lemelville.fr\/wp-content\/uploads\/2025\/02\/Damien-Groleau-Trio-Affiche-NV.png","contentUrl":"https:\/\/lemelville.fr\/wp-content\/uploads\/2025\/02\/Damien-Groleau-Trio-Affiche-NV.png","width":1529,"height":1081},{"@type":"BreadcrumbList","@id":"https:\/\/lemelville.fr\/accueil\/evenements\/damien-groleau-trio\/#breadcrumb","itemListElement":[{"@type":"ListItem","position":1,"name":"Accueil","item":"https:\/\/lemelville.fr\/accueil\/"},{"@type":"ListItem","position":2,"name":"\u00c9v\u00e8nements","item":"https:\/\/lemelville.fr\/accueil\/evenements\/"},{"@type":"ListItem","position":3,"name":"Damien Groleau Trio"}]},{"@type":"WebSite","@id":"https:\/\/lemelville.fr\/accueil\/#website","url":"https:\/\/lemelville.fr\/accueil\/","name":"Le Melville","description":"Le Melville c\u2019est l\u2019\u00e9clectisme dans les verres, les assiettes et dans les oreilles. Du Jazz, de la world Music, souvent en live, une carte \u00e9l\u00e9gante de mets \u00e0 picorer et des cocktails sur mesure, le tout dans un \u00e9crin de bois et de velours.","publisher":{"@id":"https:\/\/lemelville.fr\/accueil\/#organization"},"potentialAction":[{"@type":"SearchAction","target":{"@type":"EntryPoint","urlTemplate":"https:\/\/lemelville.fr\/accueil\/?s={search_term_string}"},"query-input":{"@type":"PropertyValueSpecification","valueRequired":true,"valueName":"search_term_string"}}],"inLanguage":"fr-FR"},{"@type":"Organization","@id":"https:\/\/lemelville.fr\/accueil\/#organization","name":"Le Melville","url":"https:\/\/lemelville.fr\/accueil\/","logo":{"@type":"ImageObject","inLanguage":"fr-FR","@id":"https:\/\/lemelville.fr\/accueil\/#\/schema\/logo\/image\/","url":"https:\/\/lemelville.fr\/wp-content\/uploads\/2023\/09\/Logo-transparent-1-e1720022580951.png","contentUrl":"https:\/\/lemelville.fr\/wp-content\/uploads\/2023\/09\/Logo-transparent-1-e1720022580951.png","width":2000,"height":656,"caption":"Le Melville"},"image":{"@id":"https:\/\/lemelville.fr\/accueil\/#\/schema\/logo\/image\/"},"sameAs":["https:\/\/www.facebook.com\/people\/Le-Melville\/100085390055277\/","https:\/\/www.instagram.com\/lemelville_paris\/"]}]}},"_links":{"self":[{"href":"https:\/\/lemelville.fr\/accueil\/wp-json\/wp\/v2\/tribe_events\/4014","targetHints":{"allow":["GET"]}}],"collection":[{"href":"https:\/\/lemelville.fr\/accueil\/wp-json\/wp\/v2\/tribe_events"}],"about":[{"href":"https:\/\/lemelville.fr\/accueil\/wp-json\/wp\/v2\/types\/tribe_events"}],"author":[{"embeddable":true,"href":"https:\/\/lemelville.fr\/accueil\/wp-json\/wp\/v2\/users\/3"}],"version-history":[{"count":0,"href":"https:\/\/lemelville.fr\/accueil\/wp-json\/wp\/v2\/tribe_events\/4014\/revisions"}],"wp:featuredmedia":[{"embeddable":true,"href":"https:\/\/lemelville.fr\/accueil\/wp-json\/wp\/v2\/media\/4013"}],"wp:attachment":[{"href":"https:\/\/lemelville.fr\/accueil\/wp-json\/wp\/v2\/media?parent=4014"}],"wp:term":[{"taxonomy":"post_tag","embeddable":true,"href":"https:\/\/lemelville.fr\/accueil\/wp-json\/wp\/v2\/tags?post=4014"},{"taxonomy":"tribe_events_cat","embeddable":true,"href":"https:\/\/lemelville.fr\/accueil\/wp-json\/wp\/v2\/tribe_events_cat?post=4014"}],"curies":[{"name":"wp","href":"https:\/\/api.w.org\/{rel}","templated":true}]}}

<p>Trois musiciens nommés Damien unissent leurs talents pour créer une harmonie parfaite. Damien Groleau, Damien Françon et Damien Varaillon nous emmènent dans un voyage musical envoûtant, mélangeant classiques et créations originales. Leur complicité se fait entendre, pour notre plus grand plaisir</p>
<p>Piano, basse, batterie; la peinture du trio. Damien Groleau, Damien Françon et Damien Varaillon sont trois musiciens cosmopolites qui arpentent la planète depuis longtemps. Damien Groleau commence en solo ses concerts au piano jusqu’au jour, pas si lointain, où les deux autres le rejoignent. Sacrée union. La rythmique colle aux morceaux du pianiste. L’univers de ce dernier devient celui des autres. Leur entente s’entend. Ils jouent les classiques comme leurs propres compositions. </p>
<p>« Des compositions lumineuses et sensibles (…) Une vraie révélation » Parisjazzclub </p>
<p>« Musique moderne et ingénieuse » Télérama Sortir, Louis-Julien Nicolao </p>
<p>Damien Groleau : piano<br />
Damien Francon : batterie<br />
Damien Varaillon : contrebasse</p>

<p>Trois musiciens nommés Damien unissent leurs talents pour créer une harmonie parfaite. Damien Groleau, Damien Françon et Damien Varaillon nous emmènent dans un voyage musical envoûtant, mélangeant classiques et créations&hellip; <a class="more-link" href="https://lemelville.fr/accueil/evenements/damien-groleau-trio/">Poursuivre la lecture <span class="screen-reader-text">Damien Groleau Trio</span></a></p>

<!-- This site is optimized with the Yoast SEO Premium plugin v24.3 (Yoast SEO v27.1.1) - https://yoast.com/product/yoast-seo-premium-wordpress/ -->
<title>Damien Groleau Trio - Le Melville</title>
<meta name="robots" content="index, follow, max-snippet:-1, max-image-preview:large, max-video-preview:-1" />
<link rel="canonical" href="https://lemelville.fr/accueil/evenements/damien-groleau-trio/" />
<meta property="og:locale" content="fr_FR" />
<meta property="og:type" content="article" />
<meta property="og:title" content="Damien Groleau Trio" />
<meta property="og:description" content="Trois musiciens nommés Damien unissent leurs talents pour créer une harmonie parfaite. Damien Groleau, Damien Françon et Damien Varaillon nous emmènent dans un voyage musical envoûtant, mélangeant classiques et créations&hellip; Poursuivre la lecture Damien Groleau Trio" />
<meta property="og:url" content="https://lemelville.fr/accueil/evenements/damien-groleau-trio/" />
<meta property="og:site_name" content="Le Melville" />
<meta property="article:publisher" content="https://www.facebook.com/people/Le-Melville/100085390055277/" />
<meta property="og:image" content="https://lemelville.fr/wp-content/uploads/2025/02/Damien-Groleau-Trio-Affiche-NV.png" />
	<meta property="og:image:width" content="1529" />
	<meta property="og:image:height" content="1081" />
	<meta property="og:image:type" content="image/png" />
<meta name="twitter:card" content="summary_large_image" />
<meta name="twitter:label1" content="Durée de lecture estimée" />
	<meta name="twitter:data1" content="1 minute" />
<script type="application/ld+json" class="yoast-schema-graph">{"@context":"https://schema.org","@graph":[{"@type":"WebPage","@id":"https://lemelville.fr/accueil/evenements/damien-groleau-trio/","url":"https://lemelville.fr/accueil/evenements/damien-groleau-trio/","name":"Damien Groleau Trio - Le Melville","isPartOf":{"@id":"https://lemelville.fr/accueil/#website"},"primaryImageOfPage":{"@id":"https://lemelville.fr/accueil/evenements/damien-groleau-trio/#primaryimage"},"image":{"@id":"https://lemelville.fr/accueil/evenements/damien-groleau-trio/#primaryimage"},"thumbnailUrl":"https://lemelville.fr/wp-content/uploads/2025/02/Damien-Groleau-Trio-Affiche-NV.png","datePublished":"2025-02-28T10:59:23+00:00","breadcrumb":{"@id":"https://lemelville.fr/accueil/evenements/damien-groleau-trio/#breadcrumb"},"inLanguage":"fr-FR","potentialAction":[{"@type":"ReadAction","target":["https://lemelville.fr/accueil/evenements/damien-groleau-trio/"]}]},{"@type":"ImageObject","inLanguage":"fr-FR","@id":"https://lemelville.fr/accueil/evenements/damien-groleau-trio/#primaryimage","url":"https://lemelville.fr/wp-content/uploads/2025/02/Damien-Groleau-Trio-Affiche-NV.png","contentUrl":"https://lemelville.fr/wp-content/uploads/2025/02/Damien-Groleau-Trio-Affiche-NV.png","width":1529,"height":1081},{"@type":"BreadcrumbList","@id":"https://lemelville.fr/accueil/evenements/damien-groleau-trio/#breadcrumb","itemListElement":[{"@type":"ListItem","position":1,"name":"Accueil","item":"https://lemelville.fr/accueil/"},{"@type":"ListItem","position":2,"name":"Évènements","item":"https://lemelville.fr/accueil/evenements/"},{"@type":"ListItem","position":3,"name":"Damien Groleau Trio"}]},{"@type":"WebSite","@id":"https://lemelville.fr/accueil/#website","url":"https://lemelville.fr/accueil/","name":"Le Melville","description":"Le Melville c’est l’éclectisme dans les verres, les assiettes et dans les oreilles. Du Jazz, de la world Music, souvent en live, une carte élégante de mets à picorer et des cocktails sur mesure, le tout dans un écrin de bois et de velours.","publisher":{"@id":"https://lemelville.fr/accueil/#organization"},"potentialAction":[{"@type":"SearchAction","target":{"@type":"EntryPoint","urlTemplate":"https://lemelville.fr/accueil/?s={search_term_string}"},"query-input":{"@type":"PropertyValueSpecification","valueRequired":true,"valueName":"search_term_string"}}],"inLanguage":"fr-FR"},{"@type":"Organization","@id":"https://lemelville.fr/accueil/#organization","name":"Le Melville","url":"https://lemelville.fr/accueil/","logo":{"@type":"ImageObject","inLanguage":"fr-FR","@id":"https://lemelville.fr/accueil/#/schema/logo/image/","url":"https://lemelville.fr/wp-content/uploads/2023/09/Logo-transparent-1-e1720022580951.png","contentUrl":"https://lemelville.fr/wp-content/uploads/2023/09/Logo-transparent-1-e1720022580951.png","width":2000,"height":656,"caption":"Le Melville"},"image":{"@id":"https://lemelville.fr/accueil/#/schema/logo/image/"},"sameAs":["https://www.facebook.com/people/Le-Melville/100085390055277/","https://www.instagram.com/lemelville_paris/"]}]}</script>
<!-- / Yoast SEO Premium plugin. -->

Trois musiciens nommés Damien unissent leurs talents pour créer une harmonie parfaite. Damien Groleau, Damien Françon et Damien Varaillon nous emmènent dans un voyage musical envoûtant, mélangeant classiques et créations&hellip; Poursuivre la lecture Damien Groleau Trio

Évènements

Le Melville c’est l’éclectisme dans les verres, les assiettes et dans les oreilles. Du Jazz, de la world Music, souvent en live, une carte élégante de mets à picorer et des cocktails sur mesure, le tout dans un écrin de bois et de velours.
