{"id":4027,"date":"2025-03-03T22:32:01","date_gmt":"2025-03-03T21:32:01","guid":{"rendered":"https:\/\/lemelville.fr\/evenements\/tom-peyron-trio-4\/"},"modified":"2025-03-03T22:32:01","modified_gmt":"2025-03-03T21:32:01","slug":"tom-peyron-trio-4","status":"publish","type":"tribe_events","link":"https:\/\/lemelville.fr\/accueil\/evenements\/tom-peyron-trio-4\/","title":{"rendered":"Tom Peyron Trio"},"content":{"rendered":"<p>Trois comp\u00e8res de la sc\u00e8ne jazz parisienne s&#8217;unissent pour revisiter les classiques du Great American Songbook. Dans l&#8217;instant, ils s&#8217;amusent \u00e0 swinger et \u00e0 improviser, m\u00ealant tradition et libert\u00e9. Avec Tom \u00e0 la batterie, Gustave \u00e0 la guitare et Slim \u00e0 la basse, le trio promet des performances vibrantes<\/p>\n<p>Ce groupe r\u00e9unit trois musiciens et amis de longue date, habitu\u00e9s de la sc\u00e8ne jazz parisienne.<br \/>\nIls interpr\u00e8tent des standards du great american songbook, un r\u00e9pertoire autour duquel ils peuvent cr\u00e9er et interagir librement dans l&#8217;instant.<br \/>\nSwing, tradition et l\u00e2cher prise sont les ma\u00eetres-mots qui d\u00e9finissent ce trio.<\/p>\n<p>Tom  Peyron  : batterie<br \/>\nGustave  Reichert  : guitare<br \/>\nGabriel Sauzay : basse<\/p>\n","protected":false},"excerpt":{"rendered":"<p>Trois comp\u00e8res de la sc\u00e8ne jazz parisienne s&#8217;unissent pour revisiter les classiques du Great American Songbook. Dans l&#8217;instant, ils s&#8217;amusent \u00e0 swinger et \u00e0 improviser, m\u00ealant tradition et libert\u00e9. Avec&hellip; <a class=\"more-link\" href=\"https:\/\/lemelville.fr\/accueil\/evenements\/tom-peyron-trio-4\/\">Poursuivre la lecture <span class=\"screen-reader-text\">Tom Peyron Trio<\/span><\/a><\/p>\n","protected":false},"author":3,"featured_media":4026,"template":"","meta":{"_tribe_events_status":"","_tribe_events_status_reason":"","_tribe_events_is_hybrid":"","_tribe_events_is_virtual":"","_tribe_events_virtual_video_source":"","_tribe_events_virtual_embed_video":"","_tribe_events_virtual_linked_button_text":"","_tribe_events_virtual_linked_button":"","_tribe_events_virtual_show_embed_at":"","_tribe_events_virtual_show_embed_to":[],"_tribe_events_virtual_show_on_event":"","_tribe_events_virtual_show_on_views":"","_tribe_events_virtual_url":"","footnotes":""},"tags":[],"tribe_events_cat":[88],"class_list":["post-4027","tribe_events","type-tribe_events","status-publish","has-post-thumbnail","hentry","tribe_events_cat-jazz-standard","cat_jazz-standard","entry"],"yoast_head":"<!-- This site is optimized with the Yoast SEO Premium plugin v24.3 (Yoast SEO v27.1.1) - https:\/\/yoast.com\/product\/yoast-seo-premium-wordpress\/ -->\n<title>Tom Peyron Trio - Le Melville<\/title>\n<meta name=\"robots\" content=\"index, follow, max-snippet:-1, max-image-preview:large, max-video-preview:-1\" \/>\n<link rel=\"canonical\" href=\"https:\/\/lemelville.fr\/accueil\/evenements\/tom-peyron-trio-4\/\" \/>\n<meta property=\"og:locale\" content=\"fr_FR\" \/>\n<meta property=\"og:type\" content=\"article\" \/>\n<meta property=\"og:title\" content=\"Tom Peyron Trio\" \/>\n<meta property=\"og:description\" content=\"Trois comp\u00e8res de la sc\u00e8ne jazz parisienne s&#8217;unissent pour revisiter les classiques du Great American Songbook. Dans l&#8217;instant, ils s&#8217;amusent \u00e0 swinger et \u00e0 improviser, m\u00ealant tradition et libert\u00e9. Avec&hellip; Poursuivre la lecture Tom Peyron Trio\" \/>\n<meta property=\"og:url\" content=\"https:\/\/lemelville.fr\/accueil\/evenements\/tom-peyron-trio-4\/\" \/>\n<meta property=\"og:site_name\" content=\"Le Melville\" \/>\n<meta property=\"article:publisher\" content=\"https:\/\/www.facebook.com\/people\/Le-Melville\/100085390055277\/\" \/>\n<meta property=\"og:image\" content=\"https:\/\/lemelville.fr\/wp-content\/uploads\/2025\/03\/Tom-Peyron-Trio-250318-Affiche-NF.png\" \/>\n\t<meta property=\"og:image:width\" content=\"1280\" \/>\n\t<meta property=\"og:image:height\" content=\"800\" \/>\n\t<meta property=\"og:image:type\" content=\"image\/png\" \/>\n<meta name=\"twitter:card\" content=\"summary_large_image\" \/>\n<meta name=\"twitter:label1\" content=\"Dur\u00e9e de lecture estim\u00e9e\" \/>\n\t<meta name=\"twitter:data1\" content=\"1 minute\" \/>\n<script type=\"application\/ld+json\" class=\"yoast-schema-graph\">{\"@context\":\"https:\/\/schema.org\",\"@graph\":[{\"@type\":\"WebPage\",\"@id\":\"https:\/\/lemelville.fr\/accueil\/evenements\/tom-peyron-trio-4\/\",\"url\":\"https:\/\/lemelville.fr\/accueil\/evenements\/tom-peyron-trio-4\/\",\"name\":\"Tom Peyron Trio - Le Melville\",\"isPartOf\":{\"@id\":\"https:\/\/lemelville.fr\/accueil\/#website\"},\"primaryImageOfPage\":{\"@id\":\"https:\/\/lemelville.fr\/accueil\/evenements\/tom-peyron-trio-4\/#primaryimage\"},\"image\":{\"@id\":\"https:\/\/lemelville.fr\/accueil\/evenements\/tom-peyron-trio-4\/#primaryimage\"},\"thumbnailUrl\":\"https:\/\/lemelville.fr\/wp-content\/uploads\/2025\/03\/Tom-Peyron-Trio-250318-Affiche-NF.png\",\"datePublished\":\"2025-03-03T21:32:01+00:00\",\"breadcrumb\":{\"@id\":\"https:\/\/lemelville.fr\/accueil\/evenements\/tom-peyron-trio-4\/#breadcrumb\"},\"inLanguage\":\"fr-FR\",\"potentialAction\":[{\"@type\":\"ReadAction\",\"target\":[\"https:\/\/lemelville.fr\/accueil\/evenements\/tom-peyron-trio-4\/\"]}]},{\"@type\":\"ImageObject\",\"inLanguage\":\"fr-FR\",\"@id\":\"https:\/\/lemelville.fr\/accueil\/evenements\/tom-peyron-trio-4\/#primaryimage\",\"url\":\"https:\/\/lemelville.fr\/wp-content\/uploads\/2025\/03\/Tom-Peyron-Trio-250318-Affiche-NF.png\",\"contentUrl\":\"https:\/\/lemelville.fr\/wp-content\/uploads\/2025\/03\/Tom-Peyron-Trio-250318-Affiche-NF.png\",\"width\":1280,\"height\":800},{\"@type\":\"BreadcrumbList\",\"@id\":\"https:\/\/lemelville.fr\/accueil\/evenements\/tom-peyron-trio-4\/#breadcrumb\",\"itemListElement\":[{\"@type\":\"ListItem\",\"position\":1,\"name\":\"Accueil\",\"item\":\"https:\/\/lemelville.fr\/accueil\/\"},{\"@type\":\"ListItem\",\"position\":2,\"name\":\"\u00c9v\u00e8nements\",\"item\":\"https:\/\/lemelville.fr\/accueil\/evenements\/\"},{\"@type\":\"ListItem\",\"position\":3,\"name\":\"Tom Peyron Trio\"}]},{\"@type\":\"WebSite\",\"@id\":\"https:\/\/lemelville.fr\/accueil\/#website\",\"url\":\"https:\/\/lemelville.fr\/accueil\/\",\"name\":\"Le Melville\",\"description\":\"Le Melville c\u2019est l\u2019\u00e9clectisme dans les verres, les assiettes et dans les oreilles. Du Jazz, de la world Music, souvent en live, une carte \u00e9l\u00e9gante de mets \u00e0 picorer et des cocktails sur mesure, le tout dans un \u00e9crin de bois et de velours.\",\"publisher\":{\"@id\":\"https:\/\/lemelville.fr\/accueil\/#organization\"},\"potentialAction\":[{\"@type\":\"SearchAction\",\"target\":{\"@type\":\"EntryPoint\",\"urlTemplate\":\"https:\/\/lemelville.fr\/accueil\/?s={search_term_string}\"},\"query-input\":{\"@type\":\"PropertyValueSpecification\",\"valueRequired\":true,\"valueName\":\"search_term_string\"}}],\"inLanguage\":\"fr-FR\"},{\"@type\":\"Organization\",\"@id\":\"https:\/\/lemelville.fr\/accueil\/#organization\",\"name\":\"Le Melville\",\"url\":\"https:\/\/lemelville.fr\/accueil\/\",\"logo\":{\"@type\":\"ImageObject\",\"inLanguage\":\"fr-FR\",\"@id\":\"https:\/\/lemelville.fr\/accueil\/#\/schema\/logo\/image\/\",\"url\":\"https:\/\/lemelville.fr\/wp-content\/uploads\/2023\/09\/Logo-transparent-1-e1720022580951.png\",\"contentUrl\":\"https:\/\/lemelville.fr\/wp-content\/uploads\/2023\/09\/Logo-transparent-1-e1720022580951.png\",\"width\":2000,\"height\":656,\"caption\":\"Le Melville\"},\"image\":{\"@id\":\"https:\/\/lemelville.fr\/accueil\/#\/schema\/logo\/image\/\"},\"sameAs\":[\"https:\/\/www.facebook.com\/people\/Le-Melville\/100085390055277\/\",\"https:\/\/www.instagram.com\/lemelville_paris\/\"]}]}<\/script>\n<!-- \/ Yoast SEO Premium plugin. -->","yoast_head_json":{"title":"Tom Peyron Trio - Le Melville","robots":{"index":"index","follow":"follow","max-snippet":"max-snippet:-1","max-image-preview":"max-image-preview:large","max-video-preview":"max-video-preview:-1"},"canonical":"https:\/\/lemelville.fr\/accueil\/evenements\/tom-peyron-trio-4\/","og_locale":"fr_FR","og_type":"article","og_title":"Tom Peyron Trio","og_description":"Trois comp\u00e8res de la sc\u00e8ne jazz parisienne s&#8217;unissent pour revisiter les classiques du Great American Songbook. Dans l&#8217;instant, ils s&#8217;amusent \u00e0 swinger et \u00e0 improviser, m\u00ealant tradition et libert\u00e9. Avec&hellip; Poursuivre la lecture Tom Peyron Trio","og_url":"https:\/\/lemelville.fr\/accueil\/evenements\/tom-peyron-trio-4\/","og_site_name":"Le Melville","article_publisher":"https:\/\/www.facebook.com\/people\/Le-Melville\/100085390055277\/","og_image":[{"width":1280,"height":800,"url":"https:\/\/lemelville.fr\/wp-content\/uploads\/2025\/03\/Tom-Peyron-Trio-250318-Affiche-NF.png","type":"image\/png"}],"twitter_card":"summary_large_image","twitter_misc":{"Dur\u00e9e de lecture estim\u00e9e":"1 minute"},"schema":{"@context":"https:\/\/schema.org","@graph":[{"@type":"WebPage","@id":"https:\/\/lemelville.fr\/accueil\/evenements\/tom-peyron-trio-4\/","url":"https:\/\/lemelville.fr\/accueil\/evenements\/tom-peyron-trio-4\/","name":"Tom Peyron Trio - Le Melville","isPartOf":{"@id":"https:\/\/lemelville.fr\/accueil\/#website"},"primaryImageOfPage":{"@id":"https:\/\/lemelville.fr\/accueil\/evenements\/tom-peyron-trio-4\/#primaryimage"},"image":{"@id":"https:\/\/lemelville.fr\/accueil\/evenements\/tom-peyron-trio-4\/#primaryimage"},"thumbnailUrl":"https:\/\/lemelville.fr\/wp-content\/uploads\/2025\/03\/Tom-Peyron-Trio-250318-Affiche-NF.png","datePublished":"2025-03-03T21:32:01+00:00","breadcrumb":{"@id":"https:\/\/lemelville.fr\/accueil\/evenements\/tom-peyron-trio-4\/#breadcrumb"},"inLanguage":"fr-FR","potentialAction":[{"@type":"ReadAction","target":["https:\/\/lemelville.fr\/accueil\/evenements\/tom-peyron-trio-4\/"]}]},{"@type":"ImageObject","inLanguage":"fr-FR","@id":"https:\/\/lemelville.fr\/accueil\/evenements\/tom-peyron-trio-4\/#primaryimage","url":"https:\/\/lemelville.fr\/wp-content\/uploads\/2025\/03\/Tom-Peyron-Trio-250318-Affiche-NF.png","contentUrl":"https:\/\/lemelville.fr\/wp-content\/uploads\/2025\/03\/Tom-Peyron-Trio-250318-Affiche-NF.png","width":1280,"height":800},{"@type":"BreadcrumbList","@id":"https:\/\/lemelville.fr\/accueil\/evenements\/tom-peyron-trio-4\/#breadcrumb","itemListElement":[{"@type":"ListItem","position":1,"name":"Accueil","item":"https:\/\/lemelville.fr\/accueil\/"},{"@type":"ListItem","position":2,"name":"\u00c9v\u00e8nements","item":"https:\/\/lemelville.fr\/accueil\/evenements\/"},{"@type":"ListItem","position":3,"name":"Tom Peyron Trio"}]},{"@type":"WebSite","@id":"https:\/\/lemelville.fr\/accueil\/#website","url":"https:\/\/lemelville.fr\/accueil\/","name":"Le Melville","description":"Le Melville c\u2019est l\u2019\u00e9clectisme dans les verres, les assiettes et dans les oreilles. Du Jazz, de la world Music, souvent en live, une carte \u00e9l\u00e9gante de mets \u00e0 picorer et des cocktails sur mesure, le tout dans un \u00e9crin de bois et de velours.","publisher":{"@id":"https:\/\/lemelville.fr\/accueil\/#organization"},"potentialAction":[{"@type":"SearchAction","target":{"@type":"EntryPoint","urlTemplate":"https:\/\/lemelville.fr\/accueil\/?s={search_term_string}"},"query-input":{"@type":"PropertyValueSpecification","valueRequired":true,"valueName":"search_term_string"}}],"inLanguage":"fr-FR"},{"@type":"Organization","@id":"https:\/\/lemelville.fr\/accueil\/#organization","name":"Le Melville","url":"https:\/\/lemelville.fr\/accueil\/","logo":{"@type":"ImageObject","inLanguage":"fr-FR","@id":"https:\/\/lemelville.fr\/accueil\/#\/schema\/logo\/image\/","url":"https:\/\/lemelville.fr\/wp-content\/uploads\/2023\/09\/Logo-transparent-1-e1720022580951.png","contentUrl":"https:\/\/lemelville.fr\/wp-content\/uploads\/2023\/09\/Logo-transparent-1-e1720022580951.png","width":2000,"height":656,"caption":"Le Melville"},"image":{"@id":"https:\/\/lemelville.fr\/accueil\/#\/schema\/logo\/image\/"},"sameAs":["https:\/\/www.facebook.com\/people\/Le-Melville\/100085390055277\/","https:\/\/www.instagram.com\/lemelville_paris\/"]}]}},"_links":{"self":[{"href":"https:\/\/lemelville.fr\/accueil\/wp-json\/wp\/v2\/tribe_events\/4027","targetHints":{"allow":["GET"]}}],"collection":[{"href":"https:\/\/lemelville.fr\/accueil\/wp-json\/wp\/v2\/tribe_events"}],"about":[{"href":"https:\/\/lemelville.fr\/accueil\/wp-json\/wp\/v2\/types\/tribe_events"}],"author":[{"embeddable":true,"href":"https:\/\/lemelville.fr\/accueil\/wp-json\/wp\/v2\/users\/3"}],"version-history":[{"count":0,"href":"https:\/\/lemelville.fr\/accueil\/wp-json\/wp\/v2\/tribe_events\/4027\/revisions"}],"wp:featuredmedia":[{"embeddable":true,"href":"https:\/\/lemelville.fr\/accueil\/wp-json\/wp\/v2\/media\/4026"}],"wp:attachment":[{"href":"https:\/\/lemelville.fr\/accueil\/wp-json\/wp\/v2\/media?parent=4027"}],"wp:term":[{"taxonomy":"post_tag","embeddable":true,"href":"https:\/\/lemelville.fr\/accueil\/wp-json\/wp\/v2\/tags?post=4027"},{"taxonomy":"tribe_events_cat","embeddable":true,"href":"https:\/\/lemelville.fr\/accueil\/wp-json\/wp\/v2\/tribe_events_cat?post=4027"}],"curies":[{"name":"wp","href":"https:\/\/api.w.org\/{rel}","templated":true}]}}

<p>Trois compères de la scène jazz parisienne s&#8217;unissent pour revisiter les classiques du Great American Songbook. Dans l&#8217;instant, ils s&#8217;amusent à swinger et à improviser, mêlant tradition et liberté. Avec Tom à la batterie, Gustave à la guitare et Slim à la basse, le trio promet des performances vibrantes</p>
<p>Ce groupe réunit trois musiciens et amis de longue date, habitués de la scène jazz parisienne.<br />
Ils interprètent des standards du great american songbook, un répertoire autour duquel ils peuvent créer et interagir librement dans l&#8217;instant.<br />
Swing, tradition et lâcher prise sont les maîtres-mots qui définissent ce trio.</p>
<p>Tom  Peyron  : batterie<br />
Gustave  Reichert  : guitare<br />
Gabriel Sauzay : basse</p>

<p>Trois compères de la scène jazz parisienne s&#8217;unissent pour revisiter les classiques du Great American Songbook. Dans l&#8217;instant, ils s&#8217;amusent à swinger et à improviser, mêlant tradition et liberté. Avec&hellip; <a class="more-link" href="https://lemelville.fr/accueil/evenements/tom-peyron-trio-4/">Poursuivre la lecture <span class="screen-reader-text">Tom Peyron Trio</span></a></p>

<!-- This site is optimized with the Yoast SEO Premium plugin v24.3 (Yoast SEO v27.1.1) - https://yoast.com/product/yoast-seo-premium-wordpress/ -->
<title>Tom Peyron Trio - Le Melville</title>
<meta name="robots" content="index, follow, max-snippet:-1, max-image-preview:large, max-video-preview:-1" />
<link rel="canonical" href="https://lemelville.fr/accueil/evenements/tom-peyron-trio-4/" />
<meta property="og:locale" content="fr_FR" />
<meta property="og:type" content="article" />
<meta property="og:title" content="Tom Peyron Trio" />
<meta property="og:description" content="Trois compères de la scène jazz parisienne s&#8217;unissent pour revisiter les classiques du Great American Songbook. Dans l&#8217;instant, ils s&#8217;amusent à swinger et à improviser, mêlant tradition et liberté. Avec&hellip; Poursuivre la lecture Tom Peyron Trio" />
<meta property="og:url" content="https://lemelville.fr/accueil/evenements/tom-peyron-trio-4/" />
<meta property="og:site_name" content="Le Melville" />
<meta property="article:publisher" content="https://www.facebook.com/people/Le-Melville/100085390055277/" />
<meta property="og:image" content="https://lemelville.fr/wp-content/uploads/2025/03/Tom-Peyron-Trio-250318-Affiche-NF.png" />
	<meta property="og:image:width" content="1280" />
	<meta property="og:image:height" content="800" />
	<meta property="og:image:type" content="image/png" />
<meta name="twitter:card" content="summary_large_image" />
<meta name="twitter:label1" content="Durée de lecture estimée" />
	<meta name="twitter:data1" content="1 minute" />
<script type="application/ld+json" class="yoast-schema-graph">{"@context":"https://schema.org","@graph":[{"@type":"WebPage","@id":"https://lemelville.fr/accueil/evenements/tom-peyron-trio-4/","url":"https://lemelville.fr/accueil/evenements/tom-peyron-trio-4/","name":"Tom Peyron Trio - Le Melville","isPartOf":{"@id":"https://lemelville.fr/accueil/#website"},"primaryImageOfPage":{"@id":"https://lemelville.fr/accueil/evenements/tom-peyron-trio-4/#primaryimage"},"image":{"@id":"https://lemelville.fr/accueil/evenements/tom-peyron-trio-4/#primaryimage"},"thumbnailUrl":"https://lemelville.fr/wp-content/uploads/2025/03/Tom-Peyron-Trio-250318-Affiche-NF.png","datePublished":"2025-03-03T21:32:01+00:00","breadcrumb":{"@id":"https://lemelville.fr/accueil/evenements/tom-peyron-trio-4/#breadcrumb"},"inLanguage":"fr-FR","potentialAction":[{"@type":"ReadAction","target":["https://lemelville.fr/accueil/evenements/tom-peyron-trio-4/"]}]},{"@type":"ImageObject","inLanguage":"fr-FR","@id":"https://lemelville.fr/accueil/evenements/tom-peyron-trio-4/#primaryimage","url":"https://lemelville.fr/wp-content/uploads/2025/03/Tom-Peyron-Trio-250318-Affiche-NF.png","contentUrl":"https://lemelville.fr/wp-content/uploads/2025/03/Tom-Peyron-Trio-250318-Affiche-NF.png","width":1280,"height":800},{"@type":"BreadcrumbList","@id":"https://lemelville.fr/accueil/evenements/tom-peyron-trio-4/#breadcrumb","itemListElement":[{"@type":"ListItem","position":1,"name":"Accueil","item":"https://lemelville.fr/accueil/"},{"@type":"ListItem","position":2,"name":"Évènements","item":"https://lemelville.fr/accueil/evenements/"},{"@type":"ListItem","position":3,"name":"Tom Peyron Trio"}]},{"@type":"WebSite","@id":"https://lemelville.fr/accueil/#website","url":"https://lemelville.fr/accueil/","name":"Le Melville","description":"Le Melville c’est l’éclectisme dans les verres, les assiettes et dans les oreilles. Du Jazz, de la world Music, souvent en live, une carte élégante de mets à picorer et des cocktails sur mesure, le tout dans un écrin de bois et de velours.","publisher":{"@id":"https://lemelville.fr/accueil/#organization"},"potentialAction":[{"@type":"SearchAction","target":{"@type":"EntryPoint","urlTemplate":"https://lemelville.fr/accueil/?s={search_term_string}"},"query-input":{"@type":"PropertyValueSpecification","valueRequired":true,"valueName":"search_term_string"}}],"inLanguage":"fr-FR"},{"@type":"Organization","@id":"https://lemelville.fr/accueil/#organization","name":"Le Melville","url":"https://lemelville.fr/accueil/","logo":{"@type":"ImageObject","inLanguage":"fr-FR","@id":"https://lemelville.fr/accueil/#/schema/logo/image/","url":"https://lemelville.fr/wp-content/uploads/2023/09/Logo-transparent-1-e1720022580951.png","contentUrl":"https://lemelville.fr/wp-content/uploads/2023/09/Logo-transparent-1-e1720022580951.png","width":2000,"height":656,"caption":"Le Melville"},"image":{"@id":"https://lemelville.fr/accueil/#/schema/logo/image/"},"sameAs":["https://www.facebook.com/people/Le-Melville/100085390055277/","https://www.instagram.com/lemelville_paris/"]}]}</script>
<!-- / Yoast SEO Premium plugin. -->

Trois compères de la scène jazz parisienne s&#8217;unissent pour revisiter les classiques du Great American Songbook. Dans l&#8217;instant, ils s&#8217;amusent à swinger et à improviser, mêlant tradition et liberté. Avec&hellip; Poursuivre la lecture Tom Peyron Trio

Évènements

Le Melville c’est l’éclectisme dans les verres, les assiettes et dans les oreilles. Du Jazz, de la world Music, souvent en live, une carte élégante de mets à picorer et des cocktails sur mesure, le tout dans un écrin de bois et de velours.
