{"id":4035,"date":"2025-03-18T08:27:43","date_gmt":"2025-03-18T07:27:43","guid":{"rendered":"https:\/\/lemelville.fr\/evenements\/bcc-trio\/"},"modified":"2025-03-18T08:27:43","modified_gmt":"2025-03-18T07:27:43","slug":"bcc-trio","status":"publish","type":"tribe_events","link":"https:\/\/lemelville.fr\/accueil\/evenements\/bcc-trio\/","title":{"rendered":"BCC Trio"},"content":{"rendered":"<p>Le BCC trio revisite le format iconique du trio Piano\/Guitare\/Contrebasse du courant bop, \u00e0 la mani\u00e8re des l\u00e9gendes comme Monty Alexander et Oscar Peterson. Avec des arrangements savamment dos\u00e9s, des compositions originales et des classiques du jazz, ils insufflent une nouvelle vie \u00e0 cette formule intemporelle.<\/p>\n<p>Le BCC trio rend hommage \u00e0 la formule des premiers trio Piano \/ Guitare \/ Contrebasse du courant bop tels que les trios l\u00e9gendaires de Monty ALEXANDER, ou encore celui d\u2019Oscar PETERSON, les deux aux c\u00f4t\u00e9s de  Ray BROWN, Herb ELLIS, groupes piano-guitare-basse les plus populaires de l\u2019histoire du Jazz avec un subtil m\u00e9lange des arrangements, de compositions et des grands standards du r\u00e9pertoire Jazz.<\/p>\n<p>Francois Bernat : contrebasse<br \/>\nPierre Antoine Chaffangeon  : piano<br \/>\nHugo Corbin : guitare<\/p>\n","protected":false},"excerpt":{"rendered":"<p>Le BCC trio revisite le format iconique du trio Piano\/Guitare\/Contrebasse du courant bop, \u00e0 la mani\u00e8re des l\u00e9gendes comme Monty Alexander et Oscar Peterson. Avec des arrangements savamment dos\u00e9s, des&hellip; <a class=\"more-link\" href=\"https:\/\/lemelville.fr\/accueil\/evenements\/bcc-trio\/\">Poursuivre la lecture <span class=\"screen-reader-text\">BCC Trio<\/span><\/a><\/p>\n","protected":false},"author":3,"featured_media":4034,"template":"","meta":{"_tribe_events_status":"","_tribe_events_status_reason":"","_tribe_events_is_hybrid":"","_tribe_events_is_virtual":"","_tribe_events_virtual_video_source":"","_tribe_events_virtual_embed_video":"","_tribe_events_virtual_linked_button_text":"","_tribe_events_virtual_linked_button":"","_tribe_events_virtual_show_embed_at":"","_tribe_events_virtual_show_embed_to":[],"_tribe_events_virtual_show_on_event":"","_tribe_events_virtual_show_on_views":"","_tribe_events_virtual_url":"","footnotes":""},"tags":[],"tribe_events_cat":[88],"class_list":["post-4035","tribe_events","type-tribe_events","status-publish","has-post-thumbnail","hentry","tribe_events_cat-jazz-standard","cat_jazz-standard","entry"],"yoast_head":"<!-- This site is optimized with the Yoast SEO Premium plugin v24.3 (Yoast SEO v27.1.1) - https:\/\/yoast.com\/product\/yoast-seo-premium-wordpress\/ -->\n<title>BCC Trio - Le Melville<\/title>\n<meta name=\"robots\" content=\"index, follow, max-snippet:-1, max-image-preview:large, max-video-preview:-1\" \/>\n<link rel=\"canonical\" href=\"https:\/\/lemelville.fr\/accueil\/evenements\/bcc-trio\/\" \/>\n<meta property=\"og:locale\" content=\"fr_FR\" \/>\n<meta property=\"og:type\" content=\"article\" \/>\n<meta property=\"og:title\" content=\"BCC Trio\" \/>\n<meta property=\"og:description\" content=\"Le BCC trio revisite le format iconique du trio Piano\/Guitare\/Contrebasse du courant bop, \u00e0 la mani\u00e8re des l\u00e9gendes comme Monty Alexander et Oscar Peterson. Avec des arrangements savamment dos\u00e9s, des&hellip; Poursuivre la lecture BCC Trio\" \/>\n<meta property=\"og:url\" content=\"https:\/\/lemelville.fr\/accueil\/evenements\/bcc-trio\/\" \/>\n<meta property=\"og:site_name\" content=\"Le Melville\" \/>\n<meta property=\"article:publisher\" content=\"https:\/\/www.facebook.com\/people\/Le-Melville\/100085390055277\/\" \/>\n<meta property=\"og:image\" content=\"http:\/\/lemelville.fr\/wp-content\/uploads\/2025\/03\/BCC-Trio-Affiche-NF.png\" \/>\n\t<meta property=\"og:image:width\" content=\"1280\" \/>\n\t<meta property=\"og:image:height\" content=\"800\" \/>\n\t<meta property=\"og:image:type\" content=\"image\/png\" \/>\n<meta name=\"twitter:card\" content=\"summary_large_image\" \/>\n<meta name=\"twitter:label1\" content=\"Dur\u00e9e de lecture estim\u00e9e\" \/>\n\t<meta name=\"twitter:data1\" content=\"1 minute\" \/>\n<script type=\"application\/ld+json\" class=\"yoast-schema-graph\">{\"@context\":\"https:\/\/schema.org\",\"@graph\":[{\"@type\":\"WebPage\",\"@id\":\"https:\/\/lemelville.fr\/accueil\/evenements\/bcc-trio\/\",\"url\":\"https:\/\/lemelville.fr\/accueil\/evenements\/bcc-trio\/\",\"name\":\"BCC Trio - Le Melville\",\"isPartOf\":{\"@id\":\"https:\/\/lemelville.fr\/accueil\/#website\"},\"primaryImageOfPage\":{\"@id\":\"https:\/\/lemelville.fr\/accueil\/evenements\/bcc-trio\/#primaryimage\"},\"image\":{\"@id\":\"https:\/\/lemelville.fr\/accueil\/evenements\/bcc-trio\/#primaryimage\"},\"thumbnailUrl\":\"https:\/\/lemelville.fr\/wp-content\/uploads\/2025\/03\/BCC-Trio-Affiche-NF.png\",\"datePublished\":\"2025-03-18T07:27:43+00:00\",\"breadcrumb\":{\"@id\":\"https:\/\/lemelville.fr\/accueil\/evenements\/bcc-trio\/#breadcrumb\"},\"inLanguage\":\"fr-FR\",\"potentialAction\":[{\"@type\":\"ReadAction\",\"target\":[\"https:\/\/lemelville.fr\/accueil\/evenements\/bcc-trio\/\"]}]},{\"@type\":\"ImageObject\",\"inLanguage\":\"fr-FR\",\"@id\":\"https:\/\/lemelville.fr\/accueil\/evenements\/bcc-trio\/#primaryimage\",\"url\":\"https:\/\/lemelville.fr\/wp-content\/uploads\/2025\/03\/BCC-Trio-Affiche-NF.png\",\"contentUrl\":\"https:\/\/lemelville.fr\/wp-content\/uploads\/2025\/03\/BCC-Trio-Affiche-NF.png\",\"width\":1280,\"height\":800},{\"@type\":\"BreadcrumbList\",\"@id\":\"https:\/\/lemelville.fr\/accueil\/evenements\/bcc-trio\/#breadcrumb\",\"itemListElement\":[{\"@type\":\"ListItem\",\"position\":1,\"name\":\"Accueil\",\"item\":\"https:\/\/lemelville.fr\/accueil\/\"},{\"@type\":\"ListItem\",\"position\":2,\"name\":\"\u00c9v\u00e8nements\",\"item\":\"https:\/\/lemelville.fr\/accueil\/evenements\/\"},{\"@type\":\"ListItem\",\"position\":3,\"name\":\"BCC Trio\"}]},{\"@type\":\"WebSite\",\"@id\":\"https:\/\/lemelville.fr\/accueil\/#website\",\"url\":\"https:\/\/lemelville.fr\/accueil\/\",\"name\":\"Le Melville\",\"description\":\"Le Melville c\u2019est l\u2019\u00e9clectisme dans les verres, les assiettes et dans les oreilles. Du Jazz, de la world Music, souvent en live, une carte \u00e9l\u00e9gante de mets \u00e0 picorer et des cocktails sur mesure, le tout dans un \u00e9crin de bois et de velours.\",\"publisher\":{\"@id\":\"https:\/\/lemelville.fr\/accueil\/#organization\"},\"potentialAction\":[{\"@type\":\"SearchAction\",\"target\":{\"@type\":\"EntryPoint\",\"urlTemplate\":\"https:\/\/lemelville.fr\/accueil\/?s={search_term_string}\"},\"query-input\":{\"@type\":\"PropertyValueSpecification\",\"valueRequired\":true,\"valueName\":\"search_term_string\"}}],\"inLanguage\":\"fr-FR\"},{\"@type\":\"Organization\",\"@id\":\"https:\/\/lemelville.fr\/accueil\/#organization\",\"name\":\"Le Melville\",\"url\":\"https:\/\/lemelville.fr\/accueil\/\",\"logo\":{\"@type\":\"ImageObject\",\"inLanguage\":\"fr-FR\",\"@id\":\"https:\/\/lemelville.fr\/accueil\/#\/schema\/logo\/image\/\",\"url\":\"https:\/\/lemelville.fr\/wp-content\/uploads\/2023\/09\/Logo-transparent-1-e1720022580951.png\",\"contentUrl\":\"https:\/\/lemelville.fr\/wp-content\/uploads\/2023\/09\/Logo-transparent-1-e1720022580951.png\",\"width\":2000,\"height\":656,\"caption\":\"Le Melville\"},\"image\":{\"@id\":\"https:\/\/lemelville.fr\/accueil\/#\/schema\/logo\/image\/\"},\"sameAs\":[\"https:\/\/www.facebook.com\/people\/Le-Melville\/100085390055277\/\",\"https:\/\/www.instagram.com\/lemelville_paris\/\"]}]}<\/script>\n<!-- \/ Yoast SEO Premium plugin. -->","yoast_head_json":{"title":"BCC Trio - Le Melville","robots":{"index":"index","follow":"follow","max-snippet":"max-snippet:-1","max-image-preview":"max-image-preview:large","max-video-preview":"max-video-preview:-1"},"canonical":"https:\/\/lemelville.fr\/accueil\/evenements\/bcc-trio\/","og_locale":"fr_FR","og_type":"article","og_title":"BCC Trio","og_description":"Le BCC trio revisite le format iconique du trio Piano\/Guitare\/Contrebasse du courant bop, \u00e0 la mani\u00e8re des l\u00e9gendes comme Monty Alexander et Oscar Peterson. Avec des arrangements savamment dos\u00e9s, des&hellip; Poursuivre la lecture BCC Trio","og_url":"https:\/\/lemelville.fr\/accueil\/evenements\/bcc-trio\/","og_site_name":"Le Melville","article_publisher":"https:\/\/www.facebook.com\/people\/Le-Melville\/100085390055277\/","og_image":[{"width":1280,"height":800,"url":"http:\/\/lemelville.fr\/wp-content\/uploads\/2025\/03\/BCC-Trio-Affiche-NF.png","type":"image\/png"}],"twitter_card":"summary_large_image","twitter_misc":{"Dur\u00e9e de lecture estim\u00e9e":"1 minute"},"schema":{"@context":"https:\/\/schema.org","@graph":[{"@type":"WebPage","@id":"https:\/\/lemelville.fr\/accueil\/evenements\/bcc-trio\/","url":"https:\/\/lemelville.fr\/accueil\/evenements\/bcc-trio\/","name":"BCC Trio - Le Melville","isPartOf":{"@id":"https:\/\/lemelville.fr\/accueil\/#website"},"primaryImageOfPage":{"@id":"https:\/\/lemelville.fr\/accueil\/evenements\/bcc-trio\/#primaryimage"},"image":{"@id":"https:\/\/lemelville.fr\/accueil\/evenements\/bcc-trio\/#primaryimage"},"thumbnailUrl":"https:\/\/lemelville.fr\/wp-content\/uploads\/2025\/03\/BCC-Trio-Affiche-NF.png","datePublished":"2025-03-18T07:27:43+00:00","breadcrumb":{"@id":"https:\/\/lemelville.fr\/accueil\/evenements\/bcc-trio\/#breadcrumb"},"inLanguage":"fr-FR","potentialAction":[{"@type":"ReadAction","target":["https:\/\/lemelville.fr\/accueil\/evenements\/bcc-trio\/"]}]},{"@type":"ImageObject","inLanguage":"fr-FR","@id":"https:\/\/lemelville.fr\/accueil\/evenements\/bcc-trio\/#primaryimage","url":"https:\/\/lemelville.fr\/wp-content\/uploads\/2025\/03\/BCC-Trio-Affiche-NF.png","contentUrl":"https:\/\/lemelville.fr\/wp-content\/uploads\/2025\/03\/BCC-Trio-Affiche-NF.png","width":1280,"height":800},{"@type":"BreadcrumbList","@id":"https:\/\/lemelville.fr\/accueil\/evenements\/bcc-trio\/#breadcrumb","itemListElement":[{"@type":"ListItem","position":1,"name":"Accueil","item":"https:\/\/lemelville.fr\/accueil\/"},{"@type":"ListItem","position":2,"name":"\u00c9v\u00e8nements","item":"https:\/\/lemelville.fr\/accueil\/evenements\/"},{"@type":"ListItem","position":3,"name":"BCC Trio"}]},{"@type":"WebSite","@id":"https:\/\/lemelville.fr\/accueil\/#website","url":"https:\/\/lemelville.fr\/accueil\/","name":"Le Melville","description":"Le Melville c\u2019est l\u2019\u00e9clectisme dans les verres, les assiettes et dans les oreilles. Du Jazz, de la world Music, souvent en live, une carte \u00e9l\u00e9gante de mets \u00e0 picorer et des cocktails sur mesure, le tout dans un \u00e9crin de bois et de velours.","publisher":{"@id":"https:\/\/lemelville.fr\/accueil\/#organization"},"potentialAction":[{"@type":"SearchAction","target":{"@type":"EntryPoint","urlTemplate":"https:\/\/lemelville.fr\/accueil\/?s={search_term_string}"},"query-input":{"@type":"PropertyValueSpecification","valueRequired":true,"valueName":"search_term_string"}}],"inLanguage":"fr-FR"},{"@type":"Organization","@id":"https:\/\/lemelville.fr\/accueil\/#organization","name":"Le Melville","url":"https:\/\/lemelville.fr\/accueil\/","logo":{"@type":"ImageObject","inLanguage":"fr-FR","@id":"https:\/\/lemelville.fr\/accueil\/#\/schema\/logo\/image\/","url":"https:\/\/lemelville.fr\/wp-content\/uploads\/2023\/09\/Logo-transparent-1-e1720022580951.png","contentUrl":"https:\/\/lemelville.fr\/wp-content\/uploads\/2023\/09\/Logo-transparent-1-e1720022580951.png","width":2000,"height":656,"caption":"Le Melville"},"image":{"@id":"https:\/\/lemelville.fr\/accueil\/#\/schema\/logo\/image\/"},"sameAs":["https:\/\/www.facebook.com\/people\/Le-Melville\/100085390055277\/","https:\/\/www.instagram.com\/lemelville_paris\/"]}]}},"_links":{"self":[{"href":"https:\/\/lemelville.fr\/accueil\/wp-json\/wp\/v2\/tribe_events\/4035","targetHints":{"allow":["GET"]}}],"collection":[{"href":"https:\/\/lemelville.fr\/accueil\/wp-json\/wp\/v2\/tribe_events"}],"about":[{"href":"https:\/\/lemelville.fr\/accueil\/wp-json\/wp\/v2\/types\/tribe_events"}],"author":[{"embeddable":true,"href":"https:\/\/lemelville.fr\/accueil\/wp-json\/wp\/v2\/users\/3"}],"version-history":[{"count":0,"href":"https:\/\/lemelville.fr\/accueil\/wp-json\/wp\/v2\/tribe_events\/4035\/revisions"}],"wp:featuredmedia":[{"embeddable":true,"href":"https:\/\/lemelville.fr\/accueil\/wp-json\/wp\/v2\/media\/4034"}],"wp:attachment":[{"href":"https:\/\/lemelville.fr\/accueil\/wp-json\/wp\/v2\/media?parent=4035"}],"wp:term":[{"taxonomy":"post_tag","embeddable":true,"href":"https:\/\/lemelville.fr\/accueil\/wp-json\/wp\/v2\/tags?post=4035"},{"taxonomy":"tribe_events_cat","embeddable":true,"href":"https:\/\/lemelville.fr\/accueil\/wp-json\/wp\/v2\/tribe_events_cat?post=4035"}],"curies":[{"name":"wp","href":"https:\/\/api.w.org\/{rel}","templated":true}]}}

<p>Le BCC trio revisite le format iconique du trio Piano/Guitare/Contrebasse du courant bop, à la manière des légendes comme Monty Alexander et Oscar Peterson. Avec des arrangements savamment dosés, des compositions originales et des classiques du jazz, ils insufflent une nouvelle vie à cette formule intemporelle.</p>
<p>Le BCC trio rend hommage à la formule des premiers trio Piano / Guitare / Contrebasse du courant bop tels que les trios légendaires de Monty ALEXANDER, ou encore celui d’Oscar PETERSON, les deux aux côtés de  Ray BROWN, Herb ELLIS, groupes piano-guitare-basse les plus populaires de l’histoire du Jazz avec un subtil mélange des arrangements, de compositions et des grands standards du répertoire Jazz.</p>
<p>Francois Bernat : contrebasse<br />
Pierre Antoine Chaffangeon  : piano<br />
Hugo Corbin : guitare</p>

<p>Le BCC trio revisite le format iconique du trio Piano/Guitare/Contrebasse du courant bop, à la manière des légendes comme Monty Alexander et Oscar Peterson. Avec des arrangements savamment dosés, des&hellip; <a class="more-link" href="https://lemelville.fr/accueil/evenements/bcc-trio/">Poursuivre la lecture <span class="screen-reader-text">BCC Trio</span></a></p>

<!-- This site is optimized with the Yoast SEO Premium plugin v24.3 (Yoast SEO v27.1.1) - https://yoast.com/product/yoast-seo-premium-wordpress/ -->
<title>BCC Trio - Le Melville</title>
<meta name="robots" content="index, follow, max-snippet:-1, max-image-preview:large, max-video-preview:-1" />
<link rel="canonical" href="https://lemelville.fr/accueil/evenements/bcc-trio/" />
<meta property="og:locale" content="fr_FR" />
<meta property="og:type" content="article" />
<meta property="og:title" content="BCC Trio" />
<meta property="og:description" content="Le BCC trio revisite le format iconique du trio Piano/Guitare/Contrebasse du courant bop, à la manière des légendes comme Monty Alexander et Oscar Peterson. Avec des arrangements savamment dosés, des&hellip; Poursuivre la lecture BCC Trio" />
<meta property="og:url" content="https://lemelville.fr/accueil/evenements/bcc-trio/" />
<meta property="og:site_name" content="Le Melville" />
<meta property="article:publisher" content="https://www.facebook.com/people/Le-Melville/100085390055277/" />
<meta property="og:image" content="http://lemelville.fr/wp-content/uploads/2025/03/BCC-Trio-Affiche-NF.png" />
	<meta property="og:image:width" content="1280" />
	<meta property="og:image:height" content="800" />
	<meta property="og:image:type" content="image/png" />
<meta name="twitter:card" content="summary_large_image" />
<meta name="twitter:label1" content="Durée de lecture estimée" />
	<meta name="twitter:data1" content="1 minute" />
<script type="application/ld+json" class="yoast-schema-graph">{"@context":"https://schema.org","@graph":[{"@type":"WebPage","@id":"https://lemelville.fr/accueil/evenements/bcc-trio/","url":"https://lemelville.fr/accueil/evenements/bcc-trio/","name":"BCC Trio - Le Melville","isPartOf":{"@id":"https://lemelville.fr/accueil/#website"},"primaryImageOfPage":{"@id":"https://lemelville.fr/accueil/evenements/bcc-trio/#primaryimage"},"image":{"@id":"https://lemelville.fr/accueil/evenements/bcc-trio/#primaryimage"},"thumbnailUrl":"https://lemelville.fr/wp-content/uploads/2025/03/BCC-Trio-Affiche-NF.png","datePublished":"2025-03-18T07:27:43+00:00","breadcrumb":{"@id":"https://lemelville.fr/accueil/evenements/bcc-trio/#breadcrumb"},"inLanguage":"fr-FR","potentialAction":[{"@type":"ReadAction","target":["https://lemelville.fr/accueil/evenements/bcc-trio/"]}]},{"@type":"ImageObject","inLanguage":"fr-FR","@id":"https://lemelville.fr/accueil/evenements/bcc-trio/#primaryimage","url":"https://lemelville.fr/wp-content/uploads/2025/03/BCC-Trio-Affiche-NF.png","contentUrl":"https://lemelville.fr/wp-content/uploads/2025/03/BCC-Trio-Affiche-NF.png","width":1280,"height":800},{"@type":"BreadcrumbList","@id":"https://lemelville.fr/accueil/evenements/bcc-trio/#breadcrumb","itemListElement":[{"@type":"ListItem","position":1,"name":"Accueil","item":"https://lemelville.fr/accueil/"},{"@type":"ListItem","position":2,"name":"Évènements","item":"https://lemelville.fr/accueil/evenements/"},{"@type":"ListItem","position":3,"name":"BCC Trio"}]},{"@type":"WebSite","@id":"https://lemelville.fr/accueil/#website","url":"https://lemelville.fr/accueil/","name":"Le Melville","description":"Le Melville c’est l’éclectisme dans les verres, les assiettes et dans les oreilles. Du Jazz, de la world Music, souvent en live, une carte élégante de mets à picorer et des cocktails sur mesure, le tout dans un écrin de bois et de velours.","publisher":{"@id":"https://lemelville.fr/accueil/#organization"},"potentialAction":[{"@type":"SearchAction","target":{"@type":"EntryPoint","urlTemplate":"https://lemelville.fr/accueil/?s={search_term_string}"},"query-input":{"@type":"PropertyValueSpecification","valueRequired":true,"valueName":"search_term_string"}}],"inLanguage":"fr-FR"},{"@type":"Organization","@id":"https://lemelville.fr/accueil/#organization","name":"Le Melville","url":"https://lemelville.fr/accueil/","logo":{"@type":"ImageObject","inLanguage":"fr-FR","@id":"https://lemelville.fr/accueil/#/schema/logo/image/","url":"https://lemelville.fr/wp-content/uploads/2023/09/Logo-transparent-1-e1720022580951.png","contentUrl":"https://lemelville.fr/wp-content/uploads/2023/09/Logo-transparent-1-e1720022580951.png","width":2000,"height":656,"caption":"Le Melville"},"image":{"@id":"https://lemelville.fr/accueil/#/schema/logo/image/"},"sameAs":["https://www.facebook.com/people/Le-Melville/100085390055277/","https://www.instagram.com/lemelville_paris/"]}]}</script>
<!-- / Yoast SEO Premium plugin. -->

Le BCC trio revisite le format iconique du trio Piano/Guitare/Contrebasse du courant bop, à la manière des légendes comme Monty Alexander et Oscar Peterson. Avec des arrangements savamment dosés, des&hellip; Poursuivre la lecture BCC Trio

Évènements

Le Melville c’est l’éclectisme dans les verres, les assiettes et dans les oreilles. Du Jazz, de la world Music, souvent en live, une carte élégante de mets à picorer et des cocktails sur mesure, le tout dans un écrin de bois et de velours.
