{"id":4044,"date":"2025-03-18T12:56:28","date_gmt":"2025-03-18T11:56:28","guid":{"rendered":"https:\/\/lemelville.fr\/evenements\/inner-space-trio-hommage-a-bill-evans\/"},"modified":"2025-03-18T12:56:28","modified_gmt":"2025-03-18T11:56:28","slug":"inner-space-trio-hommage-a-bill-evans","status":"publish","type":"tribe_events","link":"https:\/\/lemelville.fr\/accueil\/evenements\/inner-space-trio-hommage-a-bill-evans\/","title":{"rendered":"Inner Space Trio Hommage \u00e0 Bill Evans"},"content":{"rendered":"<p>Le talentueux Inner Space Trio fait son retour au Melville pour une promenade envo\u00fbtante \u00e0 travers les grands standards de bill Evans et du Duke. Cl\u00e9ment Thirion, Fady Farah et Patrick Chenais vous feront d\u00e9buter la semaine en beaut\u00e9 avec leur interpr\u00e9tation \u00e9l\u00e9gante et sensible.<\/p>\n<p>L\u2019Inner Space Trio revient au Melville pour notre plus grande joie. Une merveilleuse promenade dans les grands standards ! <\/p>\n<p>Cl\u00e9ment Thirion, Fady Farah et Patrick Chenais nous offrent une ballade entre les m\u00e9lodies de Bill Evans, du Duke et des plus grands. Comment mieux d\u00e9buter la semaine qu\u2019avec ce trio en se plongeant dans les grands standards interpr\u00e9t\u00e9s avec \u00e9l\u00e9gance et sensibilit\u00e9 ? <\/p>\n<p>Cl\u00e9ment  Thirion  : contrebasse<br \/>\nFady  Farah : piano<br \/>\nPatrick Chenais : batterie<\/p>\n","protected":false},"excerpt":{"rendered":"<p>Le talentueux Inner Space Trio fait son retour au Melville pour une promenade envo\u00fbtante \u00e0 travers les grands standards de bill Evans et du Duke. Cl\u00e9ment Thirion, Fady Farah et&hellip; <a class=\"more-link\" href=\"https:\/\/lemelville.fr\/accueil\/evenements\/inner-space-trio-hommage-a-bill-evans\/\">Poursuivre la lecture <span class=\"screen-reader-text\">Inner Space Trio Hommage \u00e0 Bill Evans<\/span><\/a><\/p>\n","protected":false},"author":3,"featured_media":4043,"template":"","meta":{"_tribe_events_status":"","_tribe_events_status_reason":"","_tribe_events_is_hybrid":"","_tribe_events_is_virtual":"","_tribe_events_virtual_video_source":"","_tribe_events_virtual_embed_video":"","_tribe_events_virtual_linked_button_text":"","_tribe_events_virtual_linked_button":"","_tribe_events_virtual_show_embed_at":"","_tribe_events_virtual_show_embed_to":[],"_tribe_events_virtual_show_on_event":"","_tribe_events_virtual_show_on_views":"","_tribe_events_virtual_url":"","footnotes":""},"tags":[],"tribe_events_cat":[88],"class_list":["post-4044","tribe_events","type-tribe_events","status-publish","has-post-thumbnail","hentry","tribe_events_cat-jazz-standard","cat_jazz-standard","entry"],"yoast_head":"<!-- This site is optimized with the Yoast SEO Premium plugin v24.3 (Yoast SEO v27.1.1) - https:\/\/yoast.com\/product\/yoast-seo-premium-wordpress\/ -->\n<title>Inner Space Trio Hommage \u00e0 Bill Evans - Le Melville<\/title>\n<meta name=\"robots\" content=\"index, follow, max-snippet:-1, max-image-preview:large, max-video-preview:-1\" \/>\n<link rel=\"canonical\" href=\"https:\/\/lemelville.fr\/accueil\/evenements\/inner-space-trio-hommage-a-bill-evans\/\" \/>\n<meta property=\"og:locale\" content=\"fr_FR\" \/>\n<meta property=\"og:type\" content=\"article\" \/>\n<meta property=\"og:title\" content=\"Inner Space Trio Hommage \u00e0 Bill Evans\" \/>\n<meta property=\"og:description\" content=\"Le talentueux Inner Space Trio fait son retour au Melville pour une promenade envo\u00fbtante \u00e0 travers les grands standards de bill Evans et du Duke. Cl\u00e9ment Thirion, Fady Farah et&hellip; Poursuivre la lecture Inner Space Trio Hommage \u00e0 Bill Evans\" \/>\n<meta property=\"og:url\" content=\"https:\/\/lemelville.fr\/accueil\/evenements\/inner-space-trio-hommage-a-bill-evans\/\" \/>\n<meta property=\"og:site_name\" content=\"Le Melville\" \/>\n<meta property=\"article:publisher\" content=\"https:\/\/www.facebook.com\/people\/Le-Melville\/100085390055277\/\" \/>\n<meta property=\"og:image\" content=\"https:\/\/lemelville.fr\/wp-content\/uploads\/2025\/03\/Inner-Space-Trio-Farah-Trio.png\" \/>\n\t<meta property=\"og:image:width\" content=\"1529\" \/>\n\t<meta property=\"og:image:height\" content=\"1081\" \/>\n\t<meta property=\"og:image:type\" content=\"image\/png\" \/>\n<meta name=\"twitter:card\" content=\"summary_large_image\" \/>\n<meta name=\"twitter:label1\" content=\"Dur\u00e9e de lecture estim\u00e9e\" \/>\n\t<meta name=\"twitter:data1\" content=\"1 minute\" \/>\n<script type=\"application\/ld+json\" class=\"yoast-schema-graph\">{\"@context\":\"https:\/\/schema.org\",\"@graph\":[{\"@type\":\"WebPage\",\"@id\":\"https:\/\/lemelville.fr\/accueil\/evenements\/inner-space-trio-hommage-a-bill-evans\/\",\"url\":\"https:\/\/lemelville.fr\/accueil\/evenements\/inner-space-trio-hommage-a-bill-evans\/\",\"name\":\"Inner Space Trio Hommage \u00e0 Bill Evans - Le Melville\",\"isPartOf\":{\"@id\":\"https:\/\/lemelville.fr\/accueil\/#website\"},\"primaryImageOfPage\":{\"@id\":\"https:\/\/lemelville.fr\/accueil\/evenements\/inner-space-trio-hommage-a-bill-evans\/#primaryimage\"},\"image\":{\"@id\":\"https:\/\/lemelville.fr\/accueil\/evenements\/inner-space-trio-hommage-a-bill-evans\/#primaryimage\"},\"thumbnailUrl\":\"https:\/\/lemelville.fr\/wp-content\/uploads\/2025\/03\/Inner-Space-Trio-Farah-Trio.png\",\"datePublished\":\"2025-03-18T11:56:28+00:00\",\"breadcrumb\":{\"@id\":\"https:\/\/lemelville.fr\/accueil\/evenements\/inner-space-trio-hommage-a-bill-evans\/#breadcrumb\"},\"inLanguage\":\"fr-FR\",\"potentialAction\":[{\"@type\":\"ReadAction\",\"target\":[\"https:\/\/lemelville.fr\/accueil\/evenements\/inner-space-trio-hommage-a-bill-evans\/\"]}]},{\"@type\":\"ImageObject\",\"inLanguage\":\"fr-FR\",\"@id\":\"https:\/\/lemelville.fr\/accueil\/evenements\/inner-space-trio-hommage-a-bill-evans\/#primaryimage\",\"url\":\"https:\/\/lemelville.fr\/wp-content\/uploads\/2025\/03\/Inner-Space-Trio-Farah-Trio.png\",\"contentUrl\":\"https:\/\/lemelville.fr\/wp-content\/uploads\/2025\/03\/Inner-Space-Trio-Farah-Trio.png\",\"width\":1529,\"height\":1081},{\"@type\":\"BreadcrumbList\",\"@id\":\"https:\/\/lemelville.fr\/accueil\/evenements\/inner-space-trio-hommage-a-bill-evans\/#breadcrumb\",\"itemListElement\":[{\"@type\":\"ListItem\",\"position\":1,\"name\":\"Accueil\",\"item\":\"https:\/\/lemelville.fr\/accueil\/\"},{\"@type\":\"ListItem\",\"position\":2,\"name\":\"\u00c9v\u00e8nements\",\"item\":\"https:\/\/lemelville.fr\/accueil\/evenements\/\"},{\"@type\":\"ListItem\",\"position\":3,\"name\":\"Inner Space Trio Hommage \u00e0 Bill Evans\"}]},{\"@type\":\"WebSite\",\"@id\":\"https:\/\/lemelville.fr\/accueil\/#website\",\"url\":\"https:\/\/lemelville.fr\/accueil\/\",\"name\":\"Le Melville\",\"description\":\"Le Melville c\u2019est l\u2019\u00e9clectisme dans les verres, les assiettes et dans les oreilles. Du Jazz, de la world Music, souvent en live, une carte \u00e9l\u00e9gante de mets \u00e0 picorer et des cocktails sur mesure, le tout dans un \u00e9crin de bois et de velours.\",\"publisher\":{\"@id\":\"https:\/\/lemelville.fr\/accueil\/#organization\"},\"potentialAction\":[{\"@type\":\"SearchAction\",\"target\":{\"@type\":\"EntryPoint\",\"urlTemplate\":\"https:\/\/lemelville.fr\/accueil\/?s={search_term_string}\"},\"query-input\":{\"@type\":\"PropertyValueSpecification\",\"valueRequired\":true,\"valueName\":\"search_term_string\"}}],\"inLanguage\":\"fr-FR\"},{\"@type\":\"Organization\",\"@id\":\"https:\/\/lemelville.fr\/accueil\/#organization\",\"name\":\"Le Melville\",\"url\":\"https:\/\/lemelville.fr\/accueil\/\",\"logo\":{\"@type\":\"ImageObject\",\"inLanguage\":\"fr-FR\",\"@id\":\"https:\/\/lemelville.fr\/accueil\/#\/schema\/logo\/image\/\",\"url\":\"https:\/\/lemelville.fr\/wp-content\/uploads\/2023\/09\/Logo-transparent-1-e1720022580951.png\",\"contentUrl\":\"https:\/\/lemelville.fr\/wp-content\/uploads\/2023\/09\/Logo-transparent-1-e1720022580951.png\",\"width\":2000,\"height\":656,\"caption\":\"Le Melville\"},\"image\":{\"@id\":\"https:\/\/lemelville.fr\/accueil\/#\/schema\/logo\/image\/\"},\"sameAs\":[\"https:\/\/www.facebook.com\/people\/Le-Melville\/100085390055277\/\",\"https:\/\/www.instagram.com\/lemelville_paris\/\"]}]}<\/script>\n<!-- \/ Yoast SEO Premium plugin. -->","yoast_head_json":{"title":"Inner Space Trio Hommage \u00e0 Bill Evans - Le Melville","robots":{"index":"index","follow":"follow","max-snippet":"max-snippet:-1","max-image-preview":"max-image-preview:large","max-video-preview":"max-video-preview:-1"},"canonical":"https:\/\/lemelville.fr\/accueil\/evenements\/inner-space-trio-hommage-a-bill-evans\/","og_locale":"fr_FR","og_type":"article","og_title":"Inner Space Trio Hommage \u00e0 Bill Evans","og_description":"Le talentueux Inner Space Trio fait son retour au Melville pour une promenade envo\u00fbtante \u00e0 travers les grands standards de bill Evans et du Duke. Cl\u00e9ment Thirion, Fady Farah et&hellip; Poursuivre la lecture Inner Space Trio Hommage \u00e0 Bill Evans","og_url":"https:\/\/lemelville.fr\/accueil\/evenements\/inner-space-trio-hommage-a-bill-evans\/","og_site_name":"Le Melville","article_publisher":"https:\/\/www.facebook.com\/people\/Le-Melville\/100085390055277\/","og_image":[{"width":1529,"height":1081,"url":"https:\/\/lemelville.fr\/wp-content\/uploads\/2025\/03\/Inner-Space-Trio-Farah-Trio.png","type":"image\/png"}],"twitter_card":"summary_large_image","twitter_misc":{"Dur\u00e9e de lecture estim\u00e9e":"1 minute"},"schema":{"@context":"https:\/\/schema.org","@graph":[{"@type":"WebPage","@id":"https:\/\/lemelville.fr\/accueil\/evenements\/inner-space-trio-hommage-a-bill-evans\/","url":"https:\/\/lemelville.fr\/accueil\/evenements\/inner-space-trio-hommage-a-bill-evans\/","name":"Inner Space Trio Hommage \u00e0 Bill Evans - Le Melville","isPartOf":{"@id":"https:\/\/lemelville.fr\/accueil\/#website"},"primaryImageOfPage":{"@id":"https:\/\/lemelville.fr\/accueil\/evenements\/inner-space-trio-hommage-a-bill-evans\/#primaryimage"},"image":{"@id":"https:\/\/lemelville.fr\/accueil\/evenements\/inner-space-trio-hommage-a-bill-evans\/#primaryimage"},"thumbnailUrl":"https:\/\/lemelville.fr\/wp-content\/uploads\/2025\/03\/Inner-Space-Trio-Farah-Trio.png","datePublished":"2025-03-18T11:56:28+00:00","breadcrumb":{"@id":"https:\/\/lemelville.fr\/accueil\/evenements\/inner-space-trio-hommage-a-bill-evans\/#breadcrumb"},"inLanguage":"fr-FR","potentialAction":[{"@type":"ReadAction","target":["https:\/\/lemelville.fr\/accueil\/evenements\/inner-space-trio-hommage-a-bill-evans\/"]}]},{"@type":"ImageObject","inLanguage":"fr-FR","@id":"https:\/\/lemelville.fr\/accueil\/evenements\/inner-space-trio-hommage-a-bill-evans\/#primaryimage","url":"https:\/\/lemelville.fr\/wp-content\/uploads\/2025\/03\/Inner-Space-Trio-Farah-Trio.png","contentUrl":"https:\/\/lemelville.fr\/wp-content\/uploads\/2025\/03\/Inner-Space-Trio-Farah-Trio.png","width":1529,"height":1081},{"@type":"BreadcrumbList","@id":"https:\/\/lemelville.fr\/accueil\/evenements\/inner-space-trio-hommage-a-bill-evans\/#breadcrumb","itemListElement":[{"@type":"ListItem","position":1,"name":"Accueil","item":"https:\/\/lemelville.fr\/accueil\/"},{"@type":"ListItem","position":2,"name":"\u00c9v\u00e8nements","item":"https:\/\/lemelville.fr\/accueil\/evenements\/"},{"@type":"ListItem","position":3,"name":"Inner Space Trio Hommage \u00e0 Bill Evans"}]},{"@type":"WebSite","@id":"https:\/\/lemelville.fr\/accueil\/#website","url":"https:\/\/lemelville.fr\/accueil\/","name":"Le Melville","description":"Le Melville c\u2019est l\u2019\u00e9clectisme dans les verres, les assiettes et dans les oreilles. Du Jazz, de la world Music, souvent en live, une carte \u00e9l\u00e9gante de mets \u00e0 picorer et des cocktails sur mesure, le tout dans un \u00e9crin de bois et de velours.","publisher":{"@id":"https:\/\/lemelville.fr\/accueil\/#organization"},"potentialAction":[{"@type":"SearchAction","target":{"@type":"EntryPoint","urlTemplate":"https:\/\/lemelville.fr\/accueil\/?s={search_term_string}"},"query-input":{"@type":"PropertyValueSpecification","valueRequired":true,"valueName":"search_term_string"}}],"inLanguage":"fr-FR"},{"@type":"Organization","@id":"https:\/\/lemelville.fr\/accueil\/#organization","name":"Le Melville","url":"https:\/\/lemelville.fr\/accueil\/","logo":{"@type":"ImageObject","inLanguage":"fr-FR","@id":"https:\/\/lemelville.fr\/accueil\/#\/schema\/logo\/image\/","url":"https:\/\/lemelville.fr\/wp-content\/uploads\/2023\/09\/Logo-transparent-1-e1720022580951.png","contentUrl":"https:\/\/lemelville.fr\/wp-content\/uploads\/2023\/09\/Logo-transparent-1-e1720022580951.png","width":2000,"height":656,"caption":"Le Melville"},"image":{"@id":"https:\/\/lemelville.fr\/accueil\/#\/schema\/logo\/image\/"},"sameAs":["https:\/\/www.facebook.com\/people\/Le-Melville\/100085390055277\/","https:\/\/www.instagram.com\/lemelville_paris\/"]}]}},"_links":{"self":[{"href":"https:\/\/lemelville.fr\/accueil\/wp-json\/wp\/v2\/tribe_events\/4044","targetHints":{"allow":["GET"]}}],"collection":[{"href":"https:\/\/lemelville.fr\/accueil\/wp-json\/wp\/v2\/tribe_events"}],"about":[{"href":"https:\/\/lemelville.fr\/accueil\/wp-json\/wp\/v2\/types\/tribe_events"}],"author":[{"embeddable":true,"href":"https:\/\/lemelville.fr\/accueil\/wp-json\/wp\/v2\/users\/3"}],"version-history":[{"count":0,"href":"https:\/\/lemelville.fr\/accueil\/wp-json\/wp\/v2\/tribe_events\/4044\/revisions"}],"wp:featuredmedia":[{"embeddable":true,"href":"https:\/\/lemelville.fr\/accueil\/wp-json\/wp\/v2\/media\/4043"}],"wp:attachment":[{"href":"https:\/\/lemelville.fr\/accueil\/wp-json\/wp\/v2\/media?parent=4044"}],"wp:term":[{"taxonomy":"post_tag","embeddable":true,"href":"https:\/\/lemelville.fr\/accueil\/wp-json\/wp\/v2\/tags?post=4044"},{"taxonomy":"tribe_events_cat","embeddable":true,"href":"https:\/\/lemelville.fr\/accueil\/wp-json\/wp\/v2\/tribe_events_cat?post=4044"}],"curies":[{"name":"wp","href":"https:\/\/api.w.org\/{rel}","templated":true}]}}

Inner Space Trio Hommage à Bill Evans

<p>Le talentueux Inner Space Trio fait son retour au Melville pour une promenade envoûtante à travers les grands standards de bill Evans et du Duke. Clément Thirion, Fady Farah et Patrick Chenais vous feront débuter la semaine en beauté avec leur interprétation élégante et sensible.</p>
<p>L’Inner Space Trio revient au Melville pour notre plus grande joie. Une merveilleuse promenade dans les grands standards ! </p>
<p>Clément Thirion, Fady Farah et Patrick Chenais nous offrent une ballade entre les mélodies de Bill Evans, du Duke et des plus grands. Comment mieux débuter la semaine qu’avec ce trio en se plongeant dans les grands standards interprétés avec élégance et sensibilité ? </p>
<p>Clément  Thirion  : contrebasse<br />
Fady  Farah : piano<br />
Patrick Chenais : batterie</p>

<p>Le talentueux Inner Space Trio fait son retour au Melville pour une promenade envoûtante à travers les grands standards de bill Evans et du Duke. Clément Thirion, Fady Farah et&hellip; <a class="more-link" href="https://lemelville.fr/accueil/evenements/inner-space-trio-hommage-a-bill-evans/">Poursuivre la lecture <span class="screen-reader-text">Inner Space Trio Hommage à Bill Evans</span></a></p>

<!-- This site is optimized with the Yoast SEO Premium plugin v24.3 (Yoast SEO v27.1.1) - https://yoast.com/product/yoast-seo-premium-wordpress/ -->
<title>Inner Space Trio Hommage à Bill Evans - Le Melville</title>
<meta name="robots" content="index, follow, max-snippet:-1, max-image-preview:large, max-video-preview:-1" />
<link rel="canonical" href="https://lemelville.fr/accueil/evenements/inner-space-trio-hommage-a-bill-evans/" />
<meta property="og:locale" content="fr_FR" />
<meta property="og:type" content="article" />
<meta property="og:title" content="Inner Space Trio Hommage à Bill Evans" />
<meta property="og:description" content="Le talentueux Inner Space Trio fait son retour au Melville pour une promenade envoûtante à travers les grands standards de bill Evans et du Duke. Clément Thirion, Fady Farah et&hellip; Poursuivre la lecture Inner Space Trio Hommage à Bill Evans" />
<meta property="og:url" content="https://lemelville.fr/accueil/evenements/inner-space-trio-hommage-a-bill-evans/" />
<meta property="og:site_name" content="Le Melville" />
<meta property="article:publisher" content="https://www.facebook.com/people/Le-Melville/100085390055277/" />
<meta property="og:image" content="https://lemelville.fr/wp-content/uploads/2025/03/Inner-Space-Trio-Farah-Trio.png" />
	<meta property="og:image:width" content="1529" />
	<meta property="og:image:height" content="1081" />
	<meta property="og:image:type" content="image/png" />
<meta name="twitter:card" content="summary_large_image" />
<meta name="twitter:label1" content="Durée de lecture estimée" />
	<meta name="twitter:data1" content="1 minute" />
<script type="application/ld+json" class="yoast-schema-graph">{"@context":"https://schema.org","@graph":[{"@type":"WebPage","@id":"https://lemelville.fr/accueil/evenements/inner-space-trio-hommage-a-bill-evans/","url":"https://lemelville.fr/accueil/evenements/inner-space-trio-hommage-a-bill-evans/","name":"Inner Space Trio Hommage à Bill Evans - Le Melville","isPartOf":{"@id":"https://lemelville.fr/accueil/#website"},"primaryImageOfPage":{"@id":"https://lemelville.fr/accueil/evenements/inner-space-trio-hommage-a-bill-evans/#primaryimage"},"image":{"@id":"https://lemelville.fr/accueil/evenements/inner-space-trio-hommage-a-bill-evans/#primaryimage"},"thumbnailUrl":"https://lemelville.fr/wp-content/uploads/2025/03/Inner-Space-Trio-Farah-Trio.png","datePublished":"2025-03-18T11:56:28+00:00","breadcrumb":{"@id":"https://lemelville.fr/accueil/evenements/inner-space-trio-hommage-a-bill-evans/#breadcrumb"},"inLanguage":"fr-FR","potentialAction":[{"@type":"ReadAction","target":["https://lemelville.fr/accueil/evenements/inner-space-trio-hommage-a-bill-evans/"]}]},{"@type":"ImageObject","inLanguage":"fr-FR","@id":"https://lemelville.fr/accueil/evenements/inner-space-trio-hommage-a-bill-evans/#primaryimage","url":"https://lemelville.fr/wp-content/uploads/2025/03/Inner-Space-Trio-Farah-Trio.png","contentUrl":"https://lemelville.fr/wp-content/uploads/2025/03/Inner-Space-Trio-Farah-Trio.png","width":1529,"height":1081},{"@type":"BreadcrumbList","@id":"https://lemelville.fr/accueil/evenements/inner-space-trio-hommage-a-bill-evans/#breadcrumb","itemListElement":[{"@type":"ListItem","position":1,"name":"Accueil","item":"https://lemelville.fr/accueil/"},{"@type":"ListItem","position":2,"name":"Évènements","item":"https://lemelville.fr/accueil/evenements/"},{"@type":"ListItem","position":3,"name":"Inner Space Trio Hommage à Bill Evans"}]},{"@type":"WebSite","@id":"https://lemelville.fr/accueil/#website","url":"https://lemelville.fr/accueil/","name":"Le Melville","description":"Le Melville c’est l’éclectisme dans les verres, les assiettes et dans les oreilles. Du Jazz, de la world Music, souvent en live, une carte élégante de mets à picorer et des cocktails sur mesure, le tout dans un écrin de bois et de velours.","publisher":{"@id":"https://lemelville.fr/accueil/#organization"},"potentialAction":[{"@type":"SearchAction","target":{"@type":"EntryPoint","urlTemplate":"https://lemelville.fr/accueil/?s={search_term_string}"},"query-input":{"@type":"PropertyValueSpecification","valueRequired":true,"valueName":"search_term_string"}}],"inLanguage":"fr-FR"},{"@type":"Organization","@id":"https://lemelville.fr/accueil/#organization","name":"Le Melville","url":"https://lemelville.fr/accueil/","logo":{"@type":"ImageObject","inLanguage":"fr-FR","@id":"https://lemelville.fr/accueil/#/schema/logo/image/","url":"https://lemelville.fr/wp-content/uploads/2023/09/Logo-transparent-1-e1720022580951.png","contentUrl":"https://lemelville.fr/wp-content/uploads/2023/09/Logo-transparent-1-e1720022580951.png","width":2000,"height":656,"caption":"Le Melville"},"image":{"@id":"https://lemelville.fr/accueil/#/schema/logo/image/"},"sameAs":["https://www.facebook.com/people/Le-Melville/100085390055277/","https://www.instagram.com/lemelville_paris/"]}]}</script>
<!-- / Yoast SEO Premium plugin. -->

Inner Space Trio Hommage à Bill Evans - Le Melville

Le talentueux Inner Space Trio fait son retour au Melville pour une promenade envoûtante à travers les grands standards de bill Evans et du Duke. Clément Thirion, Fady Farah et&hellip; Poursuivre la lecture Inner Space Trio Hommage à Bill Evans

Évènements

Le Melville c’est l’éclectisme dans les verres, les assiettes et dans les oreilles. Du Jazz, de la world Music, souvent en live, une carte élégante de mets à picorer et des cocktails sur mesure, le tout dans un écrin de bois et de velours.
