{"id":4205,"date":"2025-04-06T19:10:45","date_gmt":"2025-04-06T17:10:45","guid":{"rendered":"https:\/\/lemelville.fr\/?post_type=tribe_events&#038;p=4205"},"modified":"2025-04-06T19:13:20","modified_gmt":"2025-04-06T17:13:20","slug":"ornett-o-logic","status":"publish","type":"tribe_events","link":"https:\/\/lemelville.fr\/accueil\/evenements\/ornett-o-logic\/","title":{"rendered":"Ornett O Logic"},"content":{"rendered":"<p>Originellement un trio cr\u00e9\u00e9 autour de la musique d&#8217;Ornette Coleman, cette formation s&#8217;est enrichie de compositions originales autour de la pr\u00e9sence de la rappeuse jamaicaine Natalie Plummer, de Thierry Negro \u00e0 la basse, de Charly Amadou Sy aux platines et d&#8217;Erick Borelva aux drums.<br \/>\nCela donne un musique \u00e0 la fois jazzy, funky tint\u00e9e de hip-hop.<br \/>\nUn cocktail doux et original.<br \/>\nA d\u00e9couvrir absolument.<\/p>\n<p>Natalie Plummer : rap, storytelling<br \/>\nThierry Negro : bass<br \/>\nErick Borelva : drums<br \/>\nCharly Sy : turntables<\/p>\n","protected":false},"excerpt":{"rendered":"<p>Originellement un trio cr\u00e9\u00e9 autour de la musique d&#8217;Ornette Coleman, cette formation s&#8217;est enrichie de compositions originales autour de la pr\u00e9sence de la rappeuse jamaicaine Natalie Plummer, de Thierry Negro&hellip; <a class=\"more-link\" href=\"https:\/\/lemelville.fr\/accueil\/evenements\/ornett-o-logic\/\">Poursuivre la lecture <span class=\"screen-reader-text\">Ornett O Logic<\/span><\/a><\/p>\n","protected":false},"author":1,"featured_media":4206,"template":"","meta":{"_tribe_events_status":"","_tribe_events_status_reason":"","_tribe_events_is_hybrid":"","_tribe_events_is_virtual":"","_tribe_events_virtual_video_source":"","_tribe_events_virtual_embed_video":"","_tribe_events_virtual_linked_button_text":"","_tribe_events_virtual_linked_button":"","_tribe_events_virtual_show_embed_at":"","_tribe_events_virtual_show_embed_to":[],"_tribe_events_virtual_show_on_event":"","_tribe_events_virtual_show_on_views":"","_tribe_events_virtual_url":"","footnotes":""},"tags":[],"tribe_events_cat":[148],"class_list":["post-4205","tribe_events","type-tribe_events","status-publish","has-post-thumbnail","hentry","tribe_events_cat-jazz-rap","cat_jazz-rap","entry"],"yoast_head":"<!-- This site is optimized with the Yoast SEO Premium plugin v24.3 (Yoast SEO v27.1.1) - https:\/\/yoast.com\/product\/yoast-seo-premium-wordpress\/ -->\n<title>Ornett O Logic - Le Melville<\/title>\n<meta name=\"robots\" content=\"index, follow, max-snippet:-1, max-image-preview:large, max-video-preview:-1\" \/>\n<link rel=\"canonical\" href=\"https:\/\/lemelville.fr\/accueil\/evenements\/ornett-o-logic\/\" \/>\n<meta property=\"og:locale\" content=\"fr_FR\" \/>\n<meta property=\"og:type\" content=\"article\" \/>\n<meta property=\"og:title\" content=\"Ornett O Logic\" \/>\n<meta property=\"og:description\" content=\"Originellement un trio cr\u00e9\u00e9 autour de la musique d&#8217;Ornette Coleman, cette formation s&#8217;est enrichie de compositions originales autour de la pr\u00e9sence de la rappeuse jamaicaine Natalie Plummer, de Thierry Negro&hellip; Poursuivre la lecture Ornett O Logic\" \/>\n<meta property=\"og:url\" content=\"https:\/\/lemelville.fr\/accueil\/evenements\/ornett-o-logic\/\" \/>\n<meta property=\"og:site_name\" content=\"Le Melville\" \/>\n<meta property=\"article:publisher\" content=\"https:\/\/www.facebook.com\/people\/Le-Melville\/100085390055277\/\" \/>\n<meta property=\"article:modified_time\" content=\"2025-04-06T17:13:20+00:00\" \/>\n<meta property=\"og:image\" content=\"https:\/\/lemelville.fr\/wp-content\/uploads\/2025\/04\/ORNETTO-LOGIC-250524-Affiche-NF.png\" \/>\n\t<meta property=\"og:image:width\" content=\"1280\" \/>\n\t<meta property=\"og:image:height\" content=\"800\" \/>\n\t<meta property=\"og:image:type\" content=\"image\/png\" \/>\n<meta name=\"twitter:card\" content=\"summary_large_image\" \/>\n<meta name=\"twitter:label1\" content=\"Dur\u00e9e de lecture estim\u00e9e\" \/>\n\t<meta name=\"twitter:data1\" content=\"1 minute\" \/>\n<script type=\"application\/ld+json\" class=\"yoast-schema-graph\">{\"@context\":\"https:\/\/schema.org\",\"@graph\":[{\"@type\":\"WebPage\",\"@id\":\"https:\/\/lemelville.fr\/accueil\/evenements\/ornett-o-logic\/\",\"url\":\"https:\/\/lemelville.fr\/accueil\/evenements\/ornett-o-logic\/\",\"name\":\"Ornett O Logic - Le Melville\",\"isPartOf\":{\"@id\":\"https:\/\/lemelville.fr\/accueil\/#website\"},\"primaryImageOfPage\":{\"@id\":\"https:\/\/lemelville.fr\/accueil\/evenements\/ornett-o-logic\/#primaryimage\"},\"image\":{\"@id\":\"https:\/\/lemelville.fr\/accueil\/evenements\/ornett-o-logic\/#primaryimage\"},\"thumbnailUrl\":\"https:\/\/lemelville.fr\/wp-content\/uploads\/2025\/04\/ORNETTO-LOGIC-250524-Affiche-NF.png\",\"datePublished\":\"2025-04-06T17:10:45+00:00\",\"dateModified\":\"2025-04-06T17:13:20+00:00\",\"breadcrumb\":{\"@id\":\"https:\/\/lemelville.fr\/accueil\/evenements\/ornett-o-logic\/#breadcrumb\"},\"inLanguage\":\"fr-FR\",\"potentialAction\":[{\"@type\":\"ReadAction\",\"target\":[\"https:\/\/lemelville.fr\/accueil\/evenements\/ornett-o-logic\/\"]}]},{\"@type\":\"ImageObject\",\"inLanguage\":\"fr-FR\",\"@id\":\"https:\/\/lemelville.fr\/accueil\/evenements\/ornett-o-logic\/#primaryimage\",\"url\":\"https:\/\/lemelville.fr\/wp-content\/uploads\/2025\/04\/ORNETTO-LOGIC-250524-Affiche-NF.png\",\"contentUrl\":\"https:\/\/lemelville.fr\/wp-content\/uploads\/2025\/04\/ORNETTO-LOGIC-250524-Affiche-NF.png\",\"width\":1280,\"height\":800},{\"@type\":\"BreadcrumbList\",\"@id\":\"https:\/\/lemelville.fr\/accueil\/evenements\/ornett-o-logic\/#breadcrumb\",\"itemListElement\":[{\"@type\":\"ListItem\",\"position\":1,\"name\":\"Accueil\",\"item\":\"https:\/\/lemelville.fr\/accueil\/\"},{\"@type\":\"ListItem\",\"position\":2,\"name\":\"\u00c9v\u00e8nements\",\"item\":\"https:\/\/lemelville.fr\/accueil\/evenements\/\"},{\"@type\":\"ListItem\",\"position\":3,\"name\":\"Ornett O Logic\"}]},{\"@type\":\"WebSite\",\"@id\":\"https:\/\/lemelville.fr\/accueil\/#website\",\"url\":\"https:\/\/lemelville.fr\/accueil\/\",\"name\":\"Le Melville\",\"description\":\"Le Melville c\u2019est l\u2019\u00e9clectisme dans les verres, les assiettes et dans les oreilles. Du Jazz, de la world Music, souvent en live, une carte \u00e9l\u00e9gante de mets \u00e0 picorer et des cocktails sur mesure, le tout dans un \u00e9crin de bois et de velours.\",\"publisher\":{\"@id\":\"https:\/\/lemelville.fr\/accueil\/#organization\"},\"potentialAction\":[{\"@type\":\"SearchAction\",\"target\":{\"@type\":\"EntryPoint\",\"urlTemplate\":\"https:\/\/lemelville.fr\/accueil\/?s={search_term_string}\"},\"query-input\":{\"@type\":\"PropertyValueSpecification\",\"valueRequired\":true,\"valueName\":\"search_term_string\"}}],\"inLanguage\":\"fr-FR\"},{\"@type\":\"Organization\",\"@id\":\"https:\/\/lemelville.fr\/accueil\/#organization\",\"name\":\"Le Melville\",\"url\":\"https:\/\/lemelville.fr\/accueil\/\",\"logo\":{\"@type\":\"ImageObject\",\"inLanguage\":\"fr-FR\",\"@id\":\"https:\/\/lemelville.fr\/accueil\/#\/schema\/logo\/image\/\",\"url\":\"https:\/\/lemelville.fr\/wp-content\/uploads\/2023\/09\/Logo-transparent-1-e1720022580951.png\",\"contentUrl\":\"https:\/\/lemelville.fr\/wp-content\/uploads\/2023\/09\/Logo-transparent-1-e1720022580951.png\",\"width\":2000,\"height\":656,\"caption\":\"Le Melville\"},\"image\":{\"@id\":\"https:\/\/lemelville.fr\/accueil\/#\/schema\/logo\/image\/\"},\"sameAs\":[\"https:\/\/www.facebook.com\/people\/Le-Melville\/100085390055277\/\",\"https:\/\/www.instagram.com\/lemelville_paris\/\"]}]}<\/script>\n<!-- \/ Yoast SEO Premium plugin. -->","yoast_head_json":{"title":"Ornett O Logic - Le Melville","robots":{"index":"index","follow":"follow","max-snippet":"max-snippet:-1","max-image-preview":"max-image-preview:large","max-video-preview":"max-video-preview:-1"},"canonical":"https:\/\/lemelville.fr\/accueil\/evenements\/ornett-o-logic\/","og_locale":"fr_FR","og_type":"article","og_title":"Ornett O Logic","og_description":"Originellement un trio cr\u00e9\u00e9 autour de la musique d&#8217;Ornette Coleman, cette formation s&#8217;est enrichie de compositions originales autour de la pr\u00e9sence de la rappeuse jamaicaine Natalie Plummer, de Thierry Negro&hellip; Poursuivre la lecture Ornett O Logic","og_url":"https:\/\/lemelville.fr\/accueil\/evenements\/ornett-o-logic\/","og_site_name":"Le Melville","article_publisher":"https:\/\/www.facebook.com\/people\/Le-Melville\/100085390055277\/","article_modified_time":"2025-04-06T17:13:20+00:00","og_image":[{"width":1280,"height":800,"url":"https:\/\/lemelville.fr\/wp-content\/uploads\/2025\/04\/ORNETTO-LOGIC-250524-Affiche-NF.png","type":"image\/png"}],"twitter_card":"summary_large_image","twitter_misc":{"Dur\u00e9e de lecture estim\u00e9e":"1 minute"},"schema":{"@context":"https:\/\/schema.org","@graph":[{"@type":"WebPage","@id":"https:\/\/lemelville.fr\/accueil\/evenements\/ornett-o-logic\/","url":"https:\/\/lemelville.fr\/accueil\/evenements\/ornett-o-logic\/","name":"Ornett O Logic - Le Melville","isPartOf":{"@id":"https:\/\/lemelville.fr\/accueil\/#website"},"primaryImageOfPage":{"@id":"https:\/\/lemelville.fr\/accueil\/evenements\/ornett-o-logic\/#primaryimage"},"image":{"@id":"https:\/\/lemelville.fr\/accueil\/evenements\/ornett-o-logic\/#primaryimage"},"thumbnailUrl":"https:\/\/lemelville.fr\/wp-content\/uploads\/2025\/04\/ORNETTO-LOGIC-250524-Affiche-NF.png","datePublished":"2025-04-06T17:10:45+00:00","dateModified":"2025-04-06T17:13:20+00:00","breadcrumb":{"@id":"https:\/\/lemelville.fr\/accueil\/evenements\/ornett-o-logic\/#breadcrumb"},"inLanguage":"fr-FR","potentialAction":[{"@type":"ReadAction","target":["https:\/\/lemelville.fr\/accueil\/evenements\/ornett-o-logic\/"]}]},{"@type":"ImageObject","inLanguage":"fr-FR","@id":"https:\/\/lemelville.fr\/accueil\/evenements\/ornett-o-logic\/#primaryimage","url":"https:\/\/lemelville.fr\/wp-content\/uploads\/2025\/04\/ORNETTO-LOGIC-250524-Affiche-NF.png","contentUrl":"https:\/\/lemelville.fr\/wp-content\/uploads\/2025\/04\/ORNETTO-LOGIC-250524-Affiche-NF.png","width":1280,"height":800},{"@type":"BreadcrumbList","@id":"https:\/\/lemelville.fr\/accueil\/evenements\/ornett-o-logic\/#breadcrumb","itemListElement":[{"@type":"ListItem","position":1,"name":"Accueil","item":"https:\/\/lemelville.fr\/accueil\/"},{"@type":"ListItem","position":2,"name":"\u00c9v\u00e8nements","item":"https:\/\/lemelville.fr\/accueil\/evenements\/"},{"@type":"ListItem","position":3,"name":"Ornett O Logic"}]},{"@type":"WebSite","@id":"https:\/\/lemelville.fr\/accueil\/#website","url":"https:\/\/lemelville.fr\/accueil\/","name":"Le Melville","description":"Le Melville c\u2019est l\u2019\u00e9clectisme dans les verres, les assiettes et dans les oreilles. Du Jazz, de la world Music, souvent en live, une carte \u00e9l\u00e9gante de mets \u00e0 picorer et des cocktails sur mesure, le tout dans un \u00e9crin de bois et de velours.","publisher":{"@id":"https:\/\/lemelville.fr\/accueil\/#organization"},"potentialAction":[{"@type":"SearchAction","target":{"@type":"EntryPoint","urlTemplate":"https:\/\/lemelville.fr\/accueil\/?s={search_term_string}"},"query-input":{"@type":"PropertyValueSpecification","valueRequired":true,"valueName":"search_term_string"}}],"inLanguage":"fr-FR"},{"@type":"Organization","@id":"https:\/\/lemelville.fr\/accueil\/#organization","name":"Le Melville","url":"https:\/\/lemelville.fr\/accueil\/","logo":{"@type":"ImageObject","inLanguage":"fr-FR","@id":"https:\/\/lemelville.fr\/accueil\/#\/schema\/logo\/image\/","url":"https:\/\/lemelville.fr\/wp-content\/uploads\/2023\/09\/Logo-transparent-1-e1720022580951.png","contentUrl":"https:\/\/lemelville.fr\/wp-content\/uploads\/2023\/09\/Logo-transparent-1-e1720022580951.png","width":2000,"height":656,"caption":"Le Melville"},"image":{"@id":"https:\/\/lemelville.fr\/accueil\/#\/schema\/logo\/image\/"},"sameAs":["https:\/\/www.facebook.com\/people\/Le-Melville\/100085390055277\/","https:\/\/www.instagram.com\/lemelville_paris\/"]}]}},"_links":{"self":[{"href":"https:\/\/lemelville.fr\/accueil\/wp-json\/wp\/v2\/tribe_events\/4205","targetHints":{"allow":["GET"]}}],"collection":[{"href":"https:\/\/lemelville.fr\/accueil\/wp-json\/wp\/v2\/tribe_events"}],"about":[{"href":"https:\/\/lemelville.fr\/accueil\/wp-json\/wp\/v2\/types\/tribe_events"}],"author":[{"embeddable":true,"href":"https:\/\/lemelville.fr\/accueil\/wp-json\/wp\/v2\/users\/1"}],"version-history":[{"count":1,"href":"https:\/\/lemelville.fr\/accueil\/wp-json\/wp\/v2\/tribe_events\/4205\/revisions"}],"predecessor-version":[{"id":4207,"href":"https:\/\/lemelville.fr\/accueil\/wp-json\/wp\/v2\/tribe_events\/4205\/revisions\/4207"}],"wp:featuredmedia":[{"embeddable":true,"href":"https:\/\/lemelville.fr\/accueil\/wp-json\/wp\/v2\/media\/4206"}],"wp:attachment":[{"href":"https:\/\/lemelville.fr\/accueil\/wp-json\/wp\/v2\/media?parent=4205"}],"wp:term":[{"taxonomy":"post_tag","embeddable":true,"href":"https:\/\/lemelville.fr\/accueil\/wp-json\/wp\/v2\/tags?post=4205"},{"taxonomy":"tribe_events_cat","embeddable":true,"href":"https:\/\/lemelville.fr\/accueil\/wp-json\/wp\/v2\/tribe_events_cat?post=4205"}],"curies":[{"name":"wp","href":"https:\/\/api.w.org\/{rel}","templated":true}]}}

<p>Originellement un trio créé autour de la musique d&#8217;Ornette Coleman, cette formation s&#8217;est enrichie de compositions originales autour de la présence de la rappeuse jamaicaine Natalie Plummer, de Thierry Negro à la basse, de Charly Amadou Sy aux platines et d&#8217;Erick Borelva aux drums.<br />
Cela donne un musique à la fois jazzy, funky tintée de hip-hop.<br />
Un cocktail doux et original.<br />
A découvrir absolument.</p>
<p>Natalie Plummer : rap, storytelling<br />
Thierry Negro : bass<br />
Erick Borelva : drums<br />
Charly Sy : turntables</p>

<p>Originellement un trio créé autour de la musique d&#8217;Ornette Coleman, cette formation s&#8217;est enrichie de compositions originales autour de la présence de la rappeuse jamaicaine Natalie Plummer, de Thierry Negro&hellip; <a class="more-link" href="https://lemelville.fr/accueil/evenements/ornett-o-logic/">Poursuivre la lecture <span class="screen-reader-text">Ornett O Logic</span></a></p>

<!-- This site is optimized with the Yoast SEO Premium plugin v24.3 (Yoast SEO v27.1.1) - https://yoast.com/product/yoast-seo-premium-wordpress/ -->
<title>Ornett O Logic - Le Melville</title>
<meta name="robots" content="index, follow, max-snippet:-1, max-image-preview:large, max-video-preview:-1" />
<link rel="canonical" href="https://lemelville.fr/accueil/evenements/ornett-o-logic/" />
<meta property="og:locale" content="fr_FR" />
<meta property="og:type" content="article" />
<meta property="og:title" content="Ornett O Logic" />
<meta property="og:description" content="Originellement un trio créé autour de la musique d&#8217;Ornette Coleman, cette formation s&#8217;est enrichie de compositions originales autour de la présence de la rappeuse jamaicaine Natalie Plummer, de Thierry Negro&hellip; Poursuivre la lecture Ornett O Logic" />
<meta property="og:url" content="https://lemelville.fr/accueil/evenements/ornett-o-logic/" />
<meta property="og:site_name" content="Le Melville" />
<meta property="article:publisher" content="https://www.facebook.com/people/Le-Melville/100085390055277/" />
<meta property="article:modified_time" content="2025-04-06T17:13:20+00:00" />
<meta property="og:image" content="https://lemelville.fr/wp-content/uploads/2025/04/ORNETTO-LOGIC-250524-Affiche-NF.png" />
	<meta property="og:image:width" content="1280" />
	<meta property="og:image:height" content="800" />
	<meta property="og:image:type" content="image/png" />
<meta name="twitter:card" content="summary_large_image" />
<meta name="twitter:label1" content="Durée de lecture estimée" />
	<meta name="twitter:data1" content="1 minute" />
<script type="application/ld+json" class="yoast-schema-graph">{"@context":"https://schema.org","@graph":[{"@type":"WebPage","@id":"https://lemelville.fr/accueil/evenements/ornett-o-logic/","url":"https://lemelville.fr/accueil/evenements/ornett-o-logic/","name":"Ornett O Logic - Le Melville","isPartOf":{"@id":"https://lemelville.fr/accueil/#website"},"primaryImageOfPage":{"@id":"https://lemelville.fr/accueil/evenements/ornett-o-logic/#primaryimage"},"image":{"@id":"https://lemelville.fr/accueil/evenements/ornett-o-logic/#primaryimage"},"thumbnailUrl":"https://lemelville.fr/wp-content/uploads/2025/04/ORNETTO-LOGIC-250524-Affiche-NF.png","datePublished":"2025-04-06T17:10:45+00:00","dateModified":"2025-04-06T17:13:20+00:00","breadcrumb":{"@id":"https://lemelville.fr/accueil/evenements/ornett-o-logic/#breadcrumb"},"inLanguage":"fr-FR","potentialAction":[{"@type":"ReadAction","target":["https://lemelville.fr/accueil/evenements/ornett-o-logic/"]}]},{"@type":"ImageObject","inLanguage":"fr-FR","@id":"https://lemelville.fr/accueil/evenements/ornett-o-logic/#primaryimage","url":"https://lemelville.fr/wp-content/uploads/2025/04/ORNETTO-LOGIC-250524-Affiche-NF.png","contentUrl":"https://lemelville.fr/wp-content/uploads/2025/04/ORNETTO-LOGIC-250524-Affiche-NF.png","width":1280,"height":800},{"@type":"BreadcrumbList","@id":"https://lemelville.fr/accueil/evenements/ornett-o-logic/#breadcrumb","itemListElement":[{"@type":"ListItem","position":1,"name":"Accueil","item":"https://lemelville.fr/accueil/"},{"@type":"ListItem","position":2,"name":"Évènements","item":"https://lemelville.fr/accueil/evenements/"},{"@type":"ListItem","position":3,"name":"Ornett O Logic"}]},{"@type":"WebSite","@id":"https://lemelville.fr/accueil/#website","url":"https://lemelville.fr/accueil/","name":"Le Melville","description":"Le Melville c’est l’éclectisme dans les verres, les assiettes et dans les oreilles. Du Jazz, de la world Music, souvent en live, une carte élégante de mets à picorer et des cocktails sur mesure, le tout dans un écrin de bois et de velours.","publisher":{"@id":"https://lemelville.fr/accueil/#organization"},"potentialAction":[{"@type":"SearchAction","target":{"@type":"EntryPoint","urlTemplate":"https://lemelville.fr/accueil/?s={search_term_string}"},"query-input":{"@type":"PropertyValueSpecification","valueRequired":true,"valueName":"search_term_string"}}],"inLanguage":"fr-FR"},{"@type":"Organization","@id":"https://lemelville.fr/accueil/#organization","name":"Le Melville","url":"https://lemelville.fr/accueil/","logo":{"@type":"ImageObject","inLanguage":"fr-FR","@id":"https://lemelville.fr/accueil/#/schema/logo/image/","url":"https://lemelville.fr/wp-content/uploads/2023/09/Logo-transparent-1-e1720022580951.png","contentUrl":"https://lemelville.fr/wp-content/uploads/2023/09/Logo-transparent-1-e1720022580951.png","width":2000,"height":656,"caption":"Le Melville"},"image":{"@id":"https://lemelville.fr/accueil/#/schema/logo/image/"},"sameAs":["https://www.facebook.com/people/Le-Melville/100085390055277/","https://www.instagram.com/lemelville_paris/"]}]}</script>
<!-- / Yoast SEO Premium plugin. -->

Originellement un trio créé autour de la musique d&#8217;Ornette Coleman, cette formation s&#8217;est enrichie de compositions originales autour de la présence de la rappeuse jamaicaine Natalie Plummer, de Thierry Negro&hellip; Poursuivre la lecture Ornett O Logic

Évènements

Le Melville c’est l’éclectisme dans les verres, les assiettes et dans les oreilles. Du Jazz, de la world Music, souvent en live, une carte élégante de mets à picorer et des cocktails sur mesure, le tout dans un écrin de bois et de velours.
