{"id":467,"date":"2023-09-21T15:59:28","date_gmt":"2023-09-21T13:59:28","guid":{"rendered":"https:\/\/lemelville.fr\/?post_type=tribe_events&#038;p=467"},"modified":"2024-06-11T12:13:42","modified_gmt":"2024-06-11T10:13:42","slug":"ingrid-friends","status":"publish","type":"tribe_events","link":"https:\/\/lemelville.fr\/accueil\/evenements\/ingrid-friends\/","title":{"rendered":"Ingrid &#038; Friends"},"content":{"rendered":"<p><span class=\"TextRun SCXW252127189 BCX0\" lang=\"FR-FR\" xml:lang=\"FR-FR\" data-contrast=\"auto\"><span class=\"NormalTextRun SCXW252127189 BCX0\">Apr\u00e8s de nombreuses ann\u00e9es de lyrique, Ingrid se <\/span><span class=\"NormalTextRun ContextualSpellingAndGrammarErrorV2Themed SCXW252127189 BCX0\">prends<\/span><span class=\"NormalTextRun SCXW252127189 BCX0\"> de passion pour le jazz un peu par hasard, en retra\u00e7ant l\u2019histoire de son idole, Amy <\/span><span class=\"NormalTextRun SpellingErrorV2Themed SCXW252127189 BCX0\">Winehouse<\/span><span class=\"NormalTextRun SCXW252127189 BCX0\">. Elle entame une formation au CRR de Paris, <\/span><span class=\"NormalTextRun ContextualSpellingAndGrammarErrorV2Themed SCXW252127189 BCX0\">ou<\/span><span class=\"NormalTextRun SCXW252127189 BCX0\"> elle fait la rencontre d\u2019Axel, Alexandre et Arthur ! Ce cursus la pousse \u00e0 tenter le concours du CNSM qu\u2019elle r\u00e9ussit en mars 2023. Jazz, soul, musiques \u00e9lectroniques \u2026 autant d\u2019influences qui lui ont permis de se cr\u00e9er une identit\u00e9 vocale singuli\u00e8re. Toutes ces inspirations lui permettent de proposer un programme m\u00ealant tradition et jazz moderne.<\/span><\/span><span class=\"EOP SCXW252127189 BCX0\" data-ccp-props=\"{&quot;201341983&quot;:0,&quot;335559739&quot;:160,&quot;335559740&quot;:259}\">\u00a0<\/span><\/p>\n","protected":false},"excerpt":{"rendered":"<p>Apr\u00e8s de nombreuses ann\u00e9es de lyrique, Ingrid se prends de passion pour le jazz un peu par hasard, en retra\u00e7ant l\u2019histoire de son idole, Amy Winehouse. Elle entame une formation&hellip; <a class=\"more-link\" href=\"https:\/\/lemelville.fr\/accueil\/evenements\/ingrid-friends\/\">Poursuivre la lecture <span class=\"screen-reader-text\">Ingrid &#038; Friends<\/span><\/a><\/p>\n","protected":false},"author":1,"featured_media":468,"template":"","meta":{"_tribe_events_status":"","_tribe_events_status_reason":"","_tribe_events_is_hybrid":"","_tribe_events_is_virtual":"","_tribe_events_virtual_video_source":"","_tribe_events_virtual_embed_video":"","_tribe_events_virtual_linked_button_text":"","_tribe_events_virtual_linked_button":"","_tribe_events_virtual_show_embed_at":"","_tribe_events_virtual_show_embed_to":[],"_tribe_events_virtual_show_on_event":"","_tribe_events_virtual_show_on_views":"","_tribe_events_virtual_url":"","footnotes":""},"tags":[],"tribe_events_cat":[89],"class_list":["post-467","tribe_events","type-tribe_events","status-publish","has-post-thumbnail","hentry","tribe_events_cat-vocal-standard-jazz","cat_vocal-standard-jazz","entry"],"yoast_head":"<!-- This site is optimized with the Yoast SEO Premium plugin v24.3 (Yoast SEO v27.1.1) - https:\/\/yoast.com\/product\/yoast-seo-premium-wordpress\/ -->\n<title>Ingrid &amp; Friends - Le Melville<\/title>\n<meta name=\"robots\" content=\"index, follow, max-snippet:-1, max-image-preview:large, max-video-preview:-1\" \/>\n<link rel=\"canonical\" href=\"https:\/\/lemelville.fr\/accueil\/evenements\/ingrid-friends\/\" \/>\n<meta property=\"og:locale\" content=\"fr_FR\" \/>\n<meta property=\"og:type\" content=\"article\" \/>\n<meta property=\"og:title\" content=\"Ingrid &amp; Friends\" \/>\n<meta property=\"og:description\" content=\"Apr\u00e8s de nombreuses ann\u00e9es de lyrique, Ingrid se prends de passion pour le jazz un peu par hasard, en retra\u00e7ant l\u2019histoire de son idole, Amy Winehouse. Elle entame une formation&hellip; Poursuivre la lecture Ingrid &#038; Friends\" \/>\n<meta property=\"og:url\" content=\"https:\/\/lemelville.fr\/accueil\/evenements\/ingrid-friends\/\" \/>\n<meta property=\"og:site_name\" content=\"Le Melville\" \/>\n<meta property=\"article:publisher\" content=\"https:\/\/www.facebook.com\/people\/Le-Melville\/100085390055277\/\" \/>\n<meta property=\"article:modified_time\" content=\"2024-06-11T10:13:42+00:00\" \/>\n<meta property=\"og:image\" content=\"https:\/\/lemelville.fr\/wp-content\/uploads\/2023\/09\/ingrid.png\" \/>\n\t<meta property=\"og:image:width\" content=\"1529\" \/>\n\t<meta property=\"og:image:height\" content=\"1081\" \/>\n\t<meta property=\"og:image:type\" content=\"image\/png\" \/>\n<meta name=\"twitter:card\" content=\"summary_large_image\" \/>\n<script type=\"application\/ld+json\" class=\"yoast-schema-graph\">{\"@context\":\"https:\/\/schema.org\",\"@graph\":[{\"@type\":\"WebPage\",\"@id\":\"https:\/\/lemelville.fr\/accueil\/evenements\/ingrid-friends\/\",\"url\":\"https:\/\/lemelville.fr\/accueil\/evenements\/ingrid-friends\/\",\"name\":\"Ingrid & Friends - Le Melville\",\"isPartOf\":{\"@id\":\"https:\/\/lemelville.fr\/accueil\/#website\"},\"primaryImageOfPage\":{\"@id\":\"https:\/\/lemelville.fr\/accueil\/evenements\/ingrid-friends\/#primaryimage\"},\"image\":{\"@id\":\"https:\/\/lemelville.fr\/accueil\/evenements\/ingrid-friends\/#primaryimage\"},\"thumbnailUrl\":\"https:\/\/lemelville.fr\/wp-content\/uploads\/2023\/09\/ingrid.png\",\"datePublished\":\"2023-09-21T13:59:28+00:00\",\"dateModified\":\"2024-06-11T10:13:42+00:00\",\"breadcrumb\":{\"@id\":\"https:\/\/lemelville.fr\/accueil\/evenements\/ingrid-friends\/#breadcrumb\"},\"inLanguage\":\"fr-FR\",\"potentialAction\":[{\"@type\":\"ReadAction\",\"target\":[\"https:\/\/lemelville.fr\/accueil\/evenements\/ingrid-friends\/\"]}]},{\"@type\":\"ImageObject\",\"inLanguage\":\"fr-FR\",\"@id\":\"https:\/\/lemelville.fr\/accueil\/evenements\/ingrid-friends\/#primaryimage\",\"url\":\"https:\/\/lemelville.fr\/wp-content\/uploads\/2023\/09\/ingrid.png\",\"contentUrl\":\"https:\/\/lemelville.fr\/wp-content\/uploads\/2023\/09\/ingrid.png\",\"width\":1529,\"height\":1081},{\"@type\":\"BreadcrumbList\",\"@id\":\"https:\/\/lemelville.fr\/accueil\/evenements\/ingrid-friends\/#breadcrumb\",\"itemListElement\":[{\"@type\":\"ListItem\",\"position\":1,\"name\":\"Accueil\",\"item\":\"https:\/\/lemelville.fr\/accueil\/\"},{\"@type\":\"ListItem\",\"position\":2,\"name\":\"\u00c9v\u00e8nements\",\"item\":\"https:\/\/lemelville.fr\/accueil\/evenements\/\"},{\"@type\":\"ListItem\",\"position\":3,\"name\":\"Ingrid &#038; Friends\"}]},{\"@type\":\"WebSite\",\"@id\":\"https:\/\/lemelville.fr\/accueil\/#website\",\"url\":\"https:\/\/lemelville.fr\/accueil\/\",\"name\":\"Le Melville\",\"description\":\"Le Melville c\u2019est l\u2019\u00e9clectisme dans les verres, les assiettes et dans les oreilles. Du Jazz, de la world Music, souvent en live, une carte \u00e9l\u00e9gante de mets \u00e0 picorer et des cocktails sur mesure, le tout dans un \u00e9crin de bois et de velours.\",\"publisher\":{\"@id\":\"https:\/\/lemelville.fr\/accueil\/#organization\"},\"potentialAction\":[{\"@type\":\"SearchAction\",\"target\":{\"@type\":\"EntryPoint\",\"urlTemplate\":\"https:\/\/lemelville.fr\/accueil\/?s={search_term_string}\"},\"query-input\":{\"@type\":\"PropertyValueSpecification\",\"valueRequired\":true,\"valueName\":\"search_term_string\"}}],\"inLanguage\":\"fr-FR\"},{\"@type\":\"Organization\",\"@id\":\"https:\/\/lemelville.fr\/accueil\/#organization\",\"name\":\"Le Melville\",\"url\":\"https:\/\/lemelville.fr\/accueil\/\",\"logo\":{\"@type\":\"ImageObject\",\"inLanguage\":\"fr-FR\",\"@id\":\"https:\/\/lemelville.fr\/accueil\/#\/schema\/logo\/image\/\",\"url\":\"https:\/\/lemelville.fr\/wp-content\/uploads\/2023\/09\/Logo-transparent-1-e1720022580951.png\",\"contentUrl\":\"https:\/\/lemelville.fr\/wp-content\/uploads\/2023\/09\/Logo-transparent-1-e1720022580951.png\",\"width\":2000,\"height\":656,\"caption\":\"Le Melville\"},\"image\":{\"@id\":\"https:\/\/lemelville.fr\/accueil\/#\/schema\/logo\/image\/\"},\"sameAs\":[\"https:\/\/www.facebook.com\/people\/Le-Melville\/100085390055277\/\",\"https:\/\/www.instagram.com\/lemelville_paris\/\"]}]}<\/script>\n<!-- \/ Yoast SEO Premium plugin. -->","yoast_head_json":{"title":"Ingrid & Friends - Le Melville","robots":{"index":"index","follow":"follow","max-snippet":"max-snippet:-1","max-image-preview":"max-image-preview:large","max-video-preview":"max-video-preview:-1"},"canonical":"https:\/\/lemelville.fr\/accueil\/evenements\/ingrid-friends\/","og_locale":"fr_FR","og_type":"article","og_title":"Ingrid & Friends","og_description":"Apr\u00e8s de nombreuses ann\u00e9es de lyrique, Ingrid se prends de passion pour le jazz un peu par hasard, en retra\u00e7ant l\u2019histoire de son idole, Amy Winehouse. Elle entame une formation&hellip; Poursuivre la lecture Ingrid &#038; Friends","og_url":"https:\/\/lemelville.fr\/accueil\/evenements\/ingrid-friends\/","og_site_name":"Le Melville","article_publisher":"https:\/\/www.facebook.com\/people\/Le-Melville\/100085390055277\/","article_modified_time":"2024-06-11T10:13:42+00:00","og_image":[{"width":1529,"height":1081,"url":"https:\/\/lemelville.fr\/wp-content\/uploads\/2023\/09\/ingrid.png","type":"image\/png"}],"twitter_card":"summary_large_image","schema":{"@context":"https:\/\/schema.org","@graph":[{"@type":"WebPage","@id":"https:\/\/lemelville.fr\/accueil\/evenements\/ingrid-friends\/","url":"https:\/\/lemelville.fr\/accueil\/evenements\/ingrid-friends\/","name":"Ingrid & Friends - Le Melville","isPartOf":{"@id":"https:\/\/lemelville.fr\/accueil\/#website"},"primaryImageOfPage":{"@id":"https:\/\/lemelville.fr\/accueil\/evenements\/ingrid-friends\/#primaryimage"},"image":{"@id":"https:\/\/lemelville.fr\/accueil\/evenements\/ingrid-friends\/#primaryimage"},"thumbnailUrl":"https:\/\/lemelville.fr\/wp-content\/uploads\/2023\/09\/ingrid.png","datePublished":"2023-09-21T13:59:28+00:00","dateModified":"2024-06-11T10:13:42+00:00","breadcrumb":{"@id":"https:\/\/lemelville.fr\/accueil\/evenements\/ingrid-friends\/#breadcrumb"},"inLanguage":"fr-FR","potentialAction":[{"@type":"ReadAction","target":["https:\/\/lemelville.fr\/accueil\/evenements\/ingrid-friends\/"]}]},{"@type":"ImageObject","inLanguage":"fr-FR","@id":"https:\/\/lemelville.fr\/accueil\/evenements\/ingrid-friends\/#primaryimage","url":"https:\/\/lemelville.fr\/wp-content\/uploads\/2023\/09\/ingrid.png","contentUrl":"https:\/\/lemelville.fr\/wp-content\/uploads\/2023\/09\/ingrid.png","width":1529,"height":1081},{"@type":"BreadcrumbList","@id":"https:\/\/lemelville.fr\/accueil\/evenements\/ingrid-friends\/#breadcrumb","itemListElement":[{"@type":"ListItem","position":1,"name":"Accueil","item":"https:\/\/lemelville.fr\/accueil\/"},{"@type":"ListItem","position":2,"name":"\u00c9v\u00e8nements","item":"https:\/\/lemelville.fr\/accueil\/evenements\/"},{"@type":"ListItem","position":3,"name":"Ingrid &#038; Friends"}]},{"@type":"WebSite","@id":"https:\/\/lemelville.fr\/accueil\/#website","url":"https:\/\/lemelville.fr\/accueil\/","name":"Le Melville","description":"Le Melville c\u2019est l\u2019\u00e9clectisme dans les verres, les assiettes et dans les oreilles. Du Jazz, de la world Music, souvent en live, une carte \u00e9l\u00e9gante de mets \u00e0 picorer et des cocktails sur mesure, le tout dans un \u00e9crin de bois et de velours.","publisher":{"@id":"https:\/\/lemelville.fr\/accueil\/#organization"},"potentialAction":[{"@type":"SearchAction","target":{"@type":"EntryPoint","urlTemplate":"https:\/\/lemelville.fr\/accueil\/?s={search_term_string}"},"query-input":{"@type":"PropertyValueSpecification","valueRequired":true,"valueName":"search_term_string"}}],"inLanguage":"fr-FR"},{"@type":"Organization","@id":"https:\/\/lemelville.fr\/accueil\/#organization","name":"Le Melville","url":"https:\/\/lemelville.fr\/accueil\/","logo":{"@type":"ImageObject","inLanguage":"fr-FR","@id":"https:\/\/lemelville.fr\/accueil\/#\/schema\/logo\/image\/","url":"https:\/\/lemelville.fr\/wp-content\/uploads\/2023\/09\/Logo-transparent-1-e1720022580951.png","contentUrl":"https:\/\/lemelville.fr\/wp-content\/uploads\/2023\/09\/Logo-transparent-1-e1720022580951.png","width":2000,"height":656,"caption":"Le Melville"},"image":{"@id":"https:\/\/lemelville.fr\/accueil\/#\/schema\/logo\/image\/"},"sameAs":["https:\/\/www.facebook.com\/people\/Le-Melville\/100085390055277\/","https:\/\/www.instagram.com\/lemelville_paris\/"]}]}},"_links":{"self":[{"href":"https:\/\/lemelville.fr\/accueil\/wp-json\/wp\/v2\/tribe_events\/467","targetHints":{"allow":["GET"]}}],"collection":[{"href":"https:\/\/lemelville.fr\/accueil\/wp-json\/wp\/v2\/tribe_events"}],"about":[{"href":"https:\/\/lemelville.fr\/accueil\/wp-json\/wp\/v2\/types\/tribe_events"}],"author":[{"embeddable":true,"href":"https:\/\/lemelville.fr\/accueil\/wp-json\/wp\/v2\/users\/1"}],"version-history":[{"count":1,"href":"https:\/\/lemelville.fr\/accueil\/wp-json\/wp\/v2\/tribe_events\/467\/revisions"}],"predecessor-version":[{"id":469,"href":"https:\/\/lemelville.fr\/accueil\/wp-json\/wp\/v2\/tribe_events\/467\/revisions\/469"}],"wp:featuredmedia":[{"embeddable":true,"href":"https:\/\/lemelville.fr\/accueil\/wp-json\/wp\/v2\/media\/468"}],"wp:attachment":[{"href":"https:\/\/lemelville.fr\/accueil\/wp-json\/wp\/v2\/media?parent=467"}],"wp:term":[{"taxonomy":"post_tag","embeddable":true,"href":"https:\/\/lemelville.fr\/accueil\/wp-json\/wp\/v2\/tags?post=467"},{"taxonomy":"tribe_events_cat","embeddable":true,"href":"https:\/\/lemelville.fr\/accueil\/wp-json\/wp\/v2\/tribe_events_cat?post=467"}],"curies":[{"name":"wp","href":"https:\/\/api.w.org\/{rel}","templated":true}]}}

<p><span class="TextRun SCXW252127189 BCX0" lang="FR-FR" xml:lang="FR-FR" data-contrast="auto"><span class="NormalTextRun SCXW252127189 BCX0">Après de nombreuses années de lyrique, Ingrid se </span><span class="NormalTextRun ContextualSpellingAndGrammarErrorV2Themed SCXW252127189 BCX0">prends</span><span class="NormalTextRun SCXW252127189 BCX0"> de passion pour le jazz un peu par hasard, en retraçant l’histoire de son idole, Amy </span><span class="NormalTextRun SpellingErrorV2Themed SCXW252127189 BCX0">Winehouse</span><span class="NormalTextRun SCXW252127189 BCX0">. Elle entame une formation au CRR de Paris, </span><span class="NormalTextRun ContextualSpellingAndGrammarErrorV2Themed SCXW252127189 BCX0">ou</span><span class="NormalTextRun SCXW252127189 BCX0"> elle fait la rencontre d’Axel, Alexandre et Arthur ! Ce cursus la pousse à tenter le concours du CNSM qu’elle réussit en mars 2023. Jazz, soul, musiques électroniques … autant d’influences qui lui ont permis de se créer une identité vocale singulière. Toutes ces inspirations lui permettent de proposer un programme mêlant tradition et jazz moderne.</span></span><span class="EOP SCXW252127189 BCX0" data-ccp-props="{&quot;201341983&quot;:0,&quot;335559739&quot;:160,&quot;335559740&quot;:259}"> </span></p>

<p>Après de nombreuses années de lyrique, Ingrid se prends de passion pour le jazz un peu par hasard, en retraçant l’histoire de son idole, Amy Winehouse. Elle entame une formation&hellip; <a class="more-link" href="https://lemelville.fr/accueil/evenements/ingrid-friends/">Poursuivre la lecture <span class="screen-reader-text">Ingrid &#038; Friends</span></a></p>

<!-- This site is optimized with the Yoast SEO Premium plugin v24.3 (Yoast SEO v27.1.1) - https://yoast.com/product/yoast-seo-premium-wordpress/ -->
<title>Ingrid &amp; Friends - Le Melville</title>
<meta name="robots" content="index, follow, max-snippet:-1, max-image-preview:large, max-video-preview:-1" />
<link rel="canonical" href="https://lemelville.fr/accueil/evenements/ingrid-friends/" />
<meta property="og:locale" content="fr_FR" />
<meta property="og:type" content="article" />
<meta property="og:title" content="Ingrid &amp; Friends" />
<meta property="og:description" content="Après de nombreuses années de lyrique, Ingrid se prends de passion pour le jazz un peu par hasard, en retraçant l’histoire de son idole, Amy Winehouse. Elle entame une formation&hellip; Poursuivre la lecture Ingrid &#038; Friends" />
<meta property="og:url" content="https://lemelville.fr/accueil/evenements/ingrid-friends/" />
<meta property="og:site_name" content="Le Melville" />
<meta property="article:publisher" content="https://www.facebook.com/people/Le-Melville/100085390055277/" />
<meta property="article:modified_time" content="2024-06-11T10:13:42+00:00" />
<meta property="og:image" content="https://lemelville.fr/wp-content/uploads/2023/09/ingrid.png" />
	<meta property="og:image:width" content="1529" />
	<meta property="og:image:height" content="1081" />
	<meta property="og:image:type" content="image/png" />
<meta name="twitter:card" content="summary_large_image" />
<script type="application/ld+json" class="yoast-schema-graph">{"@context":"https://schema.org","@graph":[{"@type":"WebPage","@id":"https://lemelville.fr/accueil/evenements/ingrid-friends/","url":"https://lemelville.fr/accueil/evenements/ingrid-friends/","name":"Ingrid & Friends - Le Melville","isPartOf":{"@id":"https://lemelville.fr/accueil/#website"},"primaryImageOfPage":{"@id":"https://lemelville.fr/accueil/evenements/ingrid-friends/#primaryimage"},"image":{"@id":"https://lemelville.fr/accueil/evenements/ingrid-friends/#primaryimage"},"thumbnailUrl":"https://lemelville.fr/wp-content/uploads/2023/09/ingrid.png","datePublished":"2023-09-21T13:59:28+00:00","dateModified":"2024-06-11T10:13:42+00:00","breadcrumb":{"@id":"https://lemelville.fr/accueil/evenements/ingrid-friends/#breadcrumb"},"inLanguage":"fr-FR","potentialAction":[{"@type":"ReadAction","target":["https://lemelville.fr/accueil/evenements/ingrid-friends/"]}]},{"@type":"ImageObject","inLanguage":"fr-FR","@id":"https://lemelville.fr/accueil/evenements/ingrid-friends/#primaryimage","url":"https://lemelville.fr/wp-content/uploads/2023/09/ingrid.png","contentUrl":"https://lemelville.fr/wp-content/uploads/2023/09/ingrid.png","width":1529,"height":1081},{"@type":"BreadcrumbList","@id":"https://lemelville.fr/accueil/evenements/ingrid-friends/#breadcrumb","itemListElement":[{"@type":"ListItem","position":1,"name":"Accueil","item":"https://lemelville.fr/accueil/"},{"@type":"ListItem","position":2,"name":"Évènements","item":"https://lemelville.fr/accueil/evenements/"},{"@type":"ListItem","position":3,"name":"Ingrid &#038; Friends"}]},{"@type":"WebSite","@id":"https://lemelville.fr/accueil/#website","url":"https://lemelville.fr/accueil/","name":"Le Melville","description":"Le Melville c’est l’éclectisme dans les verres, les assiettes et dans les oreilles. Du Jazz, de la world Music, souvent en live, une carte élégante de mets à picorer et des cocktails sur mesure, le tout dans un écrin de bois et de velours.","publisher":{"@id":"https://lemelville.fr/accueil/#organization"},"potentialAction":[{"@type":"SearchAction","target":{"@type":"EntryPoint","urlTemplate":"https://lemelville.fr/accueil/?s={search_term_string}"},"query-input":{"@type":"PropertyValueSpecification","valueRequired":true,"valueName":"search_term_string"}}],"inLanguage":"fr-FR"},{"@type":"Organization","@id":"https://lemelville.fr/accueil/#organization","name":"Le Melville","url":"https://lemelville.fr/accueil/","logo":{"@type":"ImageObject","inLanguage":"fr-FR","@id":"https://lemelville.fr/accueil/#/schema/logo/image/","url":"https://lemelville.fr/wp-content/uploads/2023/09/Logo-transparent-1-e1720022580951.png","contentUrl":"https://lemelville.fr/wp-content/uploads/2023/09/Logo-transparent-1-e1720022580951.png","width":2000,"height":656,"caption":"Le Melville"},"image":{"@id":"https://lemelville.fr/accueil/#/schema/logo/image/"},"sameAs":["https://www.facebook.com/people/Le-Melville/100085390055277/","https://www.instagram.com/lemelville_paris/"]}]}</script>
<!-- / Yoast SEO Premium plugin. -->

Après de nombreuses années de lyrique, Ingrid se prends de passion pour le jazz un peu par hasard, en retraçant l’histoire de son idole, Amy Winehouse. Elle entame une formation&hellip; Poursuivre la lecture Ingrid &#038; Friends

Évènements

Le Melville c’est l’éclectisme dans les verres, les assiettes et dans les oreilles. Du Jazz, de la world Music, souvent en live, une carte élégante de mets à picorer et des cocktails sur mesure, le tout dans un écrin de bois et de velours.
