{"id":5465,"date":"2026-02-26T16:33:20","date_gmt":"2026-02-26T15:33:20","guid":{"rendered":"https:\/\/lemelville.fr\/accueil\/evenements\/benjamin-thiebault-trio\/"},"modified":"2026-02-26T16:33:20","modified_gmt":"2026-02-26T15:33:20","slug":"benjamin-thiebault-trio","status":"publish","type":"tribe_events","link":"https:\/\/lemelville.fr\/accueil\/evenements\/benjamin-thiebault-trio\/","title":{"rendered":"Benjamin Thiebault Trio"},"content":{"rendered":"<p>Originaire de Montpellier, Benjamin Thi\u00e9bault se produit dans le cadre de concerts et collaborations internationales. <\/p>\n<p>Sur sc\u00e8ne, le trio d\u00e9ploie une esth\u00e9tique de jeu empreinte de l\u2019influence classique et r\u00e9v\u00e8le un jazz m\u00e9lodieux et inventif, port\u00e9 par des influences venant des musiques cr\u00e9oles (Antilles, La R\u00e9union) et latines (Cuba, Br\u00e9sil).<\/p>\n<p>Benjamin Thiebault : piano<br \/>\nYoann Godefroy : contrebasse<br \/>\nValentin Jam : batterie<\/p>\n","protected":false},"excerpt":{"rendered":"<p>Originaire de Montpellier, Benjamin Thi\u00e9bault se produit dans le cadre de concerts et collaborations internationales. Sur sc\u00e8ne, le trio d\u00e9ploie une esth\u00e9tique de jeu empreinte de l\u2019influence classique et r\u00e9v\u00e8le&hellip; <a class=\"more-link\" href=\"https:\/\/lemelville.fr\/accueil\/evenements\/benjamin-thiebault-trio\/\">Poursuivre la lecture <span class=\"screen-reader-text\">Benjamin Thiebault Trio<\/span><\/a><\/p>\n","protected":false},"author":3,"featured_media":5464,"template":"","meta":{"_tribe_events_status":"","_tribe_events_status_reason":"","_tribe_events_is_hybrid":"","_tribe_events_is_virtual":"","_tribe_events_virtual_video_source":"","_tribe_events_virtual_embed_video":"","_tribe_events_virtual_linked_button_text":"","_tribe_events_virtual_linked_button":"","_tribe_events_virtual_show_embed_at":"","_tribe_events_virtual_show_embed_to":[],"_tribe_events_virtual_show_on_event":"","_tribe_events_virtual_show_on_views":"","_tribe_events_virtual_url":"","footnotes":""},"tags":[],"tribe_events_cat":[88,139],"class_list":["post-5465","tribe_events","type-tribe_events","status-publish","has-post-thumbnail","hentry","tribe_events_cat-jazz-standard","tribe_events_cat-latin-jazz","cat_jazz-standard","cat_latin-jazz","entry"],"yoast_head":"<!-- This site is optimized with the Yoast SEO Premium plugin v24.3 (Yoast SEO v27.1.1) - https:\/\/yoast.com\/product\/yoast-seo-premium-wordpress\/ -->\n<title>Benjamin Thiebault Trio - Le Melville<\/title>\n<meta name=\"robots\" content=\"index, follow, max-snippet:-1, max-image-preview:large, max-video-preview:-1\" \/>\n<link rel=\"canonical\" href=\"https:\/\/lemelville.fr\/accueil\/evenements\/benjamin-thiebault-trio\/\" \/>\n<meta property=\"og:locale\" content=\"fr_FR\" \/>\n<meta property=\"og:type\" content=\"article\" \/>\n<meta property=\"og:title\" content=\"Benjamin Thiebault Trio\" \/>\n<meta property=\"og:description\" content=\"Originaire de Montpellier, Benjamin Thi\u00e9bault se produit dans le cadre de concerts et collaborations internationales. Sur sc\u00e8ne, le trio d\u00e9ploie une esth\u00e9tique de jeu empreinte de l\u2019influence classique et r\u00e9v\u00e8le&hellip; Poursuivre la lecture Benjamin Thiebault Trio\" \/>\n<meta property=\"og:url\" content=\"https:\/\/lemelville.fr\/accueil\/evenements\/benjamin-thiebault-trio\/\" \/>\n<meta property=\"og:site_name\" content=\"Le Melville\" \/>\n<meta property=\"article:publisher\" content=\"https:\/\/www.facebook.com\/people\/Le-Melville\/100085390055277\/\" \/>\n<meta name=\"twitter:card\" content=\"summary_large_image\" \/>\n<script type=\"application\/ld+json\" class=\"yoast-schema-graph\">{\"@context\":\"https:\/\/schema.org\",\"@graph\":[{\"@type\":\"WebPage\",\"@id\":\"https:\/\/lemelville.fr\/accueil\/evenements\/benjamin-thiebault-trio\/\",\"url\":\"https:\/\/lemelville.fr\/accueil\/evenements\/benjamin-thiebault-trio\/\",\"name\":\"Benjamin Thiebault Trio - Le Melville\",\"isPartOf\":{\"@id\":\"https:\/\/lemelville.fr\/accueil\/#website\"},\"primaryImageOfPage\":{\"@id\":\"https:\/\/lemelville.fr\/accueil\/evenements\/benjamin-thiebault-trio\/#primaryimage\"},\"image\":{\"@id\":\"https:\/\/lemelville.fr\/accueil\/evenements\/benjamin-thiebault-trio\/#primaryimage\"},\"thumbnailUrl\":\"https:\/\/lemelville.fr\/wp-content\/uploads\/2026\/02\/Benjamin-Thiebault-Trio-NF-1.png\",\"datePublished\":\"2026-02-26T15:33:20+00:00\",\"breadcrumb\":{\"@id\":\"https:\/\/lemelville.fr\/accueil\/evenements\/benjamin-thiebault-trio\/#breadcrumb\"},\"inLanguage\":\"fr-FR\",\"potentialAction\":[{\"@type\":\"ReadAction\",\"target\":[\"https:\/\/lemelville.fr\/accueil\/evenements\/benjamin-thiebault-trio\/\"]}]},{\"@type\":\"ImageObject\",\"inLanguage\":\"fr-FR\",\"@id\":\"https:\/\/lemelville.fr\/accueil\/evenements\/benjamin-thiebault-trio\/#primaryimage\",\"url\":\"https:\/\/lemelville.fr\/wp-content\/uploads\/2026\/02\/Benjamin-Thiebault-Trio-NF-1.png\",\"contentUrl\":\"https:\/\/lemelville.fr\/wp-content\/uploads\/2026\/02\/Benjamin-Thiebault-Trio-NF-1.png\",\"width\":1280,\"height\":800},{\"@type\":\"BreadcrumbList\",\"@id\":\"https:\/\/lemelville.fr\/accueil\/evenements\/benjamin-thiebault-trio\/#breadcrumb\",\"itemListElement\":[{\"@type\":\"ListItem\",\"position\":1,\"name\":\"Accueil\",\"item\":\"https:\/\/lemelville.fr\/accueil\/\"},{\"@type\":\"ListItem\",\"position\":2,\"name\":\"\u00c9v\u00e8nements\",\"item\":\"https:\/\/lemelville.fr\/accueil\/evenements\/\"},{\"@type\":\"ListItem\",\"position\":3,\"name\":\"Benjamin Thiebault Trio\"}]},{\"@type\":\"WebSite\",\"@id\":\"https:\/\/lemelville.fr\/accueil\/#website\",\"url\":\"https:\/\/lemelville.fr\/accueil\/\",\"name\":\"Le Melville\",\"description\":\"Le Melville c\u2019est l\u2019\u00e9clectisme dans les verres, les assiettes et dans les oreilles. Du Jazz, de la world Music, souvent en live, une carte \u00e9l\u00e9gante de mets \u00e0 picorer et des cocktails sur mesure, le tout dans un \u00e9crin de bois et de velours.\",\"publisher\":{\"@id\":\"https:\/\/lemelville.fr\/accueil\/#organization\"},\"potentialAction\":[{\"@type\":\"SearchAction\",\"target\":{\"@type\":\"EntryPoint\",\"urlTemplate\":\"https:\/\/lemelville.fr\/accueil\/?s={search_term_string}\"},\"query-input\":{\"@type\":\"PropertyValueSpecification\",\"valueRequired\":true,\"valueName\":\"search_term_string\"}}],\"inLanguage\":\"fr-FR\"},{\"@type\":\"Organization\",\"@id\":\"https:\/\/lemelville.fr\/accueil\/#organization\",\"name\":\"Le Melville\",\"url\":\"https:\/\/lemelville.fr\/accueil\/\",\"logo\":{\"@type\":\"ImageObject\",\"inLanguage\":\"fr-FR\",\"@id\":\"https:\/\/lemelville.fr\/accueil\/#\/schema\/logo\/image\/\",\"url\":\"https:\/\/lemelville.fr\/wp-content\/uploads\/2023\/09\/Logo-transparent-1-e1720022580951.png\",\"contentUrl\":\"https:\/\/lemelville.fr\/wp-content\/uploads\/2023\/09\/Logo-transparent-1-e1720022580951.png\",\"width\":2000,\"height\":656,\"caption\":\"Le Melville\"},\"image\":{\"@id\":\"https:\/\/lemelville.fr\/accueil\/#\/schema\/logo\/image\/\"},\"sameAs\":[\"https:\/\/www.facebook.com\/people\/Le-Melville\/100085390055277\/\",\"https:\/\/www.instagram.com\/lemelville_paris\/\"]}]}<\/script>\n<!-- \/ Yoast SEO Premium plugin. -->","yoast_head_json":{"title":"Benjamin Thiebault Trio - Le Melville","robots":{"index":"index","follow":"follow","max-snippet":"max-snippet:-1","max-image-preview":"max-image-preview:large","max-video-preview":"max-video-preview:-1"},"canonical":"https:\/\/lemelville.fr\/accueil\/evenements\/benjamin-thiebault-trio\/","og_locale":"fr_FR","og_type":"article","og_title":"Benjamin Thiebault Trio","og_description":"Originaire de Montpellier, Benjamin Thi\u00e9bault se produit dans le cadre de concerts et collaborations internationales. Sur sc\u00e8ne, le trio d\u00e9ploie une esth\u00e9tique de jeu empreinte de l\u2019influence classique et r\u00e9v\u00e8le&hellip; Poursuivre la lecture Benjamin Thiebault Trio","og_url":"https:\/\/lemelville.fr\/accueil\/evenements\/benjamin-thiebault-trio\/","og_site_name":"Le Melville","article_publisher":"https:\/\/www.facebook.com\/people\/Le-Melville\/100085390055277\/","twitter_card":"summary_large_image","schema":{"@context":"https:\/\/schema.org","@graph":[{"@type":"WebPage","@id":"https:\/\/lemelville.fr\/accueil\/evenements\/benjamin-thiebault-trio\/","url":"https:\/\/lemelville.fr\/accueil\/evenements\/benjamin-thiebault-trio\/","name":"Benjamin Thiebault Trio - Le Melville","isPartOf":{"@id":"https:\/\/lemelville.fr\/accueil\/#website"},"primaryImageOfPage":{"@id":"https:\/\/lemelville.fr\/accueil\/evenements\/benjamin-thiebault-trio\/#primaryimage"},"image":{"@id":"https:\/\/lemelville.fr\/accueil\/evenements\/benjamin-thiebault-trio\/#primaryimage"},"thumbnailUrl":"https:\/\/lemelville.fr\/wp-content\/uploads\/2026\/02\/Benjamin-Thiebault-Trio-NF-1.png","datePublished":"2026-02-26T15:33:20+00:00","breadcrumb":{"@id":"https:\/\/lemelville.fr\/accueil\/evenements\/benjamin-thiebault-trio\/#breadcrumb"},"inLanguage":"fr-FR","potentialAction":[{"@type":"ReadAction","target":["https:\/\/lemelville.fr\/accueil\/evenements\/benjamin-thiebault-trio\/"]}]},{"@type":"ImageObject","inLanguage":"fr-FR","@id":"https:\/\/lemelville.fr\/accueil\/evenements\/benjamin-thiebault-trio\/#primaryimage","url":"https:\/\/lemelville.fr\/wp-content\/uploads\/2026\/02\/Benjamin-Thiebault-Trio-NF-1.png","contentUrl":"https:\/\/lemelville.fr\/wp-content\/uploads\/2026\/02\/Benjamin-Thiebault-Trio-NF-1.png","width":1280,"height":800},{"@type":"BreadcrumbList","@id":"https:\/\/lemelville.fr\/accueil\/evenements\/benjamin-thiebault-trio\/#breadcrumb","itemListElement":[{"@type":"ListItem","position":1,"name":"Accueil","item":"https:\/\/lemelville.fr\/accueil\/"},{"@type":"ListItem","position":2,"name":"\u00c9v\u00e8nements","item":"https:\/\/lemelville.fr\/accueil\/evenements\/"},{"@type":"ListItem","position":3,"name":"Benjamin Thiebault Trio"}]},{"@type":"WebSite","@id":"https:\/\/lemelville.fr\/accueil\/#website","url":"https:\/\/lemelville.fr\/accueil\/","name":"Le Melville","description":"Le Melville c\u2019est l\u2019\u00e9clectisme dans les verres, les assiettes et dans les oreilles. Du Jazz, de la world Music, souvent en live, une carte \u00e9l\u00e9gante de mets \u00e0 picorer et des cocktails sur mesure, le tout dans un \u00e9crin de bois et de velours.","publisher":{"@id":"https:\/\/lemelville.fr\/accueil\/#organization"},"potentialAction":[{"@type":"SearchAction","target":{"@type":"EntryPoint","urlTemplate":"https:\/\/lemelville.fr\/accueil\/?s={search_term_string}"},"query-input":{"@type":"PropertyValueSpecification","valueRequired":true,"valueName":"search_term_string"}}],"inLanguage":"fr-FR"},{"@type":"Organization","@id":"https:\/\/lemelville.fr\/accueil\/#organization","name":"Le Melville","url":"https:\/\/lemelville.fr\/accueil\/","logo":{"@type":"ImageObject","inLanguage":"fr-FR","@id":"https:\/\/lemelville.fr\/accueil\/#\/schema\/logo\/image\/","url":"https:\/\/lemelville.fr\/wp-content\/uploads\/2023\/09\/Logo-transparent-1-e1720022580951.png","contentUrl":"https:\/\/lemelville.fr\/wp-content\/uploads\/2023\/09\/Logo-transparent-1-e1720022580951.png","width":2000,"height":656,"caption":"Le Melville"},"image":{"@id":"https:\/\/lemelville.fr\/accueil\/#\/schema\/logo\/image\/"},"sameAs":["https:\/\/www.facebook.com\/people\/Le-Melville\/100085390055277\/","https:\/\/www.instagram.com\/lemelville_paris\/"]}]}},"_links":{"self":[{"href":"https:\/\/lemelville.fr\/accueil\/wp-json\/wp\/v2\/tribe_events\/5465","targetHints":{"allow":["GET"]}}],"collection":[{"href":"https:\/\/lemelville.fr\/accueil\/wp-json\/wp\/v2\/tribe_events"}],"about":[{"href":"https:\/\/lemelville.fr\/accueil\/wp-json\/wp\/v2\/types\/tribe_events"}],"author":[{"embeddable":true,"href":"https:\/\/lemelville.fr\/accueil\/wp-json\/wp\/v2\/users\/3"}],"version-history":[{"count":0,"href":"https:\/\/lemelville.fr\/accueil\/wp-json\/wp\/v2\/tribe_events\/5465\/revisions"}],"wp:featuredmedia":[{"embeddable":true,"href":"https:\/\/lemelville.fr\/accueil\/wp-json\/wp\/v2\/media\/5464"}],"wp:attachment":[{"href":"https:\/\/lemelville.fr\/accueil\/wp-json\/wp\/v2\/media?parent=5465"}],"wp:term":[{"taxonomy":"post_tag","embeddable":true,"href":"https:\/\/lemelville.fr\/accueil\/wp-json\/wp\/v2\/tags?post=5465"},{"taxonomy":"tribe_events_cat","embeddable":true,"href":"https:\/\/lemelville.fr\/accueil\/wp-json\/wp\/v2\/tribe_events_cat?post=5465"}],"curies":[{"name":"wp","href":"https:\/\/api.w.org\/{rel}","templated":true}]}}

<p>Originaire de Montpellier, Benjamin Thiébault se produit dans le cadre de concerts et collaborations internationales. </p>
<p>Sur scène, le trio déploie une esthétique de jeu empreinte de l’influence classique et révèle un jazz mélodieux et inventif, porté par des influences venant des musiques créoles (Antilles, La Réunion) et latines (Cuba, Brésil).</p>
<p>Benjamin Thiebault : piano<br />
Yoann Godefroy : contrebasse<br />
Valentin Jam : batterie</p>

<p>Originaire de Montpellier, Benjamin Thiébault se produit dans le cadre de concerts et collaborations internationales. Sur scène, le trio déploie une esthétique de jeu empreinte de l’influence classique et révèle&hellip; <a class="more-link" href="https://lemelville.fr/accueil/evenements/benjamin-thiebault-trio/">Poursuivre la lecture <span class="screen-reader-text">Benjamin Thiebault Trio</span></a></p>

<!-- This site is optimized with the Yoast SEO Premium plugin v24.3 (Yoast SEO v27.1.1) - https://yoast.com/product/yoast-seo-premium-wordpress/ -->
<title>Benjamin Thiebault Trio - Le Melville</title>
<meta name="robots" content="index, follow, max-snippet:-1, max-image-preview:large, max-video-preview:-1" />
<link rel="canonical" href="https://lemelville.fr/accueil/evenements/benjamin-thiebault-trio/" />
<meta property="og:locale" content="fr_FR" />
<meta property="og:type" content="article" />
<meta property="og:title" content="Benjamin Thiebault Trio" />
<meta property="og:description" content="Originaire de Montpellier, Benjamin Thiébault se produit dans le cadre de concerts et collaborations internationales. Sur scène, le trio déploie une esthétique de jeu empreinte de l’influence classique et révèle&hellip; Poursuivre la lecture Benjamin Thiebault Trio" />
<meta property="og:url" content="https://lemelville.fr/accueil/evenements/benjamin-thiebault-trio/" />
<meta property="og:site_name" content="Le Melville" />
<meta property="article:publisher" content="https://www.facebook.com/people/Le-Melville/100085390055277/" />
<meta name="twitter:card" content="summary_large_image" />
<script type="application/ld+json" class="yoast-schema-graph">{"@context":"https://schema.org","@graph":[{"@type":"WebPage","@id":"https://lemelville.fr/accueil/evenements/benjamin-thiebault-trio/","url":"https://lemelville.fr/accueil/evenements/benjamin-thiebault-trio/","name":"Benjamin Thiebault Trio - Le Melville","isPartOf":{"@id":"https://lemelville.fr/accueil/#website"},"primaryImageOfPage":{"@id":"https://lemelville.fr/accueil/evenements/benjamin-thiebault-trio/#primaryimage"},"image":{"@id":"https://lemelville.fr/accueil/evenements/benjamin-thiebault-trio/#primaryimage"},"thumbnailUrl":"https://lemelville.fr/wp-content/uploads/2026/02/Benjamin-Thiebault-Trio-NF-1.png","datePublished":"2026-02-26T15:33:20+00:00","breadcrumb":{"@id":"https://lemelville.fr/accueil/evenements/benjamin-thiebault-trio/#breadcrumb"},"inLanguage":"fr-FR","potentialAction":[{"@type":"ReadAction","target":["https://lemelville.fr/accueil/evenements/benjamin-thiebault-trio/"]}]},{"@type":"ImageObject","inLanguage":"fr-FR","@id":"https://lemelville.fr/accueil/evenements/benjamin-thiebault-trio/#primaryimage","url":"https://lemelville.fr/wp-content/uploads/2026/02/Benjamin-Thiebault-Trio-NF-1.png","contentUrl":"https://lemelville.fr/wp-content/uploads/2026/02/Benjamin-Thiebault-Trio-NF-1.png","width":1280,"height":800},{"@type":"BreadcrumbList","@id":"https://lemelville.fr/accueil/evenements/benjamin-thiebault-trio/#breadcrumb","itemListElement":[{"@type":"ListItem","position":1,"name":"Accueil","item":"https://lemelville.fr/accueil/"},{"@type":"ListItem","position":2,"name":"Évènements","item":"https://lemelville.fr/accueil/evenements/"},{"@type":"ListItem","position":3,"name":"Benjamin Thiebault Trio"}]},{"@type":"WebSite","@id":"https://lemelville.fr/accueil/#website","url":"https://lemelville.fr/accueil/","name":"Le Melville","description":"Le Melville c’est l’éclectisme dans les verres, les assiettes et dans les oreilles. Du Jazz, de la world Music, souvent en live, une carte élégante de mets à picorer et des cocktails sur mesure, le tout dans un écrin de bois et de velours.","publisher":{"@id":"https://lemelville.fr/accueil/#organization"},"potentialAction":[{"@type":"SearchAction","target":{"@type":"EntryPoint","urlTemplate":"https://lemelville.fr/accueil/?s={search_term_string}"},"query-input":{"@type":"PropertyValueSpecification","valueRequired":true,"valueName":"search_term_string"}}],"inLanguage":"fr-FR"},{"@type":"Organization","@id":"https://lemelville.fr/accueil/#organization","name":"Le Melville","url":"https://lemelville.fr/accueil/","logo":{"@type":"ImageObject","inLanguage":"fr-FR","@id":"https://lemelville.fr/accueil/#/schema/logo/image/","url":"https://lemelville.fr/wp-content/uploads/2023/09/Logo-transparent-1-e1720022580951.png","contentUrl":"https://lemelville.fr/wp-content/uploads/2023/09/Logo-transparent-1-e1720022580951.png","width":2000,"height":656,"caption":"Le Melville"},"image":{"@id":"https://lemelville.fr/accueil/#/schema/logo/image/"},"sameAs":["https://www.facebook.com/people/Le-Melville/100085390055277/","https://www.instagram.com/lemelville_paris/"]}]}</script>
<!-- / Yoast SEO Premium plugin. -->

Originaire de Montpellier, Benjamin Thiébault se produit dans le cadre de concerts et collaborations internationales. Sur scène, le trio déploie une esthétique de jeu empreinte de l’influence classique et révèle&hellip; Poursuivre la lecture Benjamin Thiebault Trio

Évènements

Le Melville c’est l’éclectisme dans les verres, les assiettes et dans les oreilles. Du Jazz, de la world Music, souvent en live, une carte élégante de mets à picorer et des cocktails sur mesure, le tout dans un écrin de bois et de velours.
