{"id":5874,"date":"2026-04-27T17:07:33","date_gmt":"2026-04-27T15:07:33","guid":{"rendered":"https:\/\/lemelville.fr\/accueil\/evenements\/alexis-valet-tony-tixier-4tet\/"},"modified":"2026-04-27T17:07:33","modified_gmt":"2026-04-27T15:07:33","slug":"alexis-valet-tony-tixier-4tet","status":"publish","type":"tribe_events","link":"https:\/\/lemelville.fr\/accueil\/evenements\/alexis-valet-tony-tixier-4tet\/","title":{"rendered":"Alexis Valet &#038; Tony Tixier 4tet"},"content":{"rendered":"<p>Alexis Valet et Simon Chivallon revisitent le Great American Songbook au Melville, sans batterie mais avec un swing enivrant. Accompagn\u00e9s de Cl\u00e9ment Daldosso \u00e0 la contrebasse, leur trio vibraphone-piano-contrebasse brille de mille feux. Une formation rare \u00e0 d\u00e9couvrir !<\/p>\n<p>Le quartet d\u2019Alexis Valet et Tony Tixier se retrouve sur la sc\u00e8ne du Melville le 29 avril pour une rencontre vibrante et \u00e9l\u00e9gante.<br \/>\nEntre standards revisit\u00e9s et compositions originales, le groupe explore un jazz moderne, libre et ancr\u00e9 dans la tradition.<br \/>\nAlexis Valet au vibraphone et Tony Tixier au piano dialoguent avec finesse et \u00e9nergie.<br \/>\nIls sont accompagn\u00e9s par la complicit\u00e9 et la profondeur de Damien Varaillon \u00e0 la contrebasse et St\u00e9phane Adsuar \u00e0 la batterie.<br \/>\nUne soir\u00e9e plac\u00e9e sous le signe de l\u2019\u00e9coute, du groove et de l\u2019improvisation.<\/p>\n<p>Alexis Valet : vibraphone<br \/>\nTony Tixier : piano<br \/>\nStephane Adsuar : batterie<br \/>\nDamien Varaillon : contrebasse<\/p>\n","protected":false},"excerpt":{"rendered":"<p>Alexis Valet et Simon Chivallon revisitent le Great American Songbook au Melville, sans batterie mais avec un swing enivrant. Accompagn\u00e9s de Cl\u00e9ment Daldosso \u00e0 la contrebasse, leur trio vibraphone-piano-contrebasse brille&hellip; <a class=\"more-link\" href=\"https:\/\/lemelville.fr\/accueil\/evenements\/alexis-valet-tony-tixier-4tet\/\">Poursuivre la lecture <span class=\"screen-reader-text\">Alexis Valet &#038; Tony Tixier 4tet<\/span><\/a><\/p>\n","protected":false},"author":3,"featured_media":5873,"template":"","meta":{"_tribe_events_status":"","_tribe_events_status_reason":"","_tribe_events_is_hybrid":"","_tribe_events_is_virtual":"","_tribe_events_virtual_video_source":"","_tribe_events_virtual_embed_video":"","_tribe_events_virtual_linked_button_text":"","_tribe_events_virtual_linked_button":"","_tribe_events_virtual_show_embed_at":"","_tribe_events_virtual_show_embed_to":[],"_tribe_events_virtual_show_on_event":"","_tribe_events_virtual_show_on_views":"","_tribe_events_virtual_url":"","footnotes":""},"tags":[],"tribe_events_cat":[88],"class_list":["post-5874","tribe_events","type-tribe_events","status-publish","has-post-thumbnail","hentry","tribe_events_cat-jazz-standard","cat_jazz-standard","entry"],"yoast_head":"<!-- This site is optimized with the Yoast SEO Premium plugin v24.3 (Yoast SEO v27.1.1) - https:\/\/yoast.com\/product\/yoast-seo-premium-wordpress\/ -->\n<title>Alexis Valet &amp; Tony Tixier 4tet - Le Melville<\/title>\n<meta name=\"robots\" content=\"index, follow, max-snippet:-1, max-image-preview:large, max-video-preview:-1\" \/>\n<link rel=\"canonical\" href=\"https:\/\/lemelville.fr\/accueil\/evenements\/alexis-valet-tony-tixier-4tet\/\" \/>\n<meta property=\"og:locale\" content=\"fr_FR\" \/>\n<meta property=\"og:type\" content=\"article\" \/>\n<meta property=\"og:title\" content=\"Alexis Valet &amp; Tony Tixier 4tet\" \/>\n<meta property=\"og:description\" content=\"Alexis Valet et Simon Chivallon revisitent le Great American Songbook au Melville, sans batterie mais avec un swing enivrant. Accompagn\u00e9s de Cl\u00e9ment Daldosso \u00e0 la contrebasse, leur trio vibraphone-piano-contrebasse brille&hellip; Poursuivre la lecture Alexis Valet &#038; Tony Tixier 4tet\" \/>\n<meta property=\"og:url\" content=\"https:\/\/lemelville.fr\/accueil\/evenements\/alexis-valet-tony-tixier-4tet\/\" \/>\n<meta property=\"og:site_name\" content=\"Le Melville\" \/>\n<meta property=\"article:publisher\" content=\"https:\/\/www.facebook.com\/people\/Le-Melville\/100085390055277\/\" \/>\n<meta name=\"twitter:card\" content=\"summary_large_image\" \/>\n<meta name=\"twitter:label1\" content=\"Dur\u00e9e de lecture estim\u00e9e\" \/>\n\t<meta name=\"twitter:data1\" content=\"1 minute\" \/>\n<script type=\"application\/ld+json\" class=\"yoast-schema-graph\">{\"@context\":\"https:\/\/schema.org\",\"@graph\":[{\"@type\":\"WebPage\",\"@id\":\"https:\/\/lemelville.fr\/accueil\/evenements\/alexis-valet-tony-tixier-4tet\/\",\"url\":\"https:\/\/lemelville.fr\/accueil\/evenements\/alexis-valet-tony-tixier-4tet\/\",\"name\":\"Alexis Valet & Tony Tixier 4tet - Le Melville\",\"isPartOf\":{\"@id\":\"https:\/\/lemelville.fr\/accueil\/#website\"},\"primaryImageOfPage\":{\"@id\":\"https:\/\/lemelville.fr\/accueil\/evenements\/alexis-valet-tony-tixier-4tet\/#primaryimage\"},\"image\":{\"@id\":\"https:\/\/lemelville.fr\/accueil\/evenements\/alexis-valet-tony-tixier-4tet\/#primaryimage\"},\"thumbnailUrl\":\"https:\/\/lemelville.fr\/wp-content\/uploads\/2026\/04\/Valet-Tixier-Affiche-NF-1.png\",\"datePublished\":\"2026-04-27T15:07:33+00:00\",\"breadcrumb\":{\"@id\":\"https:\/\/lemelville.fr\/accueil\/evenements\/alexis-valet-tony-tixier-4tet\/#breadcrumb\"},\"inLanguage\":\"fr-FR\",\"potentialAction\":[{\"@type\":\"ReadAction\",\"target\":[\"https:\/\/lemelville.fr\/accueil\/evenements\/alexis-valet-tony-tixier-4tet\/\"]}]},{\"@type\":\"ImageObject\",\"inLanguage\":\"fr-FR\",\"@id\":\"https:\/\/lemelville.fr\/accueil\/evenements\/alexis-valet-tony-tixier-4tet\/#primaryimage\",\"url\":\"https:\/\/lemelville.fr\/wp-content\/uploads\/2026\/04\/Valet-Tixier-Affiche-NF-1.png\",\"contentUrl\":\"https:\/\/lemelville.fr\/wp-content\/uploads\/2026\/04\/Valet-Tixier-Affiche-NF-1.png\",\"width\":1280,\"height\":800},{\"@type\":\"BreadcrumbList\",\"@id\":\"https:\/\/lemelville.fr\/accueil\/evenements\/alexis-valet-tony-tixier-4tet\/#breadcrumb\",\"itemListElement\":[{\"@type\":\"ListItem\",\"position\":1,\"name\":\"Accueil\",\"item\":\"https:\/\/lemelville.fr\/accueil\/\"},{\"@type\":\"ListItem\",\"position\":2,\"name\":\"\u00c9v\u00e8nements\",\"item\":\"https:\/\/lemelville.fr\/accueil\/evenements\/\"},{\"@type\":\"ListItem\",\"position\":3,\"name\":\"Alexis Valet &#038; Tony Tixier 4tet\"}]},{\"@type\":\"WebSite\",\"@id\":\"https:\/\/lemelville.fr\/accueil\/#website\",\"url\":\"https:\/\/lemelville.fr\/accueil\/\",\"name\":\"Le Melville\",\"description\":\"Le Melville c\u2019est l\u2019\u00e9clectisme dans les verres, les assiettes et dans les oreilles. Du Jazz, de la world Music, souvent en live, une carte \u00e9l\u00e9gante de mets \u00e0 picorer et des cocktails sur mesure, le tout dans un \u00e9crin de bois et de velours.\",\"publisher\":{\"@id\":\"https:\/\/lemelville.fr\/accueil\/#organization\"},\"potentialAction\":[{\"@type\":\"SearchAction\",\"target\":{\"@type\":\"EntryPoint\",\"urlTemplate\":\"https:\/\/lemelville.fr\/accueil\/?s={search_term_string}\"},\"query-input\":{\"@type\":\"PropertyValueSpecification\",\"valueRequired\":true,\"valueName\":\"search_term_string\"}}],\"inLanguage\":\"fr-FR\"},{\"@type\":\"Organization\",\"@id\":\"https:\/\/lemelville.fr\/accueil\/#organization\",\"name\":\"Le Melville\",\"url\":\"https:\/\/lemelville.fr\/accueil\/\",\"logo\":{\"@type\":\"ImageObject\",\"inLanguage\":\"fr-FR\",\"@id\":\"https:\/\/lemelville.fr\/accueil\/#\/schema\/logo\/image\/\",\"url\":\"https:\/\/lemelville.fr\/wp-content\/uploads\/2023\/09\/Logo-transparent-1-e1720022580951.png\",\"contentUrl\":\"https:\/\/lemelville.fr\/wp-content\/uploads\/2023\/09\/Logo-transparent-1-e1720022580951.png\",\"width\":2000,\"height\":656,\"caption\":\"Le Melville\"},\"image\":{\"@id\":\"https:\/\/lemelville.fr\/accueil\/#\/schema\/logo\/image\/\"},\"sameAs\":[\"https:\/\/www.facebook.com\/people\/Le-Melville\/100085390055277\/\",\"https:\/\/www.instagram.com\/lemelville_paris\/\"]}]}<\/script>\n<!-- \/ Yoast SEO Premium plugin. -->","yoast_head_json":{"title":"Alexis Valet & Tony Tixier 4tet - Le Melville","robots":{"index":"index","follow":"follow","max-snippet":"max-snippet:-1","max-image-preview":"max-image-preview:large","max-video-preview":"max-video-preview:-1"},"canonical":"https:\/\/lemelville.fr\/accueil\/evenements\/alexis-valet-tony-tixier-4tet\/","og_locale":"fr_FR","og_type":"article","og_title":"Alexis Valet & Tony Tixier 4tet","og_description":"Alexis Valet et Simon Chivallon revisitent le Great American Songbook au Melville, sans batterie mais avec un swing enivrant. Accompagn\u00e9s de Cl\u00e9ment Daldosso \u00e0 la contrebasse, leur trio vibraphone-piano-contrebasse brille&hellip; Poursuivre la lecture Alexis Valet &#038; Tony Tixier 4tet","og_url":"https:\/\/lemelville.fr\/accueil\/evenements\/alexis-valet-tony-tixier-4tet\/","og_site_name":"Le Melville","article_publisher":"https:\/\/www.facebook.com\/people\/Le-Melville\/100085390055277\/","twitter_card":"summary_large_image","twitter_misc":{"Dur\u00e9e de lecture estim\u00e9e":"1 minute"},"schema":{"@context":"https:\/\/schema.org","@graph":[{"@type":"WebPage","@id":"https:\/\/lemelville.fr\/accueil\/evenements\/alexis-valet-tony-tixier-4tet\/","url":"https:\/\/lemelville.fr\/accueil\/evenements\/alexis-valet-tony-tixier-4tet\/","name":"Alexis Valet & Tony Tixier 4tet - Le Melville","isPartOf":{"@id":"https:\/\/lemelville.fr\/accueil\/#website"},"primaryImageOfPage":{"@id":"https:\/\/lemelville.fr\/accueil\/evenements\/alexis-valet-tony-tixier-4tet\/#primaryimage"},"image":{"@id":"https:\/\/lemelville.fr\/accueil\/evenements\/alexis-valet-tony-tixier-4tet\/#primaryimage"},"thumbnailUrl":"https:\/\/lemelville.fr\/wp-content\/uploads\/2026\/04\/Valet-Tixier-Affiche-NF-1.png","datePublished":"2026-04-27T15:07:33+00:00","breadcrumb":{"@id":"https:\/\/lemelville.fr\/accueil\/evenements\/alexis-valet-tony-tixier-4tet\/#breadcrumb"},"inLanguage":"fr-FR","potentialAction":[{"@type":"ReadAction","target":["https:\/\/lemelville.fr\/accueil\/evenements\/alexis-valet-tony-tixier-4tet\/"]}]},{"@type":"ImageObject","inLanguage":"fr-FR","@id":"https:\/\/lemelville.fr\/accueil\/evenements\/alexis-valet-tony-tixier-4tet\/#primaryimage","url":"https:\/\/lemelville.fr\/wp-content\/uploads\/2026\/04\/Valet-Tixier-Affiche-NF-1.png","contentUrl":"https:\/\/lemelville.fr\/wp-content\/uploads\/2026\/04\/Valet-Tixier-Affiche-NF-1.png","width":1280,"height":800},{"@type":"BreadcrumbList","@id":"https:\/\/lemelville.fr\/accueil\/evenements\/alexis-valet-tony-tixier-4tet\/#breadcrumb","itemListElement":[{"@type":"ListItem","position":1,"name":"Accueil","item":"https:\/\/lemelville.fr\/accueil\/"},{"@type":"ListItem","position":2,"name":"\u00c9v\u00e8nements","item":"https:\/\/lemelville.fr\/accueil\/evenements\/"},{"@type":"ListItem","position":3,"name":"Alexis Valet &#038; Tony Tixier 4tet"}]},{"@type":"WebSite","@id":"https:\/\/lemelville.fr\/accueil\/#website","url":"https:\/\/lemelville.fr\/accueil\/","name":"Le Melville","description":"Le Melville c\u2019est l\u2019\u00e9clectisme dans les verres, les assiettes et dans les oreilles. Du Jazz, de la world Music, souvent en live, une carte \u00e9l\u00e9gante de mets \u00e0 picorer et des cocktails sur mesure, le tout dans un \u00e9crin de bois et de velours.","publisher":{"@id":"https:\/\/lemelville.fr\/accueil\/#organization"},"potentialAction":[{"@type":"SearchAction","target":{"@type":"EntryPoint","urlTemplate":"https:\/\/lemelville.fr\/accueil\/?s={search_term_string}"},"query-input":{"@type":"PropertyValueSpecification","valueRequired":true,"valueName":"search_term_string"}}],"inLanguage":"fr-FR"},{"@type":"Organization","@id":"https:\/\/lemelville.fr\/accueil\/#organization","name":"Le Melville","url":"https:\/\/lemelville.fr\/accueil\/","logo":{"@type":"ImageObject","inLanguage":"fr-FR","@id":"https:\/\/lemelville.fr\/accueil\/#\/schema\/logo\/image\/","url":"https:\/\/lemelville.fr\/wp-content\/uploads\/2023\/09\/Logo-transparent-1-e1720022580951.png","contentUrl":"https:\/\/lemelville.fr\/wp-content\/uploads\/2023\/09\/Logo-transparent-1-e1720022580951.png","width":2000,"height":656,"caption":"Le Melville"},"image":{"@id":"https:\/\/lemelville.fr\/accueil\/#\/schema\/logo\/image\/"},"sameAs":["https:\/\/www.facebook.com\/people\/Le-Melville\/100085390055277\/","https:\/\/www.instagram.com\/lemelville_paris\/"]}]}},"_links":{"self":[{"href":"https:\/\/lemelville.fr\/accueil\/wp-json\/wp\/v2\/tribe_events\/5874","targetHints":{"allow":["GET"]}}],"collection":[{"href":"https:\/\/lemelville.fr\/accueil\/wp-json\/wp\/v2\/tribe_events"}],"about":[{"href":"https:\/\/lemelville.fr\/accueil\/wp-json\/wp\/v2\/types\/tribe_events"}],"author":[{"embeddable":true,"href":"https:\/\/lemelville.fr\/accueil\/wp-json\/wp\/v2\/users\/3"}],"version-history":[{"count":0,"href":"https:\/\/lemelville.fr\/accueil\/wp-json\/wp\/v2\/tribe_events\/5874\/revisions"}],"wp:featuredmedia":[{"embeddable":true,"href":"https:\/\/lemelville.fr\/accueil\/wp-json\/wp\/v2\/media\/5873"}],"wp:attachment":[{"href":"https:\/\/lemelville.fr\/accueil\/wp-json\/wp\/v2\/media?parent=5874"}],"wp:term":[{"taxonomy":"post_tag","embeddable":true,"href":"https:\/\/lemelville.fr\/accueil\/wp-json\/wp\/v2\/tags?post=5874"},{"taxonomy":"tribe_events_cat","embeddable":true,"href":"https:\/\/lemelville.fr\/accueil\/wp-json\/wp\/v2\/tribe_events_cat?post=5874"}],"curies":[{"name":"wp","href":"https:\/\/api.w.org\/{rel}","templated":true}]}}

<p>Alexis Valet et Simon Chivallon revisitent le Great American Songbook au Melville, sans batterie mais avec un swing enivrant. Accompagnés de Clément Daldosso à la contrebasse, leur trio vibraphone-piano-contrebasse brille de mille feux. Une formation rare à découvrir !</p>
<p>Le quartet d’Alexis Valet et Tony Tixier se retrouve sur la scène du Melville le 29 avril pour une rencontre vibrante et élégante.<br />
Entre standards revisités et compositions originales, le groupe explore un jazz moderne, libre et ancré dans la tradition.<br />
Alexis Valet au vibraphone et Tony Tixier au piano dialoguent avec finesse et énergie.<br />
Ils sont accompagnés par la complicité et la profondeur de Damien Varaillon à la contrebasse et Stéphane Adsuar à la batterie.<br />
Une soirée placée sous le signe de l’écoute, du groove et de l’improvisation.</p>
<p>Alexis Valet : vibraphone<br />
Tony Tixier : piano<br />
Stephane Adsuar : batterie<br />
Damien Varaillon : contrebasse</p>

<p>Alexis Valet et Simon Chivallon revisitent le Great American Songbook au Melville, sans batterie mais avec un swing enivrant. Accompagnés de Clément Daldosso à la contrebasse, leur trio vibraphone-piano-contrebasse brille&hellip; <a class="more-link" href="https://lemelville.fr/accueil/evenements/alexis-valet-tony-tixier-4tet/">Poursuivre la lecture <span class="screen-reader-text">Alexis Valet &#038; Tony Tixier 4tet</span></a></p>

<!-- This site is optimized with the Yoast SEO Premium plugin v24.3 (Yoast SEO v27.1.1) - https://yoast.com/product/yoast-seo-premium-wordpress/ -->
<title>Alexis Valet &amp; Tony Tixier 4tet - Le Melville</title>
<meta name="robots" content="index, follow, max-snippet:-1, max-image-preview:large, max-video-preview:-1" />
<link rel="canonical" href="https://lemelville.fr/accueil/evenements/alexis-valet-tony-tixier-4tet/" />
<meta property="og:locale" content="fr_FR" />
<meta property="og:type" content="article" />
<meta property="og:title" content="Alexis Valet &amp; Tony Tixier 4tet" />
<meta property="og:description" content="Alexis Valet et Simon Chivallon revisitent le Great American Songbook au Melville, sans batterie mais avec un swing enivrant. Accompagnés de Clément Daldosso à la contrebasse, leur trio vibraphone-piano-contrebasse brille&hellip; Poursuivre la lecture Alexis Valet &#038; Tony Tixier 4tet" />
<meta property="og:url" content="https://lemelville.fr/accueil/evenements/alexis-valet-tony-tixier-4tet/" />
<meta property="og:site_name" content="Le Melville" />
<meta property="article:publisher" content="https://www.facebook.com/people/Le-Melville/100085390055277/" />
<meta name="twitter:card" content="summary_large_image" />
<meta name="twitter:label1" content="Durée de lecture estimée" />
	<meta name="twitter:data1" content="1 minute" />
<script type="application/ld+json" class="yoast-schema-graph">{"@context":"https://schema.org","@graph":[{"@type":"WebPage","@id":"https://lemelville.fr/accueil/evenements/alexis-valet-tony-tixier-4tet/","url":"https://lemelville.fr/accueil/evenements/alexis-valet-tony-tixier-4tet/","name":"Alexis Valet & Tony Tixier 4tet - Le Melville","isPartOf":{"@id":"https://lemelville.fr/accueil/#website"},"primaryImageOfPage":{"@id":"https://lemelville.fr/accueil/evenements/alexis-valet-tony-tixier-4tet/#primaryimage"},"image":{"@id":"https://lemelville.fr/accueil/evenements/alexis-valet-tony-tixier-4tet/#primaryimage"},"thumbnailUrl":"https://lemelville.fr/wp-content/uploads/2026/04/Valet-Tixier-Affiche-NF-1.png","datePublished":"2026-04-27T15:07:33+00:00","breadcrumb":{"@id":"https://lemelville.fr/accueil/evenements/alexis-valet-tony-tixier-4tet/#breadcrumb"},"inLanguage":"fr-FR","potentialAction":[{"@type":"ReadAction","target":["https://lemelville.fr/accueil/evenements/alexis-valet-tony-tixier-4tet/"]}]},{"@type":"ImageObject","inLanguage":"fr-FR","@id":"https://lemelville.fr/accueil/evenements/alexis-valet-tony-tixier-4tet/#primaryimage","url":"https://lemelville.fr/wp-content/uploads/2026/04/Valet-Tixier-Affiche-NF-1.png","contentUrl":"https://lemelville.fr/wp-content/uploads/2026/04/Valet-Tixier-Affiche-NF-1.png","width":1280,"height":800},{"@type":"BreadcrumbList","@id":"https://lemelville.fr/accueil/evenements/alexis-valet-tony-tixier-4tet/#breadcrumb","itemListElement":[{"@type":"ListItem","position":1,"name":"Accueil","item":"https://lemelville.fr/accueil/"},{"@type":"ListItem","position":2,"name":"Évènements","item":"https://lemelville.fr/accueil/evenements/"},{"@type":"ListItem","position":3,"name":"Alexis Valet &#038; Tony Tixier 4tet"}]},{"@type":"WebSite","@id":"https://lemelville.fr/accueil/#website","url":"https://lemelville.fr/accueil/","name":"Le Melville","description":"Le Melville c’est l’éclectisme dans les verres, les assiettes et dans les oreilles. Du Jazz, de la world Music, souvent en live, une carte élégante de mets à picorer et des cocktails sur mesure, le tout dans un écrin de bois et de velours.","publisher":{"@id":"https://lemelville.fr/accueil/#organization"},"potentialAction":[{"@type":"SearchAction","target":{"@type":"EntryPoint","urlTemplate":"https://lemelville.fr/accueil/?s={search_term_string}"},"query-input":{"@type":"PropertyValueSpecification","valueRequired":true,"valueName":"search_term_string"}}],"inLanguage":"fr-FR"},{"@type":"Organization","@id":"https://lemelville.fr/accueil/#organization","name":"Le Melville","url":"https://lemelville.fr/accueil/","logo":{"@type":"ImageObject","inLanguage":"fr-FR","@id":"https://lemelville.fr/accueil/#/schema/logo/image/","url":"https://lemelville.fr/wp-content/uploads/2023/09/Logo-transparent-1-e1720022580951.png","contentUrl":"https://lemelville.fr/wp-content/uploads/2023/09/Logo-transparent-1-e1720022580951.png","width":2000,"height":656,"caption":"Le Melville"},"image":{"@id":"https://lemelville.fr/accueil/#/schema/logo/image/"},"sameAs":["https://www.facebook.com/people/Le-Melville/100085390055277/","https://www.instagram.com/lemelville_paris/"]}]}</script>
<!-- / Yoast SEO Premium plugin. -->

Alexis Valet et Simon Chivallon revisitent le Great American Songbook au Melville, sans batterie mais avec un swing enivrant. Accompagnés de Clément Daldosso à la contrebasse, leur trio vibraphone-piano-contrebasse brille&hellip; Poursuivre la lecture Alexis Valet &#038; Tony Tixier 4tet

Évènements

Le Melville c’est l’éclectisme dans les verres, les assiettes et dans les oreilles. Du Jazz, de la world Music, souvent en live, une carte élégante de mets à picorer et des cocktails sur mesure, le tout dans un écrin de bois et de velours.
